NOAA-Style Climate Reports

Select a Year or Month report
2018: Jan Feb Mar Apr May Jun Jul Aug Sep Oct Nov Dec
2017: Jan Feb Mar Apr May Jun Jul Aug Sep Oct Nov Dec
2016: Jan Feb Mar Apr May Jun Jul Aug Sep Oct Nov Dec
2015: Jan Feb Mar Apr May Jun Jul Aug Sep Oct Nov Dec
2014: Jan Feb Mar Apr May Jun Jul Aug Sep Oct Nov Dec
2013: Jan Feb Mar Apr May Jun Jul Aug Sep Oct Nov Dec
2012: Jan Feb Mar Apr May Jun Jul Aug Sep Oct Nov Dec
2011: Jan Feb Mar Apr May Jun Jul Aug Sep Oct Nov Dec
2010: Jan Feb Mar Apr May Jun Jul Aug Sep Oct Nov Dec
2009: Jan Feb Mar Apr May Jun Jul Aug Sep Oct Nov Dec
2008: Jan Feb Mar Apr May Jun Jul Aug Sep Oct Nov Dec
2007: Jan Feb Mar Apr May Jun Jul Aug Sep Oct Nov Dec
2006: Jan Feb Mar Apr May Jun Jul Aug Sep Oct Nov Dec
2005: Jan Feb Mar Apr May Jun Jul Aug Sep Oct Nov Dec
2004: Jan Feb Mar Apr May Jun Jul Aug Sep Oct Nov Dec

Report for 2016 June

Daily NOAA report



                            MONTHLY CLIMATOLOGICAL SUMMARY for JUN. 2016

NAME: De Pere Weather   CITY: De Pere STATE: Wisconsin
ELEV: 512 LAT: 044:26:02 LONG: 0088:03:01

                            TEMPERATURE ( °F), RAIN (in.), WIND SPEED (mph)

                                               HEAT     COOL           AVG
      MEAN                                     DEG      DEG            WIND                       DOM
DAY   TEMP    HIGH   TIME     LOW    TIME      DAYS     DAYS    RAIN   SPEED    HIGH    TIME      DIR
--------------------------------------------------------------------------------------------------------
01    67.2   080.8   16:10    58.3   03:06     00.0     02.3   00.47   02.9     12.7    17:49      S 
02    65.0   075.6   15:11    55.0   05:35     00.0     00.1   00.00   03.4     12.7    12:17     WSW
03    64.8   081.3   15:19    48.7   05:43     00.1     00.0   00.13   02.2     12.7    18:09      SE
04    63.9   074.7   16:07    55.0   05:29     01.1     00.0   00.09   01.5     11.5    17:41      E 
05    63.8   077.9   16:39    55.4   00:00     01.1     00.0   00.08   04.5     25.3    18:04      W 
06    60.7   074.7   13:56    53.2   02:18     04.3     00.0   00.23   03.6     16.1    15:04      W 
07    56.8   066.4   16:22    48.4   23:02     08.2     00.0   00.00   03.6     14.9    10:49      NW
08    57.8   070.9   16:32    43.5   05:44     07.1     00.0   00.00   02.4     10.3    13:33      W 
09    65.3   081.5   15:48    52.2   03:28     00.0     00.4   00.00   01.9     08.1    17:51     SSE
10    70.5   087.3   17:53    55.8   02:38     00.0     05.5   01.43   03.3     25.3    20:20      SE
11    77.5   092.8   16:29    62.1   00:00     00.0     12.6   00.00   03.5     14.9    14:16     WSW
12    64.2   075.0   15:29    49.5   05:36     00.7     00.0   00.00   02.1     13.8    10:40      NE
13    60.5   072.7   16:30    52.2   08:35     04.4     00.0   00.17   01.6     08.1    20:24      E 
14    66.5   077.0   16:07    56.5   03:53     00.0     01.6   00.00   02.5     13.8    17:19      E 
15    67.7   081.9   15:54    61.3   03:55     00.0     02.7   00.59   02.1     14.9    03:52     ENE
16    61.7   070.2   16:19    56.1   00:00     03.2     00.0   00.01   03.6     16.1    14:08     NNW
17    72.5   087.8   16:20    52.7   05:21     00.0     07.5   00.01   01.0     05.8    16:48     SSW
18    75.5   088.2   12:44    59.0   05:43     00.0     10.5   00.00   01.9     10.3    17:24      S 
19    78.0   090.1   15:25    64.0   05:24     00.0     13.1   00.00   03.8     16.1    17:42      S 
20    78.2   085.3   13:41    64.8   00:00     00.0     13.3   00.00   05.8     17.3    16:23     WSW
21    70.5   081.9   15:51    56.1   06:00     00.0     05.6   00.00   03.8     18.4    15:14     WSW
22    68.0   079.5   15:06    55.0   05:41     00.0     03.1   00.00   03.2     10.3    17:05      E 
23    66.8   079.3   13:27    56.7   00:00     00.0     01.8   00.18   04.3     11.5    13:03     NNE
24    70.3   085.5   14:16    51.1   05:48     00.0     05.4   00.00   04.2     10.3    15:15      SE
25    76.8   090.7   14:41    63.0   04:15     00.0     11.9   00.00   05.6     17.3    19:48     SSE
26    77.8   088.9   16:17    67.6   07:29     00.0     12.8   00.74   04.8     18.4    16:25      SW
27    70.3   079.0   13:29    60.1   00:00     00.0     05.4   00.00   05.8     20.7    13:22      W 
28    65.3   077.2   16:21    54.3   00:00     00.0     00.4   00.63   03.9     18.4    09:34     NNW
29    65.8   080.8   15:21    48.7   05:44     00.0     00.9   00.00   02.2     13.8    18:08     SSE
30    66.0   079.9   13:45    56.1   04:12     00.0     01.1   00.19   02.1     13.8    13:32     SSW
--------------------------------------------------------------------------------------------------------
67.9 (68.1)   92.8  day 11     43.5  day 08   030.2    118.0   04.31   03.2     25.3   day 24      SW
Max >=  86: 7
Min  .008in) 11 (> .08in) 1 (> 0.8in)