NOAA-Style Climate Reports

Select a Year or Month report
2020: Jan Feb Mar Apr May Jun Jul Aug Sep Oct Nov Dec
2019: Jan Feb Mar Apr May Jun Jul Aug Sep Oct Nov Dec
2018: Jan Feb Mar Apr May Jun Jul Aug Sep Oct Nov Dec
2017: Jan Feb Mar Apr May Jun Jul Aug Sep Oct Nov Dec
2016: Jan Feb Mar Apr May Jun Jul Aug Sep Oct Nov Dec
2015: Jan Feb Mar Apr May Jun Jul Aug Sep Oct Nov Dec
2014: Jan Feb Mar Apr May Jun Jul Aug Sep Oct Nov Dec
2013: Jan Feb Mar Apr May Jun Jul Aug Sep Oct Nov Dec
2012: Jan Feb Mar Apr May Jun Jul Aug Sep Oct Nov Dec
2011: Jan Feb Mar Apr May Jun Jul Aug Sep Oct Nov Dec
2010: Jan Feb Mar Apr May Jun Jul Aug Sep Oct Nov Dec
2009: Jan Feb Mar Apr May Jun Jul Aug Sep Oct Nov Dec
2008: Jan Feb Mar Apr May Jun Jul Aug Sep Oct Nov Dec
2007: Jan Feb Mar Apr May Jun Jul Aug Sep Oct Nov Dec
2006: Jan Feb Mar Apr May Jun Jul Aug Sep Oct Nov Dec
2005: Jan Feb Mar Apr May Jun Jul Aug Sep Oct Nov Dec
2004: Jan Feb Mar Apr May Jun Jul Aug Sep Oct Nov Dec

Report for 2017 January


Daily NOAA report







                            MONTHLY CLIMATOLOGICAL SUMMARY for JAN. 2017



NAME:    CITY:  STATE: 

ELEV:  LAT:  LONG: 



                            TEMPERATURE ( °F), RAIN (in.), WIND SPEED (mph)



                                               HEAT     COOL           AVG

      MEAN                                     DEG      DEG            WIND                       DOM

DAY   TEMP    HIGH   TIME     LOW    TIME      DAYS     DAYS    RAIN   SPEED    HIGH    TIME      DIR

--------------------------------------------------------------------------------------------------------

01    25.8   033.4   14:21    19.8   07:32     39.1     00.0   00.00   03.3     12.7    09:39     SSW

02    31.5   040.2   10:53    24.1   04:17     33.4     00.0   00.00   02.2     09.2    14:15     ENE

03    30.3   036.1   12:57    11.2   00:00     34.6     00.0   00.01   04.7     24.1    23:30      W 

04    04.1   011.1   00:03   -02.9   00:00     60.8     00.0   00.00   08.8     21.9    06:46     WSW

05   -02.9   002.7   14:47   -06.5   08:07     67.8     00.0   00.00   06.1     17.3    14:09     WSW

06   -01.1   005.1   14:40   -05.8   00:42     66.0     00.0   00.00   04.3     11.5    15:38     WSW

07    02.0   009.6   15:41   -05.0   04:38     62.9     00.0   00.00   05.3     16.1    14:51     WSW

08    07.0   015.9   00:00   -02.5   07:16     57.9     00.0   00.00   03.4     12.7    00:41      S 

09    20.8   027.5   00:00    15.3   02:58     44.1     00.0   00.00   03.4     14.9    01:48      SE

10    30.4   037.7   14:06    14.1   00:00     34.6     00.0   01.05   06.6     28.8    20:58     SSW

11    15.5   022.5   12:57    11.4   03:21     49.5     00.0   00.00   04.8     21.9    00:01      W 

12    14.4   019.8   14:54    08.3   00:00     50.5     00.0   00.00   04.5     14.9    19:53      W 

13    05.3   009.5   00:00   -00.6   08:07     59.7     00.0   00.00   02.4     11.5    04:00      W 

14    14.1   024.1   15:18    07.6   07:44     50.9     00.0   00.00   02.2     11.5    13:20     SSE

15    14.3   025.1   13:27    03.7   07:42     50.7     00.0   00.00   02.4     09.2    15:31     ESE

16    26.7   035.5   13:07    15.0   01:22     38.3     00.0   00.29   01.8     05.8    05:48      E 

17    33.0   034.2   15:12    31.6   04:52     32.0     00.0   00.19   03.0     11.5    11:38     NNW

18    33.1   036.2   14:12    31.2   05:52     31.8     00.0   00.00   05.7     19.6    14:46     SSW

19    32.8   035.7   13:41    31.1   01:00     32.2     00.0   00.00   02.6     12.7    04:18      S 

20    33.7   036.2   15:44    31.7   00:23     31.3     00.0   00.16   01.2     05.8    13:58      NE

21    36.6   039.0   14:55    33.8   00:49     28.4     00.0   00.03   01.3     05.8    05:38     ENE

22    37.5   040.5   14:38    35.7   00:00     27.4     00.0   00.01   01.1     06.9    14:06     SSW

23    36.6   040.2   14:59    34.7   00:00     28.3     00.0   00.00   00.9     04.6    12:59      W 

24    36.7   042.4   11:51    34.2   05:29     28.2     00.0   00.00   01.3     09.2    10:14     WSW

25    33.2   035.7   00:05    30.8   00:00     31.8     00.0   00.31   03.4     13.8    23:26      N 

26    31.9   037.5   11:48    29.5   05:52     33.0     00.0   00.05   06.0     16.1    12:35      W 

27    27.3   030.0   15:35    22.7   00:00     37.6     00.0   00.00   06.1     17.3    17:38     WSW

28    26.1   030.7   13:13    20.2   03:01     38.8     00.0   00.00   04.2     16.1    13:24      W 

29    23.3   025.9   00:25    16.9   00:00     41.6     00.0   00.00   05.1     16.1    20:24      W 

30    16.8   025.9   23:27    07.3   07:03     48.1     00.0   00.00   02.9     12.7    00:16     SSE

31    25.4   030.1   14:40    20.2   07:43     39.6     00.0   00.00   03.2     13.8    14:05     WSW

--------------------------------------------------------------------------------------------------------

22.7 (22.5)   42.4  day 24    -06.5  day 05   1311.0    000.0   02.10   03.7     28.8   day 10     WSW

Max