NOAA-Style Climate Reports

Select a Year or Month report
2020: Jan Feb Mar Apr May Jun Jul Aug Sep Oct Nov Dec
2019: Jan Feb Mar Apr May Jun Jul Aug Sep Oct Nov Dec
2018: Jan Feb Mar Apr May Jun Jul Aug Sep Oct Nov Dec
2017: Jan Feb Mar Apr May Jun Jul Aug Sep Oct Nov Dec
2016: Jan Feb Mar Apr May Jun Jul Aug Sep Oct Nov Dec
2015: Jan Feb Mar Apr May Jun Jul Aug Sep Oct Nov Dec
2014: Jan Feb Mar Apr May Jun Jul Aug Sep Oct Nov Dec
2013: Jan Feb Mar Apr May Jun Jul Aug Sep Oct Nov Dec
2012: Jan Feb Mar Apr May Jun Jul Aug Sep Oct Nov Dec
2011: Jan Feb Mar Apr May Jun Jul Aug Sep Oct Nov Dec
2010: Jan Feb Mar Apr May Jun Jul Aug Sep Oct Nov Dec
2009: Jan Feb Mar Apr May Jun Jul Aug Sep Oct Nov Dec
2008: Jan Feb Mar Apr May Jun Jul Aug Sep Oct Nov Dec
2007: Jan Feb Mar Apr May Jun Jul Aug Sep Oct Nov Dec
2006: Jan Feb Mar Apr May Jun Jul Aug Sep Oct Nov Dec
2005: Jan Feb Mar Apr May Jun Jul Aug Sep Oct Nov Dec
2004: Jan Feb Mar Apr May Jun Jul Aug Sep Oct Nov Dec

Report for 2017 February


Daily NOAA report







                            MONTHLY CLIMATOLOGICAL SUMMARY for FEB. 2017



NAME:    CITY:  STATE: 

ELEV:  LAT:  LONG: 



                            TEMPERATURE ( °F), RAIN (in.), WIND SPEED (mph)



                                               HEAT     COOL           AVG

      MEAN                                     DEG      DEG            WIND                       DOM

DAY   TEMP    HIGH   TIME     LOW    TIME      DAYS     DAYS    RAIN   SPEED    HIGH    TIME      DIR

--------------------------------------------------------------------------------------------------------

01    20.8   031.1   10:38    08.1   00:00     44.1     00.0   00.00   03.9     14.9    16:02     WSW

02    08.9   016.2   13:50    03.0   07:31     56.0     00.0   00.00   05.3     23.0    14:39     WSW

03    09.1   019.0   15:12    00.5   07:14     55.8     00.0   00.00   04.3     16.1    14:26     WSW

04    18.3   028.7   00:00    05.1   07:23     46.7     00.0   00.00   04.5     19.6    14:37     SSE

05    26.8   032.5   11:31    16.4   22:02     38.1     00.0   00.00   04.0     16.1    10:35     WSW

06    25.0   035.7   12:59    12.6   07:19     40.0     00.0   00.00   01.6     08.1    23:52     NNE

07    31.3   034.5   11:49    25.2   00:00     33.6     00.0   00.02   04.2     21.9    20:23      NW

08    18.2   025.2   00:04    09.6   00:00     46.7     00.0   00.00   04.8     17.3    05:56     WNW

09    09.6   016.7   14:48    01.9   07:27     55.3     00.0   00.00   05.4     17.3    09:14     WSW

10    26.9   036.5   16:11    15.8   00:16     38.0     00.0   00.00   05.0     23.0    12:53     SSE

11    32.6   038.4   13:05    29.5   00:00     32.3     00.0   00.00   01.8     09.2    09:57      NE

12    33.6   041.9   10:43    28.2   03:36     31.3     00.0   00.03   06.6     28.8    14:03      W 

13    32.9   041.5   15:14    22.5   04:47     32.0     00.0   00.00   04.9     19.6    15:29     SSW

14    34.2   045.2   14:34    28.2   00:00     30.7     00.0   00.00   05.9     24.1    14:58     WSW

15    25.6   030.7   14:16    20.2   00:00     39.4     00.0   00.00   04.6     12.7    13:23     WNW

16    24.4   031.6   13:53    14.7   05:59     40.6     00.0   00.00   02.4     08.1    17:39     ESE

17    39.1   052.3   14:36    28.7   01:02     25.8     00.0   00.00   02.7     09.2    15:48      SE

18    46.0   058.5   14:44    36.7   07:08     18.9     00.0   00.00   03.7     12.7    12:27      SW

19    44.6   059.4   16:23    33.5   07:07     20.3     00.0   00.00   01.8     08.1    14:47     SSE

20    45.1   051.8   14:30    34.2   02:47     19.8     00.0   00.17   05.2     23.0    19:56      SE

21    52.1   060.3   14:36    45.0   07:33     12.8     00.0   00.02   04.2     16.1    05:04     SSW

22    51.8   066.9   14:49    38.2   00:00     13.2     00.0   00.00   03.6     18.4    14:37     SSW

23    38.3   044.2   14:20    33.2   00:00     26.7     00.0   00.00   03.5     12.7    23:25     NNE

24    27.6   033.2   00:01    21.9   00:00     37.3     00.0   00.00   07.2     19.6    14:13     NNE

25    20.3   025.9   13:41    16.7   00:00     44.6     00.0   00.00   05.0     16.1    14:44      W 

26    29.9   041.1   15:03    15.3   00:37     35.0     00.0   00.13   04.9     24.1    10:19     SSW

27    31.7   043.0   13:04    17.7   06:08     33.3     00.0   00.00   02.4     11.5    14:35      SE

28    38.6   042.5   14:33    34.9   23:37     26.3     00.0   00.13   03.7     19.6    22:01     ENE

--------------------------------------------------------------------------------------------------------

30.1 (30.0)   66.9  day 22     00.5  day 03   974.8    000.0   00.50   04.2     28.8   day 12      SW

Max