NOAA-Style Climate Reports

Select a Year or Month report
2018: Jan Feb Mar Apr May Jun Jul Aug Sep Oct Nov Dec
2017: Jan Feb Mar Apr May Jun Jul Aug Sep Oct Nov Dec
2016: Jan Feb Mar Apr May Jun Jul Aug Sep Oct Nov Dec
2015: Jan Feb Mar Apr May Jun Jul Aug Sep Oct Nov Dec
2014: Jan Feb Mar Apr May Jun Jul Aug Sep Oct Nov Dec
2013: Jan Feb Mar Apr May Jun Jul Aug Sep Oct Nov Dec
2012: Jan Feb Mar Apr May Jun Jul Aug Sep Oct Nov Dec
2011: Jan Feb Mar Apr May Jun Jul Aug Sep Oct Nov Dec
2010: Jan Feb Mar Apr May Jun Jul Aug Sep Oct Nov Dec
2009: Jan Feb Mar Apr May Jun Jul Aug Sep Oct Nov Dec
2008: Jan Feb Mar Apr May Jun Jul Aug Sep Oct Nov Dec
2007: Jan Feb Mar Apr May Jun Jul Aug Sep Oct Nov Dec
2006: Jan Feb Mar Apr May Jun Jul Aug Sep Oct Nov Dec
2005: Jan Feb Mar Apr May Jun Jul Aug Sep Oct Nov Dec
2004: Jan Feb Mar Apr May Jun Jul Aug Sep Oct Nov Dec

Report for 2017 March

Daily NOAA report



                            MONTHLY CLIMATOLOGICAL SUMMARY for MAR. 2017

NAME:    CITY:  STATE: 
ELEV:  LAT:  LONG: 

                            TEMPERATURE ( °F), RAIN (in.), WIND SPEED (mph)

                                               HEAT     COOL           AVG
      MEAN                                     DEG      DEG            WIND                       DOM
DAY   TEMP    HIGH   TIME     LOW    TIME      DAYS     DAYS    RAIN   SPEED    HIGH    TIME      DIR
--------------------------------------------------------------------------------------------------------
01    27.3   035.0   01:04    19.3   00:00     37.6     00.0   00.10   01.3     19.6    04:48     NNW
02    23.1   033.2   14:08    14.3   06:54     41.9     00.0   00.00   02.7     16.1    18:43      W 
03    15.4   024.1   14:39    07.3   06:55     49.5     00.0   00.00   03.2     12.7    11:56     WSW
04    23.0   035.1   14:25    04.8   05:22     41.9     00.0   00.00   03.1     16.1    10:38     ESE
05    36.7   044.8   00:00    30.0   03:59     28.2     00.0   00.00   05.5     19.6    04:24      SE
06    48.7   053.1   00:00    44.8   00:04     16.3     00.0   00.02   05.4     19.6    00:00      SE
07    45.8   065.7   17:17    34.2   20:59     19.1     00.0   00.18   10.8     31.1    06:39     SSW
08    34.3   038.7   01:16    28.4   00:00     30.6     00.0   00.00   12.6     33.4    05:32     WSW
09    30.4   036.1   14:35    26.6   00:00     34.6     00.0   00.00   03.9     14.9    22:53      W 
10    18.8   026.6   00:15    12.2   00:00     46.1     00.0   00.00   07.2     19.6    16:46     WNW
11    18.5   028.4   17:00    08.6   06:48     46.4     00.0   00.00   04.7     14.9    02:31     WNW
12    20.7   030.2   15:50    12.2   07:54     44.2     00.0   00.00   02.3     10.3    00:31     ENE
13    21.6   028.4   14:51    17.6   00:00     43.4     00.0   00.00   06.1     19.6    10:29      NE
14    19.4   028.4   18:09    08.6   07:20     45.6     00.0   00.00   03.9     14.9    00:04     ENE
15    26.0   037.5   16:36    15.8   07:43     38.9     00.0   00.00   04.3     16.1    14:21     WNW
16    29.3   041.5   14:45    17.6   07:44     35.6     00.0   00.00   02.1     10.3    17:16      SE
17    33.9   036.1   17:48    30.2   01:19     31.0     00.0   00.11   03.0     09.2    11:57      SE
18    37.1   042.4   14:27    30.2   00:00     27.8     00.0   00.01   04.8     18.4    14:53     WNW
19    34.1   040.5   13:11    23.0   06:12     30.9     00.0   00.00   03.1     10.3    23:50      SE
20    42.3   054.3   12:42    33.3   23:46     22.6     00.0   00.00   02.5     16.1    12:54      NE
21    34.9   044.8   14:42    23.7   00:00     30.1     00.0   00.00   05.2     20.7    10:29      NW
22    26.8   037.0   16:28    17.8   06:56     38.2     00.0   00.00   03.0     10.3    02:00      E 
23    32.6   040.3   13:48    20.5   00:38     32.3     00.0   00.00   04.1     19.6    17:37      SE
24    37.6   040.8   10:26    36.1   04:41     27.4     00.0   00.11   02.4     10.3    12:07     NNE
25    37.0   037.0   00:00    37.0   00:00     27.9     00.0   00.00   04.6     03.5    00:00      N 
26    36.5   037.6   15:17    35.1   23:38     28.5     00.0   00.16   03.2     10.3    16:06      N 
27    39.8   045.0   14:03    35.4   00:33     25.2     00.0   00.01   01.4     08.1    08:50     NNW
28    40.4   051.4   16:30    30.0   06:49     24.5     00.0   00.00   01.8     10.3    14:18     NNW
29    36.5   041.7   13:13    29.8   04:40     28.4     00.0   00.00   02.2     09.2    18:03     NNE
30    34.4   035.4   15:29    33.1   21:46     30.6     00.0   00.40   03.5     12.7    22:46     NNE
31    39.9   054.0   16:43    29.5   23:36     25.0     00.0   00.00   05.0     19.6    11:35     NNE
--------------------------------------------------------------------------------------------------------
31.7 (31.8)   65.7  day 07     04.8  day 04   1030.2    000.0   01.11   04.2     33.4   day 07      NW
Max