NOAA-Style Climate Reports

Select a Year or Month report
2020: Jan Feb Mar Apr May Jun Jul Aug Sep Oct Nov Dec
2019: Jan Feb Mar Apr May Jun Jul Aug Sep Oct Nov Dec
2018: Jan Feb Mar Apr May Jun Jul Aug Sep Oct Nov Dec
2017: Jan Feb Mar Apr May Jun Jul Aug Sep Oct Nov Dec
2016: Jan Feb Mar Apr May Jun Jul Aug Sep Oct Nov Dec
2015: Jan Feb Mar Apr May Jun Jul Aug Sep Oct Nov Dec
2014: Jan Feb Mar Apr May Jun Jul Aug Sep Oct Nov Dec
2013: Jan Feb Mar Apr May Jun Jul Aug Sep Oct Nov Dec
2012: Jan Feb Mar Apr May Jun Jul Aug Sep Oct Nov Dec
2011: Jan Feb Mar Apr May Jun Jul Aug Sep Oct Nov Dec
2010: Jan Feb Mar Apr May Jun Jul Aug Sep Oct Nov Dec
2009: Jan Feb Mar Apr May Jun Jul Aug Sep Oct Nov Dec
2008: Jan Feb Mar Apr May Jun Jul Aug Sep Oct Nov Dec
2007: Jan Feb Mar Apr May Jun Jul Aug Sep Oct Nov Dec
2006: Jan Feb Mar Apr May Jun Jul Aug Sep Oct Nov Dec
2005: Jan Feb Mar Apr May Jun Jul Aug Sep Oct Nov Dec
2004: Jan Feb Mar Apr May Jun Jul Aug Sep Oct Nov Dec

Report for 2017 April


Daily NOAA report







                            MONTHLY CLIMATOLOGICAL SUMMARY for APR. 2017



NAME:    CITY:  STATE: 

ELEV:  LAT:  LONG: 



                            TEMPERATURE ( °F), RAIN (in.), WIND SPEED (mph)



                                               HEAT     COOL           AVG

      MEAN                                     DEG      DEG            WIND                       DOM

DAY   TEMP    HIGH   TIME     LOW    TIME      DAYS     DAYS    RAIN   SPEED    HIGH    TIME      DIR

--------------------------------------------------------------------------------------------------------

01    45.5   063.7   14:52    26.8   01:53     19.5     00.0   00.00   02.2     10.3    18:21     SSW

02    48.1   060.3   11:21    37.6   06:49     16.8     00.0   00.14   03.2     12.7    11:27      S 

03    42.8   045.1   09:06    39.7   20:25     22.2     00.0   00.15   03.3     20.7    21:58     NNE

04    48.5   062.4   16:29    37.6   00:00     16.4     00.0   00.30   04.5     20.7    13:26     NNW

05    40.3   047.1   17:29    33.4   06:51     24.6     00.0   00.00   02.7     17.3    22:34     NNE

06    43.2   053.9   15:41    35.8   07:22     21.7     00.0   00.00   07.8     21.9    17:42     NNW

07    45.3   058.8   15:12    33.4   06:59     19.6     00.0   00.00   04.2     12.7    15:50     WNW

08    52.7   069.1   15:04    34.7   05:19     12.2     00.0   00.00   04.4     16.1    16:14     SSE

09    63.8   075.9   15:51    55.9   06:39     01.2     00.0   00.00   05.2     19.6    09:07      S 

10    47.8   065.1   03:28    35.1   00:00     17.1     00.0   00.10   05.6     19.6    20:43     NNE

11    38.8   044.6   16:23    33.3   04:42     26.2     00.0   00.04   04.2     13.8    12:42     WNW

12    43.3   055.2   12:20    28.6   06:29     21.6     00.0   00.00   01.9     09.2    16:26     SSE

13    45.2   058.5   14:57    38.7   00:00     19.7     00.0   00.10   02.1     10.3    15:18     ENE

14    49.5   061.5   14:34    35.1   04:41     15.4     00.0   00.00   03.1     16.1    14:28     ESE

15    63.1   076.3   14:31    50.2   01:48     01.9     00.0   00.62   04.0     21.9    15:09      S 

16    60.9   069.4   12:37    50.0   00:00     04.1     00.0   00.25   06.4     27.6    16:21     WSW

17    44.1   053.8   11:37    36.5   22:32     20.9     00.0   00.00   03.1     10.3    16:49     ENE

18    51.3   063.9   22:39    34.2   05:51     13.6     00.0   00.00   04.4     16.1    10:47      SE

19    51.1   059.4   00:02    41.9   22:22     13.8     00.0   00.00   04.2     18.4    20:34     NNE

20    44.2   046.8   17:02    40.3   01:23     20.7     00.0   01.06   03.9     19.6    01:05     NNW

21    47.5   060.8   16:47    37.2   00:00     17.4     00.0   00.00   04.6     19.6    00:10      NW

22    49.7   064.4   17:47    32.0   06:37     15.2     00.0   00.00   02.1     10.3    14:58     SSW

23    47.1   059.0   09:04    37.1   00:00     17.9     00.0   00.00   04.2     16.1    11:04      NE

24    50.1   068.0   15:54    32.0   06:30     14.9     00.0   00.00   03.1     18.4    16:46     ESE

25    60.0   073.4   15:19    48.8   00:01     05.0     00.0   00.00   04.1     16.1    14:57      SE

26    59.0   068.0   16:37    51.8   00:00     05.9     00.0   00.06   03.6     16.1    15:02      S 

27    41.8   051.8   00:07    37.2   00:00     23.1     00.0   00.74   05.0     18.4    12:03     WSW

28    43.3   053.6   16:09    34.2   06:15     21.6     00.0   00.00   04.4     13.8    12:45     WSW

29    43.4   049.5   15:01    35.4   06:34     21.6     00.0   00.00   04.6     17.3    12:55     NNE

30    39.0   043.0   00:04    37.4   23:37     25.9     00.0   00.08   04.4     16.1    20:16      NE

--------------------------------------------------------------------------------------------------------

48.3 (48.7)   76.3  day 15     26.8  day 01   497.7    000.0   03.67   04.0     27.6   day 16      N 

Min  .008in) 9 (> .08in) 1 (> 0.8in)