NOAA-Style Climate Reports

Select a Year or Month report
2018: Jan Feb Mar Apr May Jun Jul Aug Sep Oct Nov Dec
2017: Jan Feb Mar Apr May Jun Jul Aug Sep Oct Nov Dec
2016: Jan Feb Mar Apr May Jun Jul Aug Sep Oct Nov Dec
2015: Jan Feb Mar Apr May Jun Jul Aug Sep Oct Nov Dec
2014: Jan Feb Mar Apr May Jun Jul Aug Sep Oct Nov Dec
2013: Jan Feb Mar Apr May Jun Jul Aug Sep Oct Nov Dec
2012: Jan Feb Mar Apr May Jun Jul Aug Sep Oct Nov Dec
2011: Jan Feb Mar Apr May Jun Jul Aug Sep Oct Nov Dec
2010: Jan Feb Mar Apr May Jun Jul Aug Sep Oct Nov Dec
2009: Jan Feb Mar Apr May Jun Jul Aug Sep Oct Nov Dec
2008: Jan Feb Mar Apr May Jun Jul Aug Sep Oct Nov Dec
2007: Jan Feb Mar Apr May Jun Jul Aug Sep Oct Nov Dec
2006: Jan Feb Mar Apr May Jun Jul Aug Sep Oct Nov Dec
2005: Jan Feb Mar Apr May Jun Jul Aug Sep Oct Nov Dec
2004: Jan Feb Mar Apr May Jun Jul Aug Sep Oct Nov Dec

Report for 2017 May

Daily NOAA report



                            MONTHLY CLIMATOLOGICAL SUMMARY for MAY. 2017

NAME:    CITY:  STATE: 
ELEV:  LAT:  LONG: 

                            TEMPERATURE ( °F), RAIN (in.), WIND SPEED (mph)

                                               HEAT     COOL           AVG
      MEAN                                     DEG      DEG            WIND                       DOM
DAY   TEMP    HIGH   TIME     LOW    TIME      DAYS     DAYS    RAIN   SPEED    HIGH    TIME      DIR
--------------------------------------------------------------------------------------------------------
01    44.7   059.0   15:13    36.9   04:40     20.2     00.0   00.81   04.0     19.6    15:23     SSE
02    44.1   050.0   19:30    39.0   02:41     20.8     00.0   00.06   05.0     18.4    14:32     WNW
03    49.0   064.4   16:17    32.0   06:26     15.9     00.0   00.00   02.3     14.9    17:39     SSE
04    51.7   068.0   14:40    34.2   06:15     13.2     00.0   00.00   02.2     10.3    23:46      NE
05    50.4   060.8   17:27    40.8   04:53     14.6     00.0   00.00   03.6     14.9    07:12     NNE
06    50.5   060.8   16:42    40.5   06:35     14.4     00.0   00.00   04.1     17.3    14:40      N 
07    45.8   059.0   17:13    32.5   23:56     19.1     00.0   00.00   03.4     12.7    11:46      N 
08    44.4   059.0   17:19    26.6   06:09     20.6     00.0   00.00   01.6     10.3    18:32      E 
09    48.4   057.2   18:11    35.1   06:12     16.5     00.0   00.00   01.6     10.3    10:24     SSE
10    54.8   068.0   15:44    43.9   03:02     10.2     00.0   00.07   01.5     09.2    16:42      SE
11    56.7   071.6   14:18    46.6   03:37     08.2     00.0   00.00   01.1     06.9    14:36     ENE
12    57.4   069.8   17:12    46.8   05:51     07.6     00.0   00.00   02.0     09.2    09:22      NE
13    58.6   073.4   13:26    48.9   02:53     06.3     00.0   00.00   02.2     10.3    11:33     SSW
14    55.0   066.2   15:26    42.4   06:03     10.0     00.0   00.00   02.0     09.2    17:33     ENE
15    58.0   074.5   13:40    44.4   05:53     06.9     00.0   00.15   02.2     10.3    15:29     ESE
16    65.6   082.4   18:55    50.0   01:52     00.0     00.7   00.09   02.8     14.9    12:33     SSE
17    72.3   078.8   17:49    59.0   00:00     00.0     07.4   00.21   03.8     26.4    22:35     SSE
18    57.0   068.0   11:25    41.7   00:00     07.9     00.0   00.16   04.8     19.6    10:37      W 
19    46.6   051.8   17:27    38.1   04:26     18.4     00.0   00.00   03.6     16.1    05:34     NNE
20    47.8   055.4   13:34    40.8   03:19     17.2     00.0   00.20   02.6     12.7    13:14     ENE
21    53.3   066.2   12:15    47.7   05:25     11.6     00.0   00.24   04.0     18.4    18:06     SSW
22    56.4   069.8   15:05    47.5   06:51     08.5     00.0   00.00   05.1     18.4    17:21     SSW
23    51.5   057.2   10:12    48.6   02:04     13.5     00.0   00.38   01.7     10.3    23:50      NE
24    50.1   051.8   22:50    47.7   06:38     14.8     00.0   00.12   03.0     12.7    00:12     NNE
25    58.7   071.6   16:41    49.6   06:05     06.2     00.0   00.00   02.8     12.7    14:00      N 
26    60.2   071.6   12:58    47.7   05:22     04.7     00.0   00.00   01.4     08.1    13:18      SE
27    65.4   078.8   16:14    50.0   06:01     00.0     00.5   00.00   02.0     12.7    13:59      S 
28    63.5   073.4   18:52    55.4   10:52     01.5     00.0   00.30   02.5     17.3    18:57      SW
29    59.5   068.0   15:54    50.0   03:19     05.4     00.0   00.00   04.4     18.4    16:02      SW
30    56.5   064.4   12:36    50.0   06:09     08.4     00.0   00.00   04.3     17.3    17:36     WSW
31    60.5   073.4   15:33    48.0   23:37     04.5     00.0   00.00   04.4     18.4    14:07     WSW
--------------------------------------------------------------------------------------------------------
54.7 (54.9)   82.4  day 16     26.6  day 08   327.2    008.5   02.78   03.0     26.5   day 17     SSW
Min  .008in) 10 (> .08in) 1 (> 0.8in)