NOAA-Style Climate Reports

Select a Year or Month report
2018: Jan Feb Mar Apr May Jun Jul Aug Sep Oct Nov Dec
2017: Jan Feb Mar Apr May Jun Jul Aug Sep Oct Nov Dec
2016: Jan Feb Mar Apr May Jun Jul Aug Sep Oct Nov Dec
2015: Jan Feb Mar Apr May Jun Jul Aug Sep Oct Nov Dec
2014: Jan Feb Mar Apr May Jun Jul Aug Sep Oct Nov Dec
2013: Jan Feb Mar Apr May Jun Jul Aug Sep Oct Nov Dec
2012: Jan Feb Mar Apr May Jun Jul Aug Sep Oct Nov Dec
2011: Jan Feb Mar Apr May Jun Jul Aug Sep Oct Nov Dec
2010: Jan Feb Mar Apr May Jun Jul Aug Sep Oct Nov Dec
2009: Jan Feb Mar Apr May Jun Jul Aug Sep Oct Nov Dec
2008: Jan Feb Mar Apr May Jun Jul Aug Sep Oct Nov Dec
2007: Jan Feb Mar Apr May Jun Jul Aug Sep Oct Nov Dec
2006: Jan Feb Mar Apr May Jun Jul Aug Sep Oct Nov Dec
2005: Jan Feb Mar Apr May Jun Jul Aug Sep Oct Nov Dec
2004: Jan Feb Mar Apr May Jun Jul Aug Sep Oct Nov Dec

Report for 2017 August

Daily NOAA report



                            MONTHLY CLIMATOLOGICAL SUMMARY for AUG. 2017

NAME:    CITY:  STATE: 
ELEV:  LAT:  LONG: 

                            TEMPERATURE ( °F), RAIN (in.), WIND SPEED (mph)

                                               HEAT     COOL           AVG
      MEAN                                     DEG      DEG            WIND                       DOM
DAY   TEMP    HIGH   TIME     LOW    TIME      DAYS     DAYS    RAIN   SPEED    HIGH    TIME      DIR
--------------------------------------------------------------------------------------------------------
01    75.4   088.5   14:23    64.0   06:08     00.0     10.5   00.00   02.9     13.8    15:23     SSW
02    71.5   080.2   12:09    62.9   00:00     00.0     06.6   00.00   02.2     10.3    17:43      N 
03    63.4   070.0   13:30    57.7   06:45     01.6     00.0   00.49   01.3     09.2    17:53     ENE
04    59.3   068.2   18:06    54.3   06:15     05.7     00.0   00.24   03.4     16.1    14:51      W 
05    63.3   078.8   15:19    51.4   04:26     01.7     00.0   00.10   01.8     16.1    18:54     SSW
06    63.6   081.9   14:07    53.4   06:12     01.3     00.0   00.02   01.0     10.3    14:43      SW
07    68.0   079.0   15:56    55.8   06:59     00.0     03.0   00.00   01.7     09.2    14:46      W 
08    70.4   085.3   15:15    55.6   06:16     00.0     05.5   00.00   02.0     10.3    18:04      SW
09    70.8   083.8   14:27    58.5   05:17     00.0     05.9   00.00   02.0     14.9    15:28      S 
10    69.7   082.8   13:50    62.1   00:00     00.0     04.8   00.12   01.8     12.7    12:24      S 
11    64.2   072.3   14:46    59.2   06:28     00.7     00.0   00.00   02.6     12.7    15:25      NW
12    67.7   080.1   15:17    55.0   04:08     00.0     02.7   00.00   01.6     09.2    14:40     WNW
13    67.9   081.3   13:20    54.0   06:08     00.0     02.9   00.00   01.5     08.1    14:05     SSW
14    68.9   081.3   15:11    59.4   04:20     00.0     04.0   00.28   01.1     09.2    15:15      S 
15    68.0   079.9   15:28    59.9   00:00     00.0     03.1   00.17   01.1     10.3    15:39      N 
16    69.2   081.0   14:58    59.7   00:37     00.0     04.2   00.00   01.5     09.2    15:11     ENE
17    73.2   082.6   13:10    65.8   00:41     00.0     08.3   00.25   04.8     24.1    15:36     SSW
18    67.6   073.6   16:31    62.4   05:54     00.0     02.6   00.00   03.8     13.8    01:11      W 
19    70.8   084.2   15:20    58.5   05:45     00.0     05.8   00.00   02.1     10.3    16:50      SW
20    72.3   081.9   13:24    61.0   04:47     00.0     07.3   00.00   02.2     12.7    14:50      S 
21    73.9   082.8   14:50    65.1   06:07     00.0     09.0   00.00   01.5     08.1    23:13      S 
22    69.8   076.8   13:37    59.9   00:00     00.0     04.8   00.00   04.4     19.6    14:03      W 
23    63.0   074.5   15:38    53.2   06:44     01.9     00.0   00.00   02.2     10.3    23:54     WNW
24    60.1   070.9   15:01    48.6   00:00     04.8     00.0   00.00   01.7     10.3    14:34      N 
25    59.1   074.3   15:27    43.2   06:20     05.8     00.0   00.00   01.0     08.1    17:38     ESE
26    59.5   072.1   10:44    45.7   06:30     05.4     00.0   00.08   00.7     08.1    10:43     ESE
27    64.6   071.1   12:41    58.8   01:24     00.3     00.0   00.11   02.0     10.3    14:16      SE
28    65.4   074.8   14:54    55.4   00:00     00.0     00.5   00.04   01.7     10.3    06:01     ESE
29    64.8   076.8   15:02    53.8   03:31     00.2     00.0   00.00   01.0     09.2    10:42     NNW
30    65.3   083.8   14:30    56.5   06:45     00.0     00.3   00.21   02.0     12.7    15:07      SW
31    58.6   068.2   15:27    47.1   23:37     06.3     00.0   00.00   02.7     12.7    12:52      N 
--------------------------------------------------------------------------------------------------------
66.8 (67.4)   88.5  day 01     43.2  day 25   035.7    092.0   02.11   02.0     24.2   day 22      SW
Max >=  86: 1
Min  .008in) 9 (> .08in) 0 (> 0.8in)