NOAA-Style Climate Reports

Select a Year or Month report
2018: Jan Feb Mar Apr May Jun Jul Aug Sep Oct Nov Dec
2017: Jan Feb Mar Apr May Jun Jul Aug Sep Oct Nov Dec
2016: Jan Feb Mar Apr May Jun Jul Aug Sep Oct Nov Dec
2015: Jan Feb Mar Apr May Jun Jul Aug Sep Oct Nov Dec
2014: Jan Feb Mar Apr May Jun Jul Aug Sep Oct Nov Dec
2013: Jan Feb Mar Apr May Jun Jul Aug Sep Oct Nov Dec
2012: Jan Feb Mar Apr May Jun Jul Aug Sep Oct Nov Dec
2011: Jan Feb Mar Apr May Jun Jul Aug Sep Oct Nov Dec
2010: Jan Feb Mar Apr May Jun Jul Aug Sep Oct Nov Dec
2009: Jan Feb Mar Apr May Jun Jul Aug Sep Oct Nov Dec
2008: Jan Feb Mar Apr May Jun Jul Aug Sep Oct Nov Dec
2007: Jan Feb Mar Apr May Jun Jul Aug Sep Oct Nov Dec
2006: Jan Feb Mar Apr May Jun Jul Aug Sep Oct Nov Dec
2005: Jan Feb Mar Apr May Jun Jul Aug Sep Oct Nov Dec
2004: Jan Feb Mar Apr May Jun Jul Aug Sep Oct Nov Dec

Report for 2018 February

Daily NOAA report



                            MONTHLY CLIMATOLOGICAL SUMMARY for FEB. 2018

NAME:    CITY:  STATE: 
ELEV:  LAT:  LONG: 

                            TEMPERATURE ( °F), RAIN (in.), WIND SPEED (mph)

                                               HEAT     COOL           AVG
      MEAN                                     DEG      DEG            WIND                       DOM
DAY   TEMP    HIGH   TIME     LOW    TIME      DAYS     DAYS    RAIN   SPEED    HIGH    TIME      DIR
--------------------------------------------------------------------------------------------------------
01    11.0   030.2   00:24    03.2   00:00     53.9     00.0   00.00   08.1     25.3    05:11      W 
02    08.4   017.6   15:12   -00.4   07:52     56.5     00.0   00.00   04.6     14.9    14:05     WSW
03    17.5   030.2   14:24    12.2   05:08     47.4     00.0   00.00   03.0     16.1    16:55     ENE
04    09.5   015.8   16:04   -02.2   00:00     55.5     00.0   00.00   05.7     17.3    05:17      NW
05    03.1   012.2   16:32   -07.6   07:37     61.9     00.0   00.00   04.2     13.8    10:24     SSE
06    05.2   015.8   13:46   -05.8   05:55     59.7     00.0   00.00   01.7     10.3    13:36      S 
07    12.4   017.6   16:41    06.8   06:52     52.5     00.0   00.00   02.6     10.3    12:53      W 
08    14.3   020.7   15:00    08.6   09:14     50.6     00.0   00.00   03.1     13.8    13:49     SSW
09    07.9   013.6   17:15    00.1   21:39     57.0     00.0   00.00   00.2     03.5    23:32      E 
10    10.7   019.8   14:00    01.6   00:03     54.2     00.0   00.00   02.1     05.8    15:35     ESE
11    16.5   024.6   15:46    09.1   00:40     48.4     00.0   00.00   03.4     14.9    15:53      SW
12    14.5   019.8   14:57    05.2   22:59     50.4     00.0   00.00   02.7     09.2    13:57     SSW
13    19.7   031.6   13:17    04.3   02:26     45.3     00.0   00.00   03.0     18.4    22:08     SSE
14    32.5   045.0   14:46    20.5   06:52     32.5     00.0   00.00   06.0     24.1    21:13     SSW
15    37.7   046.8   14:20    29.1   00:00     27.2     00.0   00.00   04.5     12.7    23:37     WSW
16    23.3   029.1   00:26    13.7   23:49     41.7     00.0   00.00   04.9     16.1    09:20      W 
17    22.0   027.0   20:32    13.8   00:38     42.9     00.0   00.00   05.0     19.6    10:36     SSW
18    27.7   039.2   13:39    14.5   06:57     37.3     00.0   00.01   03.8     16.1    14:34      SE
19    31.2   039.4   09:58    26.2   16:45     33.7     00.0   00.00   03.8     18.4    14:10      NE
20    31.4   036.1   13:33    27.7   00:00     33.5     00.0   00.19   03.8     14.9    21:25      W 
21    22.6   027.7   02:11    17.2   07:35     42.4     00.0   00.00   04.6     13.8    06:53      W 
22    25.3   034.2   14:46    16.2   02:50     39.7     00.0   00.00   02.3     06.9    23:55     NNE
23    34.3   039.7   11:10    30.6   00:00     30.7     00.0   00.13   05.0     17.3    11:44     WSW
24    32.3   039.0   11:16    25.3   05:13     32.6     00.0   00.14   03.4     18.4    21:21      E 
25    32.6   038.7   16:19    26.8   07:51     32.4     00.0   00.15   09.3     26.4    07:13      SW
26    35.3   046.8   15:27    25.2   07:05     29.6     00.0   00.00   04.1     12.7    16:14     SSW
27    45.4   055.6   15:37    36.5   00:02     19.5     00.0   00.00   03.5     12.7    11:36      S 
28    36.9   044.2   15:02    32.0   23:37     28.1     00.0   00.00   03.6     12.7    12:02     NNE
--------------------------------------------------------------------------------------------------------
22.2 (22.3)   55.6  day 27    -07.6  day 05   1197.0    000.0   00.62   04.0     26.5   day 25      SW
Max