NOAA-Style Climate Reports

Select a Year or Month report
2018: Jan Feb Mar Apr May Jun Jul Aug Sep Oct Nov Dec
2017: Jan Feb Mar Apr May Jun Jul Aug Sep Oct Nov Dec
2016: Jan Feb Mar Apr May Jun Jul Aug Sep Oct Nov Dec
2015: Jan Feb Mar Apr May Jun Jul Aug Sep Oct Nov Dec
2014: Jan Feb Mar Apr May Jun Jul Aug Sep Oct Nov Dec
2013: Jan Feb Mar Apr May Jun Jul Aug Sep Oct Nov Dec
2012: Jan Feb Mar Apr May Jun Jul Aug Sep Oct Nov Dec
2011: Jan Feb Mar Apr May Jun Jul Aug Sep Oct Nov Dec
2010: Jan Feb Mar Apr May Jun Jul Aug Sep Oct Nov Dec
2009: Jan Feb Mar Apr May Jun Jul Aug Sep Oct Nov Dec
2008: Jan Feb Mar Apr May Jun Jul Aug Sep Oct Nov Dec
2007: Jan Feb Mar Apr May Jun Jul Aug Sep Oct Nov Dec
2006: Jan Feb Mar Apr May Jun Jul Aug Sep Oct Nov Dec
2005: Jan Feb Mar Apr May Jun Jul Aug Sep Oct Nov Dec
2004: Jan Feb Mar Apr May Jun Jul Aug Sep Oct Nov Dec

Report for 2018 April

Daily NOAA report



                            MONTHLY CLIMATOLOGICAL SUMMARY for APR. 2018

NAME:    CITY:  STATE: 
ELEV:  LAT:  LONG: 

                            TEMPERATURE ( °F), RAIN (in.), WIND SPEED (mph)

                                               HEAT     COOL           AVG
      MEAN                                     DEG      DEG            WIND                       DOM
DAY   TEMP    HIGH   TIME     LOW    TIME      DAYS     DAYS    RAIN   SPEED    HIGH    TIME      DIR
--------------------------------------------------------------------------------------------------------
01    23.4   032.9   16:36    14.9   07:03     41.5     00.0   00.00   05.3     16.1    15:10     WSW
02    29.8   039.7   12:27    17.4   06:33     35.2     00.0   00.00   02.8     10.3    14:05      S 
03    29.3   032.9   12:33    22.5   00:00     35.6     00.0   00.00   05.7     21.9    20:30     NNE
04    26.1   036.1   14:40    19.9   07:16     38.8     00.0   00.00   07.5     20.7    11:46      W 
05    27.8   038.1   14:40    14.0   06:52     37.1     00.0   00.00   03.6     12.7    16:30     SSW
06    28.1   034.2   14:27    18.1   00:00     36.8     00.0   00.01   04.5     19.6    13:46      W 
07    23.3   033.4   16:33    12.2   06:56     41.7     00.0   00.00   05.3     17.3    09:52     WSW
08    26.9   040.5   14:56    10.4   06:32     38.0     00.0   00.00   01.8     10.3    00:02      SE
09    33.4   043.5   16:11    23.4   06:55     31.5     00.0   00.00   02.2     10.3    16:38      SW
10    33.8   045.0   13:10    25.0   06:35     31.2     00.0   00.00   03.9     17.3    14:42      SW
11    40.8   053.4   15:28    31.6   06:52     24.1     00.0   00.00   03.5     12.7    10:59      S 
12    38.7   045.9   17:38    35.1   01:13     26.2     00.0   00.25   02.8     10.3    13:00     NNW
13    33.8   036.0   13:54    28.6   00:00     31.1     00.0   00.68   05.5     20.7    23:49     NNE
14    28.2   032.5   10:30    24.4   19:17     36.8     00.0   00.01   07.9     24.1    00:38      NE
15    26.2   031.6   16:23    24.4   07:45     38.7     00.0   00.00   06.9     19.6    14:59     NNE
16    28.9   037.2   14:58    25.2   23:53     36.1     00.0   00.00   06.8     19.6    20:33     WNW
17    32.2   040.8   13:52    24.6   02:43     32.7     00.0   00.01   05.3     18.4    10:45     WNW
18    34.6   040.5   14:06    31.1   06:27     30.3     00.0   00.12   04.2     16.1    14:26     NNE
19    42.5   058.8   13:20    30.7   06:38     22.5     00.0   00.00   02.8     10.3    08:48      NW
20    41.3   057.6   15:15    24.8   04:01     23.7     00.0   00.00   01.7     09.2    14:14      S 
21    44.0   058.5   14:29    28.2   03:13     21.0     00.0   00.00   01.7     08.1    16:25      S 
22    47.0   062.8   13:41    27.7   05:58     17.9     00.0   00.00   01.3     08.1    16:02     ESE
23    50.5   068.4   15:19    29.5   06:16     14.5     00.0   00.00   01.2     06.9    17:19     ENE
24    52.4   070.9   14:10    35.4   06:26     12.6     00.0   00.00   02.5     16.1    21:48     NNE
25    45.7   057.2   17:08    36.7   00:00     19.3     00.0   00.00   03.7     14.9    08:56      N 
26    50.9   067.8   16:31    33.4   03:00     14.1     00.0   00.00   03.7     19.6    21:51      S 
27    43.3   052.3   11:09    34.0   04:28     21.6     00.0   00.00   03.1     10.3    23:47     NNE
28    41.3   053.8   15:08    28.8   00:00     23.6     00.0   00.00   03.8     12.7    09:43      N 
29    43.6   061.2   17:21    23.4   05:41     21.4     00.0   00.00   02.7     12.7    17:21      S 
30    58.7   079.3   15:50    33.3   04:09     06.2     00.0   00.00   04.4     19.6    16:53      S 
--------------------------------------------------------------------------------------------------------
36.9 (36.9)   79.3  day 30     10.4  day 08   841.8    000.0   01.09   03.9     24.2   day 03      NW
Max  0.8in)