NOAA-Style Climate Reports

Select a Year or Month report
2018: Jan Feb Mar Apr May Jun Jul Aug Sep Oct Nov Dec
2017: Jan Feb Mar Apr May Jun Jul Aug Sep Oct Nov Dec
2016: Jan Feb Mar Apr May Jun Jul Aug Sep Oct Nov Dec
2015: Jan Feb Mar Apr May Jun Jul Aug Sep Oct Nov Dec
2014: Jan Feb Mar Apr May Jun Jul Aug Sep Oct Nov Dec
2013: Jan Feb Mar Apr May Jun Jul Aug Sep Oct Nov Dec
2012: Jan Feb Mar Apr May Jun Jul Aug Sep Oct Nov Dec
2011: Jan Feb Mar Apr May Jun Jul Aug Sep Oct Nov Dec
2010: Jan Feb Mar Apr May Jun Jul Aug Sep Oct Nov Dec
2009: Jan Feb Mar Apr May Jun Jul Aug Sep Oct Nov Dec
2008: Jan Feb Mar Apr May Jun Jul Aug Sep Oct Nov Dec
2007: Jan Feb Mar Apr May Jun Jul Aug Sep Oct Nov Dec
2006: Jan Feb Mar Apr May Jun Jul Aug Sep Oct Nov Dec
2005: Jan Feb Mar Apr May Jun Jul Aug Sep Oct Nov Dec
2004: Jan Feb Mar Apr May Jun Jul Aug Sep Oct Nov Dec

Report for 2018 May

Daily NOAA report



                            MONTHLY CLIMATOLOGICAL SUMMARY for MAY. 2018

NAME:    CITY:  STATE: 
ELEV:  LAT:  LONG: 

                            TEMPERATURE ( °F), RAIN (in.), WIND SPEED (mph)

                                               HEAT     COOL           AVG
      MEAN                                     DEG      DEG            WIND                       DOM
DAY   TEMP    HIGH   TIME     LOW    TIME      DAYS     DAYS    RAIN   SPEED    HIGH    TIME      DIR
--------------------------------------------------------------------------------------------------------
01    70.7   080.2   14:10    61.2   05:52     00.0     05.8   00.20   07.2     27.6    14:01     SSW
02    62.6   073.8   13:49    48.2   23:18     02.4     00.0   00.75   04.1     12.7    14:38      SW
03    52.4   064.9   16:07    43.2   06:45     12.5     00.0   00.57   02.9     10.3    11:15      NE
04    57.9   075.6   17:30    45.1   02:54     07.0     00.0   00.92   04.6     16.1    15:03      W 
05    61.5   075.6   14:59    50.9   02:19     03.4     00.0   00.00   02.5     12.7    12:28     ENE
06    56.2   067.3   16:22    46.8   06:24     08.8     00.0   00.11   03.1     10.3    15:01      N 
07    59.4   076.5   16:37    40.3   05:37     05.6     00.0   00.00   03.2     13.8    13:17     SSE
08    70.2   085.5   15:03    56.7   00:00     00.0     05.3   00.00   03.9     12.7    22:32     SSW
09    54.8   060.8   18:25    32.0   08:00     10.2     00.0   00.56   03.3     18.4    10:27     SSE
10    55.1   069.8   15:41    38.1   00:00     09.8     00.0   00.00   04.3     16.1    19:50     WNW
11    40.4   043.3   10:32    37.6   01:01     24.5     00.0   00.11   02.4     08.1    08:44     ENE
12    49.7   060.8   16:40    37.8   05:49     15.2     00.0   00.00   02.2     12.7    11:28     NNE
13    56.6   069.8   16:23    39.0   04:07     08.3     00.0   00.00   02.1     10.3    19:18      S 
14    65.4   078.8   14:42    53.6   06:12     00.0     00.5   00.07   02.5     10.3    19:11     SSW
15    61.4   070.9   14:58    46.5   00:00     03.5     00.0   00.05   02.8     16.1    09:12     NNE
16    64.7   084.2   15:37    42.4   05:48     00.3     00.0   00.00   02.5     12.7    22:40      S 
17    56.2   062.6   17:25    50.0   08:12     08.8     00.0   00.00   04.4     14.9    03:27     NNE
18    58.3   073.9   12:14    44.8   05:52     06.7     00.0   00.00   02.5     10.3    18:27     NNE
19    59.0   073.9   16:03    50.7   00:00     05.9     00.0   00.01   02.1     12.7    21:50     NNE
20    52.9   066.0   16:48    40.5   00:00     12.1     00.0   00.03   03.0     12.7    09:05     NNE
21    50.3   063.0   11:34    37.0   04:23     14.7     00.0   00.10   01.5     12.7    11:52      E 
22    61.1   077.4   16:38    49.8   02:27     03.8     00.0   00.00   01.4     08.1    19:00     SSW
23    70.0   083.8   15:47    56.3   06:19     00.0     05.1   00.00   02.2     10.3    16:14     SSW
24    74.0   088.0   15:34    58.3   05:30     00.0     09.0   00.00   02.6     12.7    18:17      S 
25    78.3   090.0   13:18    66.6   06:05     00.0     13.4   00.00   04.1     18.4    12:12     SSW
26    78.4   092.8   15:59    60.3   06:08     00.0     13.5   00.00   02.3     10.3    16:47     SSW
27    78.9   098.8   14:53    62.4   01:30     00.0     13.9   00.00   01.8     10.3    18:33     SSW
28    75.8   092.9   14:24    65.8   03:09     00.0     10.8   00.06   01.7     17.3    08:01     ENE
29    75.8   090.3   11:49    63.9   05:58     00.0     10.8   00.00   01.8     08.1    19:06     NNE
30    72.9   079.5   15:21    66.6   02:06     00.0     07.9   00.00   01.4     09.2    14:58     ESE
31    74.2   084.7   16:52    66.4   03:33     00.0     09.3   00.00   03.0     10.3    16:53     WSW
--------------------------------------------------------------------------------------------------------
63.1 (63.1)   98.8  day 27     32.0  day 09   163.3    105.3   03.55   02.9     27.6   day 01      S 
Max >=  86: 6
Min  .008in) 8 (> .08in) 1 (> 0.8in)