NOAA-Style Climate Reports

Select a Year or Month report
2018: Jan Feb Mar Apr May Jun Jul Aug Sep Oct Nov Dec
2017: Jan Feb Mar Apr May Jun Jul Aug Sep Oct Nov Dec
2016: Jan Feb Mar Apr May Jun Jul Aug Sep Oct Nov Dec
2015: Jan Feb Mar Apr May Jun Jul Aug Sep Oct Nov Dec
2014: Jan Feb Mar Apr May Jun Jul Aug Sep Oct Nov Dec
2013: Jan Feb Mar Apr May Jun Jul Aug Sep Oct Nov Dec
2012: Jan Feb Mar Apr May Jun Jul Aug Sep Oct Nov Dec
2011: Jan Feb Mar Apr May Jun Jul Aug Sep Oct Nov Dec
2010: Jan Feb Mar Apr May Jun Jul Aug Sep Oct Nov Dec
2009: Jan Feb Mar Apr May Jun Jul Aug Sep Oct Nov Dec
2008: Jan Feb Mar Apr May Jun Jul Aug Sep Oct Nov Dec
2007: Jan Feb Mar Apr May Jun Jul Aug Sep Oct Nov Dec
2006: Jan Feb Mar Apr May Jun Jul Aug Sep Oct Nov Dec
2005: Jan Feb Mar Apr May Jun Jul Aug Sep Oct Nov Dec
2004: Jan Feb Mar Apr May Jun Jul Aug Sep Oct Nov Dec

Report for 2018 June

Daily NOAA report



                            MONTHLY CLIMATOLOGICAL SUMMARY for JUN. 2018

NAME:    CITY:  STATE: 
ELEV:  LAT:  LONG: 

                            TEMPERATURE ( °F), RAIN (in.), WIND SPEED (mph)

                                               HEAT     COOL           AVG
      MEAN                                     DEG      DEG            WIND                       DOM
DAY   TEMP    HIGH   TIME     LOW    TIME      DAYS     DAYS    RAIN   SPEED    HIGH    TIME      DIR
--------------------------------------------------------------------------------------------------------
01    62.6   071.8   16:11    53.4   00:00     02.4     00.0   00.00   03.0     12.7    16:19     NNE
02    59.7   071.1   15:41    53.1   04:22     05.2     00.0   00.52   02.1     10.3    14:00     ENE
03    61.3   068.4   15:40    54.0   01:41     03.6     00.0   00.08   04.6     19.6    18:44     WSW
04    64.2   079.0   15:08    50.4   05:49     00.8     00.0   00.01   04.1     19.6    15:51      W 
05    58.2   072.0   16:26    48.9   00:00     06.8     00.0   00.00   02.0     10.3    07:01     NNE
06    57.1   071.1   18:51    41.9   04:10     07.8     00.0   00.04   01.3     09.2    17:19      S 
07    66.3   080.0   15:46    55.6   05:37     00.0     01.3   00.00   02.0     10.3    17:57      NE
08    62.9   078.3   13:23    49.6   05:32     02.0     00.0   00.00   01.3     09.2    14:08     NNE
09    66.8   074.5   14:50    61.0   06:44     00.0     01.8   00.00   02.1     12.7    14:54      E 
10    65.3   071.8   16:59    55.9   00:00     00.0     00.4   00.00   01.7     10.3    10:49      NE
11    67.9   081.7   15:04    53.8   06:08     00.0     02.9   00.00   02.1     14.9    12:39      E 
12    71.4   083.8   14:45    60.3   04:36     00.0     06.5   00.00   01.4     09.2    11:37      SE
13    73.6   084.2   15:54    59.8   00:00     00.0     08.7   00.00   03.8     18.4    10:55      W 
14    71.7   088.2   14:41    56.9   01:53     00.0     06.7   00.00   01.5     10.3    17:49      SE
15    63.9   075.0   18:47    55.9   03:17     01.0     00.0   01.12   02.0     14.9    12:34      SE
16    73.1   084.6   15:55    59.7   04:50     00.0     08.2   00.00   01.8     12.7    10:57      SE
17    83.2   094.6   14:46    70.3   00:38     00.0     18.2   00.26   03.5     24.1    22:10      S 
18    71.4   075.6   11:58    66.4   22:26     00.0     06.4   02.03   02.0     12.7    06:34      SW
19    66.1   073.0   15:53    61.2   07:23     00.0     01.2   00.04   00.8     06.9    15:08      NE
20    69.1   079.8   15:32    61.2   00:00     00.0     04.2   00.00   01.0     09.2    15:41      E 
21    66.5   076.7   12:36    56.7   05:42     00.0     01.6   00.00   02.3     12.7    16:22     NNE
22    66.3   077.2   14:22    54.0   05:48     00.0     01.3   00.00   01.9     10.3    15:40      N 
23    68.3   081.7   15:36    52.5   05:32     00.0     03.4   00.00   01.6     10.3    16:18      N 
24    70.1   082.8   15:09    60.1   00:00     00.0     05.2   00.00   01.7     09.2    20:16     ENE
25    66.3   078.4   14:12    55.0   05:29     00.0     01.4   00.00   01.9     10.3    15:48     ENE
26    66.3   075.6   11:07    57.9   06:27     00.0     01.4   00.00   02.4     10.3    16:14     ESE
27    72.4   083.1   17:28    62.4   02:07     00.0     07.5   00.00   01.5     09.2    13:59      NW
28    77.6   090.7   16:15    63.3   05:54     00.0     12.7   00.00   01.8     09.2    18:03     SSW
29    83.3   097.9   16:17    67.1   05:24     00.0     18.4   00.00   03.4     19.6    18:12      S 
30    86.4   095.5   17:07    78.1   06:12     00.0     21.4   00.00   04.8     18.4    17:40      S 
--------------------------------------------------------------------------------------------------------
68.6 (68.9)   97.9  day 29     41.9  day 06   029.6    140.8   04.13   02.3     24.2   day 17      SE
Max >=  86: 5
Min  .008in) 4 (> .08in) 2 (> 0.8in)