NOAA-Style Climate Reports

Select a Year or Month report
2018: Jan Feb Mar Apr May Jun Jul Aug Sep Oct Nov Dec
2017: Jan Feb Mar Apr May Jun Jul Aug Sep Oct Nov Dec
2016: Jan Feb Mar Apr May Jun Jul Aug Sep Oct Nov Dec
2015: Jan Feb Mar Apr May Jun Jul Aug Sep Oct Nov Dec
2014: Jan Feb Mar Apr May Jun Jul Aug Sep Oct Nov Dec
2013: Jan Feb Mar Apr May Jun Jul Aug Sep Oct Nov Dec
2012: Jan Feb Mar Apr May Jun Jul Aug Sep Oct Nov Dec
2011: Jan Feb Mar Apr May Jun Jul Aug Sep Oct Nov Dec
2010: Jan Feb Mar Apr May Jun Jul Aug Sep Oct Nov Dec
2009: Jan Feb Mar Apr May Jun Jul Aug Sep Oct Nov Dec
2008: Jan Feb Mar Apr May Jun Jul Aug Sep Oct Nov Dec
2007: Jan Feb Mar Apr May Jun Jul Aug Sep Oct Nov Dec
2006: Jan Feb Mar Apr May Jun Jul Aug Sep Oct Nov Dec
2005: Jan Feb Mar Apr May Jun Jul Aug Sep Oct Nov Dec
2004: Jan Feb Mar Apr May Jun Jul Aug Sep Oct Nov Dec

Report for 2018 July

Daily NOAA report



                            MONTHLY CLIMATOLOGICAL SUMMARY for JUL. 2018

NAME:    CITY:  STATE: 
ELEV:  LAT:  LONG: 

                            TEMPERATURE ( °F), RAIN (in.), WIND SPEED (mph)

                                               HEAT     COOL           AVG
      MEAN                                     DEG      DEG            WIND                       DOM
DAY   TEMP    HIGH   TIME     LOW    TIME      DAYS     DAYS    RAIN   SPEED    HIGH    TIME      DIR
--------------------------------------------------------------------------------------------------------
01    79.5   094.6   14:18    68.1   00:00     00.0     14.6   00.06   04.3     25.3    15:07     SSW
02    75.3   088.2   16:35    59.7   06:14     00.0     10.4   00.00   02.8     12.7    12:44     SSW
03    78.3   088.5   15:09    65.7   05:48     00.0     13.3   00.00   02.0     10.3    15:14      SE
04    79.6   097.5   15:17    68.9   02:58     00.0     14.6   00.87   02.0     16.1    17:24      S 
05    79.2   089.8   15:37    71.1   00:00     00.0     14.2   00.00   03.3     12.7    22:25      W 
06    70.3   079.5   16:12    57.6   00:00     00.0     05.3   00.00   01.9     09.2    02:12     ESE
07    69.9   084.6   14:57    50.4   05:15     00.0     04.9   00.00   02.3     12.7    18:25      S 
08    74.9   088.2   16:25    59.4   05:41     00.0     10.0   00.00   03.2     13.8    17:12      S 
09    78.9   090.3   17:09    66.0   05:36     00.0     14.0   00.00   03.2     17.3    12:58      SW
10    75.8   088.2   15:05    61.9   05:52     00.0     10.9   00.00   01.5     10.3    13:11      N 
11    73.2   086.4   12:05    57.7   05:50     00.0     08.3   00.00   01.5     09.2    13:43     ESE
12    74.1   084.6   18:42    63.3   05:45     00.0     09.2   00.20   02.2     12.7    14:08     SSE
13    77.2   087.3   15:28    71.1   00:00     00.0     12.3   00.09   01.9     12.7    00:07      S 
14    78.7   091.0   15:44    70.3   00:00     00.0     13.7   00.03   01.2     09.2    16:41     SSW
15    79.7   091.9   15:04    67.5   06:08     00.0     14.7   00.00   01.5     09.2    14:21      S 
16    78.6   086.9   16:27    72.1   00:00     00.0     13.6   00.00   03.2     16.1    14:09      W 
17    70.2   079.9   16:46    57.7   00:00     00.0     05.3   00.00   02.1     09.2    13:51      N 
18    67.6   083.8   15:46    53.1   04:59     00.0     02.6   00.00   01.6     10.3    16:22      SE
19    71.3   083.8   13:21    57.6   04:58     00.0     06.4   00.05   02.4     10.3    23:19     ESE
20    71.8   081.0   14:43    66.6   05:11     00.0     06.9   00.20   03.4     13.8    11:36      E 
21    68.7   074.5   17:33    65.8   00:00     00.0     03.7   00.46   04.3     16.1    23:09      N 
22    70.2   081.0   16:20    64.9   07:12     00.0     05.2   00.01   03.7     14.9    06:57      N 
23    71.7   082.2   16:02    61.5   05:51     00.0     06.7   00.00   02.6     10.3    13:40      N 
24    75.2   088.8   14:16    60.3   06:09     00.0     10.2   00.00   02.1     12.7    15:15     WSW
25    72.6   085.3   16:30    58.5   06:02     00.0     07.7   00.22   02.0     10.3    21:29      SW
26    66.6   073.9   17:21    59.9   06:49     00.0     01.7   00.01   03.7     13.8    20:42     WSW
27    65.8   073.9   14:37    58.5   06:13     00.0     00.9   00.00   03.1     10.3    17:45     WNW
28    67.7   082.2   15:52    52.2   05:39     00.0     02.8   00.00   01.5     10.3    17:55     SSW
29    69.8   086.0   12:50    57.6   05:53     00.0     04.9   00.67   01.0     09.2    12:50     SSW
30    70.1   084.6   12:15    57.4   06:06     00.0     05.1   00.00   00.9     09.2    14:03      SE
31    71.8   086.2   15:02    55.9   06:06     00.0     06.8   00.00   00.9     06.9    18:35     SSE
--------------------------------------------------------------------------------------------------------
73.4 (73.6)   97.5  day 04     50.4  day 07   000.0    261.1   00.00   02.4     25.3   day 01     SSW
Max >=  86: 16
Min  .008in) 7 (> .08in) 1 (> 0.8in)