NOAA-Style Climate Reports

Select a Year or Month report
2018: Jan Feb Mar Apr May Jun Jul Aug Sep Oct Nov Dec
2017: Jan Feb Mar Apr May Jun Jul Aug Sep Oct Nov Dec
2016: Jan Feb Mar Apr May Jun Jul Aug Sep Oct Nov Dec
2015: Jan Feb Mar Apr May Jun Jul Aug Sep Oct Nov Dec
2014: Jan Feb Mar Apr May Jun Jul Aug Sep Oct Nov Dec
2013: Jan Feb Mar Apr May Jun Jul Aug Sep Oct Nov Dec
2012: Jan Feb Mar Apr May Jun Jul Aug Sep Oct Nov Dec
2011: Jan Feb Mar Apr May Jun Jul Aug Sep Oct Nov Dec
2010: Jan Feb Mar Apr May Jun Jul Aug Sep Oct Nov Dec
2009: Jan Feb Mar Apr May Jun Jul Aug Sep Oct Nov Dec
2008: Jan Feb Mar Apr May Jun Jul Aug Sep Oct Nov Dec
2007: Jan Feb Mar Apr May Jun Jul Aug Sep Oct Nov Dec
2006: Jan Feb Mar Apr May Jun Jul Aug Sep Oct Nov Dec
2005: Jan Feb Mar Apr May Jun Jul Aug Sep Oct Nov Dec
2004: Jan Feb Mar Apr May Jun Jul Aug Sep Oct Nov Dec

Report for 2018 August

Daily NOAA report



                            MONTHLY CLIMATOLOGICAL SUMMARY for AUG. 2018

NAME:    CITY:  STATE: 
ELEV:  LAT:  LONG: 

                            TEMPERATURE ( °F), RAIN (in.), WIND SPEED (mph)

                                               HEAT     COOL           AVG
      MEAN                                     DEG      DEG            WIND                       DOM
DAY   TEMP    HIGH   TIME     LOW    TIME      DAYS     DAYS    RAIN   SPEED    HIGH    TIME      DIR
--------------------------------------------------------------------------------------------------------
01    71.9   088.5   14:13    62.8   05:23     00.0     06.9   00.14   02.1     17.3    14:57      SW
02    63.7   066.0   19:45    60.1   08:16     01.3     00.0   00.00   01.5     10.3    13:40      N 
03    68.8   081.3   14:44    57.6   06:26     00.0     03.8   00.00   01.6     10.3    14:56      S 
04    78.0   090.3   16:45    66.0   04:38     00.0     13.1   00.20   02.9     17.3    22:45     SSE
05    79.9   088.2   15:21    71.1   00:03     00.0     15.0   00.00   04.2     19.6    14:37     SSW
06    74.0   083.8   17:00    66.4   23:24     00.0     09.1   00.02   03.1     14.9    19:01      SW
07    68.7   075.4   13:48    62.4   00:00     00.0     03.8   00.00   01.1     05.8    12:00     ENE
08    73.1   085.5   15:59    59.7   01:51     00.0     08.2   00.00   02.2     12.7    17:26      SW
09    75.2   087.3   14:51    63.3   00:00     00.0     10.2   00.03   01.8     12.7    13:17      N 
10    74.8   088.5   15:16    60.1   04:37     00.0     09.9   00.00   01.2     09.2    14:41     SSW
11    74.9   089.1   12:40    61.3   06:22     00.0     10.0   00.00   01.4     10.3    12:25      W 
12    74.5   091.6   15:39    59.9   06:21     00.0     09.6   00.00   00.9     06.9    17:40      SE
13    75.5   091.4   14:36    59.2   06:26     00.0     10.5   00.00   01.3     06.9    18:31     SSE
14    78.6   091.8   16:15    66.6   06:36     00.0     13.6   00.00   02.3     12.7    14:59     SSW
15    76.4   090.3   14:03    67.5   06:10     00.0     11.4   00.00   01.4     10.3    15:05     ENE
16    75.1   087.3   14:19    68.4   04:02     00.0     10.2   00.00   00.9     06.9    15:13     NNE
17    75.7   086.7   15:44    66.4   04:42     00.0     10.8   00.00   01.6     09.2    09:57      N 
18    69.8   080.1   16:11    59.9   00:00     00.0     04.9   00.00   02.3     09.2    09:13      N 
19    69.7   084.6   14:55    55.2   05:37     00.0     04.7   00.00   00.9     06.9    16:25     SSE
20    70.8   079.3   16:02    63.0   03:44     00.0     05.8   00.00   01.3     06.9    17:28      NE
21    67.4   072.0   15:06    59.2   00:00     00.0     02.4   00.20   03.4     14.9    18:41     NNW
22    66.0   081.3   13:45    50.7   06:47     00.0     01.1   00.00   02.2     14.9    16:13     WSW
23    68.7   083.7   14:28    54.9   05:07     00.0     03.8   00.00   02.4     14.9    15:32     SSW
24    66.9   072.5   14:53    63.0   00:50     00.0     02.0   00.00   02.9     12.7    17:46      SE
25    69.5   078.4   17:56    63.7   03:15     00.0     04.5   00.09   01.4     08.1    12:31      SW
26    70.6   085.3   14:26    61.0   05:04     00.0     05.7   00.72   01.5     19.6    18:08     SSE
27    75.9   086.1   13:24    67.5   00:00     00.0     10.9   00.80   02.6     20.7    22:31     SSE
28    71.2   081.9   13:56    66.6   20:14     00.0     06.3   03.29   02.9     19.6    15:17      S 
29    63.4   071.4   15:39    58.3   21:21     01.5     00.0   00.04   02.0     10.3    09:32     NNW
30    61.9   073.5   16:28    49.6   06:46     03.0     00.0   00.00   01.5     08.1    19:09     ESE
31    69.0   081.9   14:13    54.0   00:46     00.0     04.1   00.00   02.8     14.9    16:35      SE
--------------------------------------------------------------------------------------------------------
71.6 (72.3)   91.8  day 14     49.6  day 30   005.8    212.3   02.88   02.0     20.7   day 27      S 
Max >=  86: 13
Min  .008in) 7 (> .08in) 1 (> 0.8in)