NOAA-Style Climate Reports

Select a Year or Month report
2018: Jan Feb Mar Apr May Jun Jul Aug Sep Oct Nov Dec
2017: Jan Feb Mar Apr May Jun Jul Aug Sep Oct Nov Dec
2016: Jan Feb Mar Apr May Jun Jul Aug Sep Oct Nov Dec
2015: Jan Feb Mar Apr May Jun Jul Aug Sep Oct Nov Dec
2014: Jan Feb Mar Apr May Jun Jul Aug Sep Oct Nov Dec
2013: Jan Feb Mar Apr May Jun Jul Aug Sep Oct Nov Dec
2012: Jan Feb Mar Apr May Jun Jul Aug Sep Oct Nov Dec
2011: Jan Feb Mar Apr May Jun Jul Aug Sep Oct Nov Dec
2010: Jan Feb Mar Apr May Jun Jul Aug Sep Oct Nov Dec
2009: Jan Feb Mar Apr May Jun Jul Aug Sep Oct Nov Dec
2008: Jan Feb Mar Apr May Jun Jul Aug Sep Oct Nov Dec
2007: Jan Feb Mar Apr May Jun Jul Aug Sep Oct Nov Dec
2006: Jan Feb Mar Apr May Jun Jul Aug Sep Oct Nov Dec
2005: Jan Feb Mar Apr May Jun Jul Aug Sep Oct Nov Dec
2004: Jan Feb Mar Apr May Jun Jul Aug Sep Oct Nov Dec

Report for 2018 September

Daily NOAA report



                            MONTHLY CLIMATOLOGICAL SUMMARY for SEP. 2018

NAME:    CITY:  STATE: 
ELEV:  LAT:  LONG: 

                            TEMPERATURE ( °F), RAIN (in.), WIND SPEED (mph)

                                               HEAT     COOL           AVG
      MEAN                                     DEG      DEG            WIND                       DOM
DAY   TEMP    HIGH   TIME     LOW    TIME      DAYS     DAYS    RAIN   SPEED    HIGH    TIME      DIR
--------------------------------------------------------------------------------------------------------
01    74.0   081.7   16:41    68.0   23:35     00.0     09.1   00.00   02.2     14.9    09:51      S 
02    72.7   083.8   14:45    66.6   03:08     00.0     07.8   00.03   02.4     12.7    12:59      S 
03    69.7   078.1   14:04    66.0   07:37     00.0     04.7   00.15   01.5     06.9    00:24     ESE
04    77.1   090.3   14:40    67.1   00:08     00.0     12.1   02.68   02.5     13.8    15:07      S 
05    72.3   077.5   02:16    63.1   00:00     00.0     07.3   00.47   03.2     18.4    07:29     WSW
06    62.4   072.7   14:45    48.9   00:00     02.5     00.0   00.00   02.2     09.2    12:29      N 
07    59.0   072.1   11:14    47.7   06:15     05.9     00.0   00.00   01.2     08.1    16:30     NNE
08    59.5   072.3   14:08    49.6   07:04     05.5     00.0   00.00   02.4     12.7    14:07     NNE
09    57.9   069.8   14:52    45.7   06:56     07.0     00.0   00.00   01.7     10.3    15:58     ENE
10    56.9   073.8   16:19    43.0   06:14     08.1     00.0   00.00   00.7     05.8    15:57      SW
11    65.6   080.2   15:55    51.4   02:49     00.0     00.7   00.00   02.2     12.7    13:55      S 
12    70.0   083.8   15:35    58.3   03:16     00.0     05.1   00.00   02.6     12.7    12:36      S 
13    66.5   081.7   13:23    53.8   06:54     00.0     01.5   00.00   01.6     12.7    17:28      SE
14    70.4   086.7   15:17    54.1   05:50     00.0     05.5   00.00   01.4     08.1    15:30      S 
15    72.9   089.2   15:40    58.8   06:47     00.0     08.0   00.00   01.2     09.2    12:17     SSE
16    72.4   087.1   15:18    59.0   06:48     00.0     07.4   00.00   01.4     09.2    17:46      SE
17    75.3   090.5   15:10    61.0   00:00     00.0     10.3   00.65   02.7     19.6    20:35      S 
18    60.7   067.9   15:37    55.9   04:50     04.3     00.0   00.00   01.6     08.1    01:12      N 
19    59.7   063.7   14:03    56.7   07:11     05.2     00.0   00.15   01.2     06.9    06:06     ENE
20    65.5   075.4   00:00    58.5   01:36     00.0     00.6   00.11   01.8     10.3    23:57      E 
21    62.0   078.8   00:28    43.9   23:56     02.9     00.0   00.45   06.8     21.9    13:06     WSW
22    52.1   066.0   15:43    38.7   05:53     12.8     00.0   00.00   01.8     08.1    17:04      S 
23    57.1   073.8   15:00    43.0   06:44     07.8     00.0   00.00   01.4     09.2    16:08      SE
24    62.7   073.0   15:08    50.4   01:57     02.3     00.0   00.00   02.4     12.7    16:28     ESE
25    65.1   075.0   12:06    54.7   00:00     00.0     00.2   00.09   02.8     14.9    17:02      SW
26    53.3   063.9   16:23    45.1   07:00     11.7     00.0   00.00   03.4     12.7    14:24     WSW
27    56.4   070.2   14:53    45.5   02:37     08.5     00.0   00.00   03.6     18.4    11:10      S 
28    50.9   056.5   16:49    41.5   23:58     14.0     00.0   00.00   03.7     13.8    15:41     WSW
29    42.3   047.7   10:07    33.4   07:03     22.7     00.0   00.00   01.6     09.2    03:19     WSW
30    47.3   052.5   17:55    42.1   00:59     17.6     00.0   00.00   00.8     05.8    13:53      NE
--------------------------------------------------------------------------------------------------------
63.0 (63.5)   90.5  day 17     33.4  day 29   139.0    080.3   05.54   02.2     21.9   day 21      S 
Max >=  86: 5
Min  .008in) 8 (> .08in) 1 (> 0.8in)