NOAA-Style Climate Reports

Select a Year or Month report
2019: Jan Feb Mar Apr May Jun Jul Aug Sep Oct Nov Dec
2018: Jan Feb Mar Apr May Jun Jul Aug Sep Oct Nov Dec
2017: Jan Feb Mar Apr May Jun Jul Aug Sep Oct Nov Dec
2016: Jan Feb Mar Apr May Jun Jul Aug Sep Oct Nov Dec
2015: Jan Feb Mar Apr May Jun Jul Aug Sep Oct Nov Dec
2014: Jan Feb Mar Apr May Jun Jul Aug Sep Oct Nov Dec
2013: Jan Feb Mar Apr May Jun Jul Aug Sep Oct Nov Dec
2012: Jan Feb Mar Apr May Jun Jul Aug Sep Oct Nov Dec
2011: Jan Feb Mar Apr May Jun Jul Aug Sep Oct Nov Dec
2010: Jan Feb Mar Apr May Jun Jul Aug Sep Oct Nov Dec
2009: Jan Feb Mar Apr May Jun Jul Aug Sep Oct Nov Dec
2008: Jan Feb Mar Apr May Jun Jul Aug Sep Oct Nov Dec
2007: Jan Feb Mar Apr May Jun Jul Aug Sep Oct Nov Dec
2006: Jan Feb Mar Apr May Jun Jul Aug Sep Oct Nov Dec
2005: Jan Feb Mar Apr May Jun Jul Aug Sep Oct Nov Dec
2004: Jan Feb Mar Apr May Jun Jul Aug Sep Oct Nov Dec

Report for 2018 November

Daily NOAA report



                            MONTHLY CLIMATOLOGICAL SUMMARY for NOV. 2018

NAME:    CITY:  STATE: 
ELEV:  LAT:  LONG: 

                            TEMPERATURE ( °F), RAIN (in.), WIND SPEED (mph)

                                               HEAT     COOL           AVG
      MEAN                                     DEG      DEG            WIND                       DOM
DAY   TEMP    HIGH   TIME     LOW    TIME      DAYS     DAYS    RAIN   SPEED    HIGH    TIME      DIR
--------------------------------------------------------------------------------------------------------
01    37.7   048.0   12:49    31.6   22:55     27.3     00.0   00.00   01.1     09.2    13:40     NNE
02    38.0   045.0   12:32    31.1   07:42     27.0     00.0   00.00   02.4     08.1    20:49     NNW
03    38.7   046.9   15:07    32.5   02:51     26.2     00.0   00.00   01.8     09.2    10:41      N 
04    42.1   048.4   00:00    37.0   00:27     22.9     00.0   00.44   06.6     23.0    19:31     ESE
05    43.8   048.6   01:37    41.5   07:57     21.1     00.0   00.08   04.4     18.4    05:08      S 
06    41.9   045.5   13:43    35.1   00:00     23.1     00.0   00.40   04.7     20.7    22:53      W 
07    34.7   037.8   10:45    32.5   08:32     30.2     00.0   00.00   06.6     18.4    02:09     WSW
08    31.5   034.0   00:04    29.5   20:20     33.5     00.0   00.00   02.7     12.7    02:54     WSW
09    26.8   032.5   13:03    19.2   22:14     38.2     00.0   00.00   04.7     18.4    14:00     WSW
10    25.6   030.7   10:39    21.2   00:07     39.3     00.0   00.00   04.8     21.9    03:00     WSW
11    29.6   033.8   12:54    23.7   03:27     35.3     00.0   00.00   03.1     10.3    23:27     SSW
12    27.3   030.7   14:05    21.9   00:00     37.6     00.0   00.00   05.1     17.3    21:17      W 
13    19.0   025.2   12:46    13.1   00:00     46.0     00.0   00.00   05.3     12.7    13:38      W 
14    21.2   031.6   14:47    10.8   06:24     43.8     00.0   00.00   02.5     06.9    17:33      S 
15    30.5   041.7   14:33    17.2   07:11     34.5     00.0   00.00   02.3     12.7    11:28     SSE
16    33.6   039.4   11:20    30.7   05:44     31.3     00.0   00.00   05.2     14.9    16:34      W 
17    28.2   033.1   12:56    16.3   00:00     36.7     00.0   00.00   03.0     10.3    09:55     WNW
18    23.2   032.5   14:42    12.6   04:37     41.7     00.0   00.00   03.3     14.9    12:32      SW
19    26.4   031.1   13:39    23.4   09:17     38.5     00.0   00.00   04.0     14.9    19:55      NW
20    24.8   029.8   20:36    15.3   07:11     40.1     00.0   00.00   05.2     18.4    17:31      SW
21    23.3   028.2   00:18    19.6   07:40     41.6     00.0   00.00   04.1     14.9    02:09      N 
22    28.1   036.0   00:00    21.7   00:50     36.9     00.0   00.00   04.2     13.8    14:44     ESE
23    42.0   051.4   11:50    35.4   06:54     22.9     00.0   00.00   05.1     14.9    10:46      SE
24    39.9   042.1   13:49    34.2   23:53     25.0     00.0   00.21   03.6     12.7    18:13      SW
25    32.8   035.8   13:13    26.6   00:00     32.1     00.0   00.00   05.1     17.3    23:28      NW
26    26.6   031.3   14:15    24.6   09:30     38.3     00.0   00.00   06.3     19.6    09:42      NW
27    22.3   026.1   13:09    19.2   00:00     42.6     00.0   00.00   04.6     14.9    10:20      W 
28    20.5   030.0   13:40    11.1   07:23     44.4     00.0   00.00   01.4     09.2    12:25      S 
29    28.2   032.5   15:10    22.6   00:13     36.7     00.0   00.00   00.6     03.5    00:00     ESE
30    31.4   035.1   14:16    29.1   03:12     33.5     00.0   00.04   01.7     06.9    17:06     SSW
--------------------------------------------------------------------------------------------------------
30.7 (30.6)   51.4  day 23     10.8  day 14   1028.5    000.0   01.17   03.9     23.0   day 10     WSW
Max  0.8in)