NOAA-Style Climate Reports

Select a Year or Month report
2019: Jan Feb Mar Apr May Jun Jul Aug Sep Oct Nov Dec
2018: Jan Feb Mar Apr May Jun Jul Aug Sep Oct Nov Dec
2017: Jan Feb Mar Apr May Jun Jul Aug Sep Oct Nov Dec
2016: Jan Feb Mar Apr May Jun Jul Aug Sep Oct Nov Dec
2015: Jan Feb Mar Apr May Jun Jul Aug Sep Oct Nov Dec
2014: Jan Feb Mar Apr May Jun Jul Aug Sep Oct Nov Dec
2013: Jan Feb Mar Apr May Jun Jul Aug Sep Oct Nov Dec
2012: Jan Feb Mar Apr May Jun Jul Aug Sep Oct Nov Dec
2011: Jan Feb Mar Apr May Jun Jul Aug Sep Oct Nov Dec
2010: Jan Feb Mar Apr May Jun Jul Aug Sep Oct Nov Dec
2009: Jan Feb Mar Apr May Jun Jul Aug Sep Oct Nov Dec
2008: Jan Feb Mar Apr May Jun Jul Aug Sep Oct Nov Dec
2007: Jan Feb Mar Apr May Jun Jul Aug Sep Oct Nov Dec
2006: Jan Feb Mar Apr May Jun Jul Aug Sep Oct Nov Dec
2005: Jan Feb Mar Apr May Jun Jul Aug Sep Oct Nov Dec
2004: Jan Feb Mar Apr May Jun Jul Aug Sep Oct Nov Dec

Report for 2019 February

Daily NOAA report



                            MONTHLY CLIMATOLOGICAL SUMMARY for FEB. 2019

NAME:    CITY:  STATE: 
ELEV:  LAT:  LONG: 

                            TEMPERATURE ( °F), RAIN (in.), WIND SPEED (mph)

                                               HEAT     COOL           AVG
      MEAN                                     DEG      DEG            WIND                       DOM
DAY   TEMP    HIGH   TIME     LOW    TIME      DAYS     DAYS    RAIN   SPEED    HIGH    TIME      DIR
--------------------------------------------------------------------------------------------------------
01    04.7   015.3   00:00   -12.6   02:25     60.2     00.0   00.00   02.3     10.3    00:00     SSE
02    23.2   034.2   14:10    12.7   04:11     41.7     00.0   00.00   02.0     16.1    01:46     SSW
03    38.9   042.6   12:54    30.6   00:02     26.0     00.0   00.17   02.7     10.3    11:58     SSW
04    34.1   039.2   14:54    26.8   00:00     30.8     00.0   00.11   03.8     17.3    21:05      W 
05    18.3   026.8   00:06    15.1   09:37     46.6     00.0   00.00   04.6     14.9    01:29      N 
06    21.1   025.0   12:22    19.2   00:00     43.9     00.0   00.00   04.0     10.3    15:59     NNE
07    21.7   030.0   13:48    09.3   00:00     43.3     00.0   00.02   04.5     18.4    22:21     NNW
08    04.2   010.6   03:10   -02.7   00:00     60.7     00.0   00.00   06.7     18.4    06:46     WSW
09    03.3   014.4   14:14   -08.5   07:03     61.6     00.0   00.00   02.0     08.1    12:31     SSW
10    16.4   024.3   15:19    09.9   00:18     48.5     00.0   00.00   02.7     08.1    11:03     NNE
11    23.5   029.1   13:28    17.1   07:05     41.5     00.0   00.00   03.9     12.7    20:52      NE
12    23.7   032.4   12:29    16.2   00:00     41.3     00.0   00.00   05.0     13.8    14:41      N 
13    21.8   030.7   14:47    16.2   22:20     43.1     00.0   00.00   05.4     18.4    06:26     WSW
14    30.5   042.0   12:23    16.3   03:24     34.4     00.0   00.20   03.2     19.6    23:15      SW
15    14.9   023.7   14:41    06.4   07:36     50.1     00.0   00.00   06.2     20.7    03:14     WSW
16    13.3   029.1   13:32    01.0   07:12     51.6     00.0   00.00   01.5     08.1    23:16      E 
17    18.9   025.3   10:35    13.6   00:06     46.0     00.0   00.00   05.2     20.7    14:26     NNE
18    17.7   027.3   15:16    08.8   00:00     47.2     00.0   00.00   03.3     10.3    06:36     NNW
19    14.8   028.2   14:01    02.1   07:01     50.1     00.0   00.00   01.9     08.1    15:38      S 
20    26.2   032.5   21:40    13.3   00:16     38.8     00.0   00.00   03.6     18.4    11:49      SE
21    23.6   030.7   15:01    11.5   00:00     41.3     00.0   00.00   04.7     18.4    03:03      SW
22    21.1   034.9   14:21    06.3   06:46     43.9     00.0   00.02   01.1     06.9    12:55      S 
23    31.8   037.6   13:47    25.2   00:26     33.1     00.0   00.44   03.0     19.6    11:17     ENE
24    25.6   032.2   03:41    08.6   00:00     39.3     00.0   00.06   10.2     31.1    16:24     WSW
25    05.6   012.6   14:40   -02.4   07:30     59.4     00.0   00.00   06.1     20.7    03:41      W 
26    07.6   014.4   13:31    03.0   05:30     57.4     00.0   00.00   03.6     12.7    09:02     NNE
27    14.1   026.2   12:20    03.4   00:00     50.9     00.0   00.00   03.3     09.2    17:06     WNW
28    08.0   017.9   14:17   -04.5   06:50     56.9     00.0   00.00   03.4     12.7    15:39      S 
--------------------------------------------------------------------------------------------------------
18.9 (18.4)   42.6  day 03    -12.6  day 01   1289.7    000.0   01.02   03.9     31.1   day 24      W 
Max