NOAA-Style Climate Reports

Select a Year or Month report
2019: Jan Feb Mar Apr May Jun Jul Aug Sep Oct Nov Dec
2018: Jan Feb Mar Apr May Jun Jul Aug Sep Oct Nov Dec
2017: Jan Feb Mar Apr May Jun Jul Aug Sep Oct Nov Dec
2016: Jan Feb Mar Apr May Jun Jul Aug Sep Oct Nov Dec
2015: Jan Feb Mar Apr May Jun Jul Aug Sep Oct Nov Dec
2014: Jan Feb Mar Apr May Jun Jul Aug Sep Oct Nov Dec
2013: Jan Feb Mar Apr May Jun Jul Aug Sep Oct Nov Dec
2012: Jan Feb Mar Apr May Jun Jul Aug Sep Oct Nov Dec
2011: Jan Feb Mar Apr May Jun Jul Aug Sep Oct Nov Dec
2010: Jan Feb Mar Apr May Jun Jul Aug Sep Oct Nov Dec
2009: Jan Feb Mar Apr May Jun Jul Aug Sep Oct Nov Dec
2008: Jan Feb Mar Apr May Jun Jul Aug Sep Oct Nov Dec
2007: Jan Feb Mar Apr May Jun Jul Aug Sep Oct Nov Dec
2006: Jan Feb Mar Apr May Jun Jul Aug Sep Oct Nov Dec
2005: Jan Feb Mar Apr May Jun Jul Aug Sep Oct Nov Dec
2004: Jan Feb Mar Apr May Jun Jul Aug Sep Oct Nov Dec

Report for 2019 April

Daily NOAA report



                            MONTHLY CLIMATOLOGICAL SUMMARY for APR. 2019

NAME:    CITY:  STATE: 
ELEV:  LAT:  LONG: 

                            TEMPERATURE ( °F), RAIN (in.), WIND SPEED (mph)

                                               HEAT     COOL           AVG
      MEAN                                     DEG      DEG            WIND                       DOM
DAY   TEMP    HIGH   TIME     LOW    TIME      DAYS     DAYS    RAIN   SPEED    HIGH    TIME      DIR
--------------------------------------------------------------------------------------------------------
01    31.0   039.7   18:30    18.1   05:57     33.9     00.0   00.00   02.1     13.8    10:51      SE
02    38.7   048.6   17:02    32.5   03:53     26.2     00.0   00.03   05.0     26.4    22:13     SSW
03    39.9   052.2   15:13    28.8   06:57     25.0     00.0   00.00   05.0     21.9    01:26      W 
04    38.4   043.5   00:00    26.8   06:52     26.5     00.0   00.00   04.9     12.7    11:39     NNE
05    43.5   043.5   00:00    43.5   00:00     21.4     00.0   00.00   06.9     10.3    00:00      N 
06    43.5   043.5   00:00    43.5   00:00     21.4     00.0   00.00   06.9     10.3    00:00      N 
07    45.6   057.7   13:56    43.5   13:54     19.3     00.0   00.36   04.6     10.3    13:55      N 
08    56.3   071.4   16:05    43.9   06:55     08.6     00.0   00.01   04.8     25.3    18:17      SW
09    45.1   060.1   14:02    34.9   00:00     19.9     00.0   00.00   05.4     23.0    16:20     WNW
10    35.8   040.5   14:07    32.9   00:00     29.1     00.0   00.00   05.1     16.1    03:33      NE
11    31.8   033.8   00:00    29.1   08:23     33.2     00.0   00.01   05.3     19.6    15:43     ENE
12    38.1   045.0   10:09    32.9   02:18     26.9     00.0   00.28   07.0     24.1    16:00     SSW
13    38.7   038.7   00:00    38.7   00:00     26.2     00.0   00.00   09.2     10.3    00:00     SSW
14    37.4   038.7   14:23    27.5   00:00     27.5     00.0   00.00   07.2     24.1    14:27     SSW
15    40.6   055.2   16:18    22.1   06:39     24.4     00.0   00.00   02.5     10.3    18:49      S 
16    47.2   060.1   16:43    38.7   00:00     17.7     00.0   00.04   03.0     10.3    13:20     ENE
17    42.0   047.5   10:46    36.5   06:04     23.0     00.0   00.60   02.8     10.3    23:32     ENE
18    42.1   045.1   16:29    38.7   10:01     22.8     00.0   00.01   04.4     16.1    23:07      NW
19    46.1   057.7   16:45    35.8   00:00     18.8     00.0   00.00   05.7     19.6    09:05      N 
20    48.4   066.6   16:53    25.7   06:08     16.5     00.0   00.00   01.6     08.1    13:33      NE
21    58.6   077.7   14:27    46.6   03:56     06.4     00.0   00.00   03.0     12.7    16:50      SW
22    48.0   057.7   10:08    41.2   04:09     16.9     00.0   01.38   05.3     18.4    23:28      N 
23    49.7   066.6   16:04    38.7   00:00     15.2     00.0   00.08   05.3     17.3    12:50      NW
24    52.9   069.6   15:17    33.4   06:37     12.1     00.0   00.00   03.5     19.6    14:05      S 
25    53.0   061.7   12:21    46.4   06:18     11.9     00.0   00.19   02.9     10.3    09:55      SW
26    52.0   061.2   14:54    43.0   00:00     12.9     00.0   00.01   06.6     24.1    17:11     WNW
27    38.7   043.2   17:22    31.0   00:00     26.3     00.0   00.00   03.6     18.4    03:14      N 
28    43.0   058.5   14:46    25.2   05:23     22.0     00.0   00.00   02.8     16.1    15:04      SE
29    40.1   043.9   07:07    36.5   11:04     24.9     00.0   00.18   03.4     17.3    08:22      E 
30    39.8   044.1   14:37    37.4   04:38     25.1     00.0   00.02   03.4     12.7    04:40     NNE
--------------------------------------------------------------------------------------------------------
43.5 (43.8)   77.7  day 21     18.1  day 01   642.2    000.0   03.20   04.6     26.5   day 02     NNW
Min  .08in) 1 (> 0.8in)