NOAA-Style Climate Reports

Select a Year or Month report
2019: Jan Feb Mar Apr May Jun Jul Aug Sep Oct Nov Dec
2018: Jan Feb Mar Apr May Jun Jul Aug Sep Oct Nov Dec
2017: Jan Feb Mar Apr May Jun Jul Aug Sep Oct Nov Dec
2016: Jan Feb Mar Apr May Jun Jul Aug Sep Oct Nov Dec
2015: Jan Feb Mar Apr May Jun Jul Aug Sep Oct Nov Dec
2014: Jan Feb Mar Apr May Jun Jul Aug Sep Oct Nov Dec
2013: Jan Feb Mar Apr May Jun Jul Aug Sep Oct Nov Dec
2012: Jan Feb Mar Apr May Jun Jul Aug Sep Oct Nov Dec
2011: Jan Feb Mar Apr May Jun Jul Aug Sep Oct Nov Dec
2010: Jan Feb Mar Apr May Jun Jul Aug Sep Oct Nov Dec
2009: Jan Feb Mar Apr May Jun Jul Aug Sep Oct Nov Dec
2008: Jan Feb Mar Apr May Jun Jul Aug Sep Oct Nov Dec
2007: Jan Feb Mar Apr May Jun Jul Aug Sep Oct Nov Dec
2006: Jan Feb Mar Apr May Jun Jul Aug Sep Oct Nov Dec
2005: Jan Feb Mar Apr May Jun Jul Aug Sep Oct Nov Dec
2004: Jan Feb Mar Apr May Jun Jul Aug Sep Oct Nov Dec

Report for 2019 May

Daily NOAA report



                            MONTHLY CLIMATOLOGICAL SUMMARY for MAY. 2019

NAME:    CITY:  STATE: 
ELEV:  LAT:  LONG: 

                            TEMPERATURE ( °F), RAIN (in.), WIND SPEED (mph)

                                               HEAT     COOL           AVG
      MEAN                                     DEG      DEG            WIND                       DOM
DAY   TEMP    HIGH   TIME     LOW    TIME      DAYS     DAYS    RAIN   SPEED    HIGH    TIME      DIR
--------------------------------------------------------------------------------------------------------
01    39.5   041.4   12:42    37.9   23:57     25.5     00.0   00.43   05.4     20.7    09:46     NNE
02    44.8   055.9   15:38    37.6   03:24     20.1     00.0   00.00   01.9     06.9    14:15     NNW
03    46.1   056.7   14:22    36.7   00:00     18.9     00.0   00.00   02.2     09.2    13:32     ENE
04    52.7   070.5   16:50    32.5   05:33     12.2     00.0   00.00   02.8     10.3    20:04      S 
05    60.4   075.6   15:44    48.6   00:00     04.6     00.0   00.00   04.3     14.9    23:39     SSW
06    49.1   059.4   16:14    43.0   00:00     15.8     00.0   00.00   03.3     12.7    08:31     NNE
07    46.4   056.8   13:28    37.8   22:24     18.5     00.0   00.00   03.2     12.7    01:17      NE
08    42.8   052.9   09:44    35.4   04:08     22.1     00.0   00.60   03.3     14.9    19:22     ENE
09    46.8   052.2   10:29    42.1   00:00     18.1     00.0   00.16   03.7     13.8    20:02     WNW
10    46.5   060.1   13:53    35.4   05:22     18.4     00.0   00.00   03.7     14.9    14:07     WNW
11    49.0   060.4   12:11    35.1   06:06     16.0     00.0   00.00   01.9     09.2    10:10      SE
12    47.2   059.0   12:29    31.6   05:33     17.8     00.0   00.00   03.2     14.9    16:37      N 
13    51.6   064.6   16:22    36.9   02:09     13.4     00.0   00.00   02.5     10.3    10:48      N 
14    59.4   075.0   15:40    42.1   03:54     05.6     00.0   00.00   02.9     12.7    13:54     SSW
15    63.9   079.2   14:31    52.5   00:00     01.1     00.0   00.00   03.5     13.8    18:12      SW
16    61.1   079.3   17:00    48.0   02:44     03.8     00.0   00.10   03.9     18.4    11:36      S 
17    51.7   062.1   16:10    44.8   05:32     13.2     00.0   00.00   04.0     19.6    02:58      NE
18    45.3   048.9   15:50    41.4   06:31     19.6     00.0   00.06   03.9     19.6    18:55     NNE
19    44.4   046.9   18:57    42.4   07:02     20.6     00.0   00.73   04.7     17.3    04:50      N 
20    49.8   062.2   16:34    40.3   04:17     15.1     00.0   00.01   04.1     16.1    08:05      NW
21    51.6   063.9   12:38    37.6   04:52     13.4     00.0   00.01   02.5     12.7    12:40      E 
22    57.1   072.3   20:07    45.7   04:24     07.9     00.0   00.25   03.8     20.7    04:29     ESE
23    61.2   067.3   17:37    50.2   23:45     03.8     00.0   00.00   04.8     18.4    17:15     WSW
24    54.5   062.4   17:45    48.6   01:58     10.4     00.0   00.01   02.4     10.3    18:34     ESE
25    71.2   086.4   15:24    57.7   00:25     00.0     06.3   00.18   04.7     19.6    17:24      SW
26    64.0   075.4   16:29    52.5   06:20     00.9     00.0   00.00   01.2     08.1    11:35     ESE
27    53.1   059.7   13:08    49.8   05:54     11.8     00.0   01.39   02.6     10.3    23:18      NE
28    53.5   062.2   18:56    48.2   07:36     11.5     00.0   00.02   04.2     17.3    07:23     NNE
29    62.2   075.0   14:04    48.0   06:02     02.8     00.0   00.00   01.8     09.2    18:32      SW
30    65.3   081.3   15:42    51.3   00:00     00.0     00.4   00.00   02.2     10.3    19:08      SW
31    67.2   089.8   15:27    46.6   03:33     00.0     02.3   00.35   03.6     21.9    16:20      SW
--------------------------------------------------------------------------------------------------------
53.5 (54.1)   89.8  day 31     31.6  day 12   362.7    008.9   04.30   03.3     21.9   day 22     NNE
Max >=  86: 2
Min  .008in) 9 (> .08in) 1 (> 0.8in)