NOAA-Style Climate Reports

Select a Year or Month report
2020: Jan Feb Mar Apr May Jun Jul Aug Sep Oct Nov Dec
2019: Jan Feb Mar Apr May Jun Jul Aug Sep Oct Nov Dec
2018: Jan Feb Mar Apr May Jun Jul Aug Sep Oct Nov Dec
2017: Jan Feb Mar Apr May Jun Jul Aug Sep Oct Nov Dec
2016: Jan Feb Mar Apr May Jun Jul Aug Sep Oct Nov Dec
2015: Jan Feb Mar Apr May Jun Jul Aug Sep Oct Nov Dec
2014: Jan Feb Mar Apr May Jun Jul Aug Sep Oct Nov Dec
2013: Jan Feb Mar Apr May Jun Jul Aug Sep Oct Nov Dec
2012: Jan Feb Mar Apr May Jun Jul Aug Sep Oct Nov Dec
2011: Jan Feb Mar Apr May Jun Jul Aug Sep Oct Nov Dec
2010: Jan Feb Mar Apr May Jun Jul Aug Sep Oct Nov Dec
2009: Jan Feb Mar Apr May Jun Jul Aug Sep Oct Nov Dec
2008: Jan Feb Mar Apr May Jun Jul Aug Sep Oct Nov Dec
2007: Jan Feb Mar Apr May Jun Jul Aug Sep Oct Nov Dec
2006: Jan Feb Mar Apr May Jun Jul Aug Sep Oct Nov Dec
2005: Jan Feb Mar Apr May Jun Jul Aug Sep Oct Nov Dec
2004: Jan Feb Mar Apr May Jun Jul Aug Sep Oct Nov Dec

Report for 2019 June


Daily NOAA report







                            MONTHLY CLIMATOLOGICAL SUMMARY for JUN. 2019



NAME:    CITY:  STATE: 

ELEV:  LAT:  LONG: 



                            TEMPERATURE ( °F), RAIN (in.), WIND SPEED (mph)



                                               HEAT     COOL           AVG

      MEAN                                     DEG      DEG            WIND                       DOM

DAY   TEMP    HIGH   TIME     LOW    TIME      DAYS     DAYS    RAIN   SPEED    HIGH    TIME      DIR

--------------------------------------------------------------------------------------------------------

01    55.8   064.9   15:16    49.5   06:50     09.1     00.0   00.19   02.1     12.7    05:59      N 

02    55.8   071.1   15:13    41.2   00:00     09.1     00.0   00.00   02.7     17.3    15:33     NNW

03    54.3   070.3   15:25    36.7   05:25     10.6     00.0   00.00   01.9     10.3    18:56     SSE

04    65.8   078.1   13:43    49.3   05:44     00.0     00.9   00.16   02.8     14.9    14:35      S 

05    65.4   077.5   15:56    57.7   00:00     00.0     00.5   00.03   02.0     10.3    09:58      N 

06    66.9   081.9   15:18    53.1   05:44     00.0     01.9   00.00   01.5     08.1    14:03      E 

07    71.0   086.4   16:23    52.3   05:46     00.0     06.1   00.00   01.3     09.2    11:42     ESE

08    70.2   084.4   15:25    53.1   04:39     00.0     05.2   00.00   02.0     12.7    14:40     ESE

09    64.1   070.0   15:43    57.7   03:54     00.8     00.0   00.00   01.0     05.8    15:25     NNE

10    63.9   075.0   17:33    52.5   23:43     01.0     00.0   00.01   05.0     26.4    20:10     WNW

11    64.7   081.9   14:00    47.7   06:07     00.2     00.0   00.00   01.6     10.3    17:24      S 

12    57.4   063.0   14:38    51.1   22:38     07.5     00.0   00.99   02.9     19.6    21:17      N 

13    60.0   072.5   16:41    50.0   05:45     04.9     00.0   00.00   04.7     19.6    13:01      NW

14    56.7   064.9   00:00    50.0   04:08     08.2     00.0   00.31   01.9     12.7    23:20      S 

15    61.1   068.4   14:47    55.0   11:05     03.8     00.0   00.00   03.3     17.3    02:04     ENE

16    57.0   064.0   16:52    51.3   05:59     08.0     00.0   00.00   02.3     10.3    04:45     NNE

17    64.2   076.2   16:21    52.2   04:05     00.8     00.0   00.00   01.3     06.9    12:09      E 

18    64.7   073.0   12:40    55.2   02:58     00.3     00.0   00.02   01.2     06.9    23:04     SSW

19    62.5   072.9   15:46    56.7   09:55     02.4     00.0   00.00   03.2     14.9    15:27     NNE

20    65.1   076.5   16:25    54.1   00:00     00.0     00.1   00.00   03.6     12.7    14:21      N 

21    64.3   079.2   12:57    47.7   05:35     00.6     00.0   00.00   01.7     10.3    14:32     NNE

22    66.0   079.9   14:26    51.3   05:32     00.0     01.1   00.00   02.4     10.3    17:18      E 

23    68.4   079.5   13:31    58.5   00:24     00.0     03.4   00.00   03.6     18.4    16:58     ESE

24    67.8   077.4   11:47    61.9   00:00     00.0     02.8   00.77   02.1     23.0    16:53     SSW

25    71.5   083.5   13:57    58.8   05:45     00.0     06.6   00.00   04.6     18.4    16:33     SSW

26    74.8   085.5   17:19    60.3   06:22     00.0     09.9   00.00   02.9     12.7    15:07      SW

27    73.3   091.4   14:37    61.0   03:42     00.0     08.4   00.33   01.7     20.7    17:31      S 

28    72.4   081.7   16:21    64.8   06:35     00.0     07.4   00.40   01.4     12.7    03:13     ESE

29    76.9   090.7   16:33    64.9   06:13     00.0     12.0   00.00   01.5     06.9    17:12     SSW

30    71.9   080.4   16:37    64.9   13:00     00.0     06.9   00.08   01.1     14.9    11:31     ESE

--------------------------------------------------------------------------------------------------------

65.1 (65.4)   91.4  day 27     36.7  day 03   067.4    073.2   03.30   02.4     26.5   day 13      SE

Max >=  86: 3

Min  .008in) 8 (> .08in) 1 (> 0.8in)