NOAA-Style Climate Reports

Select a Year or Month report
2020: Jan Feb Mar Apr May Jun Jul Aug Sep Oct Nov Dec
2019: Jan Feb Mar Apr May Jun Jul Aug Sep Oct Nov Dec
2018: Jan Feb Mar Apr May Jun Jul Aug Sep Oct Nov Dec
2017: Jan Feb Mar Apr May Jun Jul Aug Sep Oct Nov Dec
2016: Jan Feb Mar Apr May Jun Jul Aug Sep Oct Nov Dec
2015: Jan Feb Mar Apr May Jun Jul Aug Sep Oct Nov Dec
2014: Jan Feb Mar Apr May Jun Jul Aug Sep Oct Nov Dec
2013: Jan Feb Mar Apr May Jun Jul Aug Sep Oct Nov Dec
2012: Jan Feb Mar Apr May Jun Jul Aug Sep Oct Nov Dec
2011: Jan Feb Mar Apr May Jun Jul Aug Sep Oct Nov Dec
2010: Jan Feb Mar Apr May Jun Jul Aug Sep Oct Nov Dec
2009: Jan Feb Mar Apr May Jun Jul Aug Sep Oct Nov Dec
2008: Jan Feb Mar Apr May Jun Jul Aug Sep Oct Nov Dec
2007: Jan Feb Mar Apr May Jun Jul Aug Sep Oct Nov Dec
2006: Jan Feb Mar Apr May Jun Jul Aug Sep Oct Nov Dec
2005: Jan Feb Mar Apr May Jun Jul Aug Sep Oct Nov Dec
2004: Jan Feb Mar Apr May Jun Jul Aug Sep Oct Nov Dec

Report for 2019 July


Daily NOAA report







                            MONTHLY CLIMATOLOGICAL SUMMARY for JUL. 2019



NAME:    CITY:  STATE: 

ELEV:  LAT:  LONG: 



                            TEMPERATURE ( °F), RAIN (in.), WIND SPEED (mph)



                                               HEAT     COOL           AVG

      MEAN                                     DEG      DEG            WIND                       DOM

DAY   TEMP    HIGH   TIME     LOW    TIME      DAYS     DAYS    RAIN   SPEED    HIGH    TIME      DIR

--------------------------------------------------------------------------------------------------------

01    73.8   085.6   15:06    64.9   04:02     00.0     08.9   00.00   01.7     12.7    17:45     SSW

02    73.6   081.0   17:45    67.0   00:00     00.0     08.7   00.30   01.0     09.2    12:36     WSW

03    76.2   090.5   14:37    63.3   05:14     00.0     11.3   00.00   01.1     08.1    14:05     ESE

04    77.5   092.3   15:46    64.4   03:31     00.0     12.5   00.01   01.9     10.3    17:21      S 

05    78.8   090.0   16:30    68.0   05:16     00.0     13.8   00.03   01.7     10.3    15:40     WNW

06    70.6   076.8   17:22    62.1   23:48     00.0     05.6   00.25   03.0     14.9    14:06      N 

07    66.6   078.3   15:05    54.7   05:12     00.0     01.6   00.00   01.7     08.1    16:00      N 

08    67.5   083.1   15:04    52.5   05:22     00.0     02.6   00.00   00.9     06.9    19:11     ESE

09    71.1   087.3   15:10    53.4   05:57     00.0     06.2   00.00   02.1     10.3    20:46      SE

10    79.6   091.8   13:02    69.6   04:24     00.0     14.6   00.00   04.2     18.4    17:16     SSW

11    73.0   083.8   16:29    59.0   00:00     00.0     08.1   00.00   03.3     14.9    11:33     NNW

12    73.0   087.8   16:38    54.0   06:13     00.0     08.1   00.00   02.8     12.7    17:01     SSW

13    77.5   087.6   16:28    64.9   00:00     00.0     12.5   00.00   02.4     10.3    13:40      W 

14    73.7   088.2   15:45    57.6   05:43     00.0     08.7   00.00   01.9     12.7    15:55      SE

15    79.0   091.8   15:14    68.5   07:19     00.0     14.0   00.00   03.6     19.6    16:17      S 

16    80.9   091.9   16:45    69.4   02:20     00.0     15.9   00.05   03.2     19.6    00:07      SW

17    75.6   085.1   14:26    68.0   00:00     00.0     10.7   00.00   02.2     09.2    17:01      NE

18    76.2   084.2   18:04    67.6   00:30     00.0     11.3   00.17   02.7     16.1    17:49     SSW

19    82.1   093.6   15:58    68.4   23:00     00.0     17.2   00.95   02.3     26.4    21:45      S 

20    71.0   078.4   10:48    64.9   00:00     00.0     06.1   00.99   02.2     33.4    12:18      NW

21    71.5   085.2   14:10    57.9   05:34     00.0     06.6   00.00   01.7     10.3    14:36      N 

22    71.0   080.1   16:17    58.5   05:58     00.0     06.0   00.00   03.2     12.7    14:30     NNW

23    69.3   081.9   15:06    58.5   00:00     00.0     04.4   00.00   02.4     17.3    15:27      NW

24    71.1   086.0   15:35    54.7   05:29     00.0     06.2   00.00   01.8     10.3    19:34      SW

25    74.6   088.2   14:26    59.9   05:17     00.0     09.7   00.00   01.9     10.3    19:16      S 

26    73.3   082.9   14:38    67.1   05:38     00.0     08.3   00.00   02.8     14.9    16:30     SSE

27    79.9   089.9   14:51    69.4   00:00     00.0     14.9   00.00   04.0     18.4    16:25      SW

28    76.5   090.5   13:57    65.5   06:08     00.0     11.6   00.40   01.6     10.3    17:39     SSW

29    75.5   084.6   15:02    68.4   04:56     00.0     10.6   00.13   04.1     13.8    16:09     WSW

30    67.7   076.3   17:58    56.5   23:45     00.0     02.8   00.00   02.6     10.3    11:34     NNW

31    66.2   079.5   16:04    52.2   06:21     00.0     01.2   00.00   01.3     08.1    13:45     NNE

--------------------------------------------------------------------------------------------------------

74.0 (74.0)   93.6  day 19     52.2  day 31   000.0    280.7   03.28   02.4     33.4   day 20      SW

Max >=  86: 15

Min  .008in) 7 (> .08in) 2 (> 0.8in)