NOAA-Style Climate Reports

Select a Year or Month report
2020: Jan Feb Mar Apr May Jun Jul Aug Sep Oct Nov Dec
2019: Jan Feb Mar Apr May Jun Jul Aug Sep Oct Nov Dec
2018: Jan Feb Mar Apr May Jun Jul Aug Sep Oct Nov Dec
2017: Jan Feb Mar Apr May Jun Jul Aug Sep Oct Nov Dec
2016: Jan Feb Mar Apr May Jun Jul Aug Sep Oct Nov Dec
2015: Jan Feb Mar Apr May Jun Jul Aug Sep Oct Nov Dec
2014: Jan Feb Mar Apr May Jun Jul Aug Sep Oct Nov Dec
2013: Jan Feb Mar Apr May Jun Jul Aug Sep Oct Nov Dec
2012: Jan Feb Mar Apr May Jun Jul Aug Sep Oct Nov Dec
2011: Jan Feb Mar Apr May Jun Jul Aug Sep Oct Nov Dec
2010: Jan Feb Mar Apr May Jun Jul Aug Sep Oct Nov Dec
2009: Jan Feb Mar Apr May Jun Jul Aug Sep Oct Nov Dec
2008: Jan Feb Mar Apr May Jun Jul Aug Sep Oct Nov Dec
2007: Jan Feb Mar Apr May Jun Jul Aug Sep Oct Nov Dec
2006: Jan Feb Mar Apr May Jun Jul Aug Sep Oct Nov Dec
2005: Jan Feb Mar Apr May Jun Jul Aug Sep Oct Nov Dec
2004: Jan Feb Mar Apr May Jun Jul Aug Sep Oct Nov Dec

Report for 2019 August


Daily NOAA report







                            MONTHLY CLIMATOLOGICAL SUMMARY for AUG. 2019



NAME:    CITY:  STATE: 

ELEV:  LAT:  LONG: 



                            TEMPERATURE ( °F), RAIN (in.), WIND SPEED (mph)



                                               HEAT     COOL           AVG

      MEAN                                     DEG      DEG            WIND                       DOM

DAY   TEMP    HIGH   TIME     LOW    TIME      DAYS     DAYS    RAIN   SPEED    HIGH    TIME      DIR

--------------------------------------------------------------------------------------------------------

01    67.5   083.8   15:02    48.6   06:28     00.0     02.5   00.00   01.0     06.9    18:15     SSE

02    73.5   089.6   15:40    56.8   05:49     00.0     08.6   00.00   01.5     10.3    16:18      S 

03    73.2   091.4   15:06    64.4   00:00     00.0     08.3   00.26   01.4     21.9    16:19     WNW

04    73.8   087.1   15:38    61.2   06:21     00.0     08.9   00.00   01.1     05.8    19:22     SSE

05    72.8   088.5   13:07    64.0   20:41     00.0     07.8   02.10   02.6     19.6    19:22     SSW

06    73.1   085.9   14:02    64.0   06:48     00.0     08.2   00.00   01.7     09.2    15:02      W 

07    71.5   087.3   15:51    61.7   05:53     00.0     06.6   00.62   02.7     19.6    18:00     SSW

08    70.0   079.9   15:00    61.0   06:11     00.0     05.1   00.00   03.3     12.7    15:24      W 

09    68.7   080.8   16:36    55.0   06:24     00.0     03.7   00.00   02.4     12.7    15:12     WSW

10    70.4   082.6   16:44    56.5   05:35     00.0     05.5   00.00   01.5     09.2    13:43     SSW

11    71.8   080.8   16:46    65.8   00:06     00.0     06.8   00.00   00.9     05.8    12:33      S 

12    72.6   082.5   16:13    62.4   06:07     00.0     07.6   00.00   01.2     09.2    17:13      NE

13    67.4   075.9   09:50    60.3   23:55     00.0     02.4   00.02   02.3     12.7    12:29     NNE

14    68.2   074.3   11:25    60.6   00:05     00.0     03.2   00.00   03.3     10.3    11:50     NNE

15    71.1   071.1   00:00    71.1   00:00     00.0     06.2   00.00   03.5     03.5    00:00     NNE

16    71.1   071.1   00:00    71.1   00:00     00.0     06.2   00.00   03.5     03.5    00:00     NNE

17    71.4   082.8   17:12    64.0   00:00     00.0     06.5   00.20   02.7     08.1    18:51      NE

18    71.2   078.8   15:52    64.0   00:06     00.0     06.3   00.00   03.6     19.6    09:26      SW

19    68.9   081.3   14:45    54.0   06:38     00.0     03.9   00.00   01.3     10.3    13:04     SSW

20    71.1   085.5   15:47    54.0   06:32     00.0     06.2   00.00   01.5     10.3    18:32     SSW

21    71.3   081.0   15:31    61.5   00:00     00.0     06.3   00.00   02.6     12.7    20:55      NW

22    62.6   071.4   12:58    51.1   05:41     02.3     00.0   00.00   01.1     09.2    11:57     NNE

23    61.5   073.0   15:33    50.2   06:02     03.5     00.0   00.00   01.6     10.3    13:07      N 

24    63.0   078.1   15:18    48.9   06:45     01.9     00.0   00.00   01.4     10.3    15:00     ESE

25    64.7   076.8   12:42    52.3   06:17     00.3     00.0   00.00   01.7     10.3    15:54     ESE

26    64.3   066.4   12:26    62.2   02:26     00.7     00.0   00.65   01.0     08.1    13:00     ENE

27    67.1   079.3   13:35    58.3   22:27     00.0     02.2   00.00   04.3     16.1    15:43      SW

28    61.8   069.4   16:15    54.9   23:59     03.1     00.0   00.00   04.9     19.6    16:14      SW

29    64.2   078.3   15:41    50.7   04:14     00.7     00.0   00.38   02.8     16.1    15:39      SW

30    62.6   074.3   15:45    50.4   06:40     02.4     00.0   00.00   02.3     10.3    16:06      W 

31    59.6   072.3   15:14    47.3   05:32     05.3     00.0   00.00   00.9     06.9    15:06     ESE

--------------------------------------------------------------------------------------------------------

68.4 (68.9)   91.4  day 03     47.3  day 31   020.2    128.9   04.23   02.2     21.9   day 05     WSW

Max >=  86: 5

Min  .008in) 6 (> .08in) 1 (> 0.8in)