NOAA-Style Climate Reports

Select a Year or Month report
2020: Jan Feb Mar Apr May Jun Jul Aug Sep Oct Nov Dec
2019: Jan Feb Mar Apr May Jun Jul Aug Sep Oct Nov Dec
2018: Jan Feb Mar Apr May Jun Jul Aug Sep Oct Nov Dec
2017: Jan Feb Mar Apr May Jun Jul Aug Sep Oct Nov Dec
2016: Jan Feb Mar Apr May Jun Jul Aug Sep Oct Nov Dec
2015: Jan Feb Mar Apr May Jun Jul Aug Sep Oct Nov Dec
2014: Jan Feb Mar Apr May Jun Jul Aug Sep Oct Nov Dec
2013: Jan Feb Mar Apr May Jun Jul Aug Sep Oct Nov Dec
2012: Jan Feb Mar Apr May Jun Jul Aug Sep Oct Nov Dec
2011: Jan Feb Mar Apr May Jun Jul Aug Sep Oct Nov Dec
2010: Jan Feb Mar Apr May Jun Jul Aug Sep Oct Nov Dec
2009: Jan Feb Mar Apr May Jun Jul Aug Sep Oct Nov Dec
2008: Jan Feb Mar Apr May Jun Jul Aug Sep Oct Nov Dec
2007: Jan Feb Mar Apr May Jun Jul Aug Sep Oct Nov Dec
2006: Jan Feb Mar Apr May Jun Jul Aug Sep Oct Nov Dec
2005: Jan Feb Mar Apr May Jun Jul Aug Sep Oct Nov Dec
2004: Jan Feb Mar Apr May Jun Jul Aug Sep Oct Nov Dec

Report for 2019 September


Daily NOAA report







                            MONTHLY CLIMATOLOGICAL SUMMARY for SEP. 2019



NAME:    CITY:  STATE: 

ELEV:  LAT:  LONG: 



                            TEMPERATURE ( °F), RAIN (in.), WIND SPEED (mph)



                                               HEAT     COOL           AVG

      MEAN                                     DEG      DEG            WIND                       DOM

DAY   TEMP    HIGH   TIME     LOW    TIME      DAYS     DAYS    RAIN   SPEED    HIGH    TIME      DIR

--------------------------------------------------------------------------------------------------------

01    63.1   076.8   15:04    47.7   06:34     01.8     00.0   00.00   01.6     09.2    14:41     SSW

02    66.9   077.7   15:59    60.3   22:52     00.0     01.9   00.00   01.8     06.9    22:26      E 

03    68.6   081.9   15:36    60.4   04:10     00.0     03.7   01.48   03.7     18.4    16:05      SW

04    59.2   067.1   16:21    50.0   00:00     05.8     00.0   00.00   02.5     13.8    00:47     WNW

05    58.0   072.3   13:39    45.9   06:28     06.9     00.0   00.31   01.4     13.8    14:25      S 

06    61.8   067.8   14:02    51.8   00:00     03.1     00.0   00.00   02.9     14.9    14:58      NW

07    61.5   072.4   12:09    51.4   03:15     03.4     00.0   00.00   02.0     10.3    17:16     WNW

08    57.6   065.1   14:56    53.2   07:13     07.3     00.0   00.00   01.7     09.2    13:13      NE

09    59.4   066.9   14:00    50.7   02:43     05.5     00.0   00.21   01.8     17.3    23:56      E 

10    71.8   082.2   16:16    63.0   00:47     00.0     06.9   01.74   03.2     19.6    13:42      S 

11    62.1   069.3   00:07    57.6   00:00     02.9     00.0   02.05   02.8     17.3    19:41     NNE

12    59.7   062.1   00:00    57.6   00:14     05.2     00.0   00.58   02.9     12.7    07:16      NE

13    65.9   074.7   10:55    59.0   20:46     00.0     01.0   00.12   05.8     20.7    11:57      SW

14    62.7   074.3   15:12    52.5   06:53     02.3     00.0   00.01   02.9     18.4    00:47      SW

15    66.6   079.3   14:29    58.5   06:47     00.0     01.7   00.00   01.2     08.1    01:51      N 

16    67.5   087.3   15:57    57.6   03:07     00.0     02.5   00.00   00.7     05.8    14:02     SSW

17    66.9   082.0   14:22    56.3   06:56     00.0     02.0   00.00   01.6     10.3    20:33      SE

18    71.4   086.0   14:57    62.2   06:43     00.0     06.5   00.00   02.2     16.1    16:00     SSE

19    70.0   079.3   15:51    65.5   23:59     00.0     05.1   00.21   01.5     14.9    04:39      S 

20    69.2   082.2   15:07    60.4   06:18     00.0     04.2   00.00   00.6     09.2    13:14      E 

21    71.8   079.9   11:38    63.7   03:42     00.0     06.9   00.00   02.6     21.9    11:00      S 

22    68.7   074.3   00:51    61.6   00:00     00.0     03.8   01.08   02.0     19.6    23:49     SSW

23    63.5   074.5   16:07    56.1   07:21     01.4     00.0   00.05   02.0     18.4    13:16      W 

24    66.9   079.9   16:15    53.1   06:05     00.0     02.0   00.00   02.4     25.3    22:37     SSW

25    66.7   073.9   13:16    58.8   23:48     00.0     01.7   00.07   03.5     20.7    13:52     WSW

26    58.8   068.5   16:06    49.8   07:25     06.1     00.0   00.00   02.4     21.9    12:53     WSW

27    59.0   065.7   14:21    54.3   07:21     06.0     00.0   00.43   01.0     13.8    13:29     SSW

28    55.4   061.7   15:15    49.5   22:50     09.6     00.0   00.00   02.4     18.4    09:16     NNE

29    54.9   060.4   13:26    50.0   07:45     10.0     00.0   00.11   01.2     11.5    15:36     ENE

30    70.8   085.6   16:04    56.3   00:13     00.0     05.8   00.00   03.0     18.4    15:42      S 

--------------------------------------------------------------------------------------------------------

64.2 (65.1)   87.3  day 16     45.9  day 05   077.4    055.5   08.47   02.2     25.3   day 13     SSW

Max >=  86: 2

Min  .008in) 11 (> .08in) 4 (> 0.8in)