NOAA-Style Climate Reports

Select a Year or Month report
2020: Jan Feb Mar Apr May Jun Jul Aug Sep Oct Nov Dec
2019: Jan Feb Mar Apr May Jun Jul Aug Sep Oct Nov Dec
2018: Jan Feb Mar Apr May Jun Jul Aug Sep Oct Nov Dec
2017: Jan Feb Mar Apr May Jun Jul Aug Sep Oct Nov Dec
2016: Jan Feb Mar Apr May Jun Jul Aug Sep Oct Nov Dec
2015: Jan Feb Mar Apr May Jun Jul Aug Sep Oct Nov Dec
2014: Jan Feb Mar Apr May Jun Jul Aug Sep Oct Nov Dec
2013: Jan Feb Mar Apr May Jun Jul Aug Sep Oct Nov Dec
2012: Jan Feb Mar Apr May Jun Jul Aug Sep Oct Nov Dec
2011: Jan Feb Mar Apr May Jun Jul Aug Sep Oct Nov Dec
2010: Jan Feb Mar Apr May Jun Jul Aug Sep Oct Nov Dec
2009: Jan Feb Mar Apr May Jun Jul Aug Sep Oct Nov Dec
2008: Jan Feb Mar Apr May Jun Jul Aug Sep Oct Nov Dec
2007: Jan Feb Mar Apr May Jun Jul Aug Sep Oct Nov Dec
2006: Jan Feb Mar Apr May Jun Jul Aug Sep Oct Nov Dec
2005: Jan Feb Mar Apr May Jun Jul Aug Sep Oct Nov Dec
2004: Jan Feb Mar Apr May Jun Jul Aug Sep Oct Nov Dec

Report for 2019 December

Daily NOAA report



                            MONTHLY CLIMATOLOGICAL SUMMARY for DEC. 2019

NAME:    CITY:  STATE: 
ELEV:  LAT:  LONG: 

                            TEMPERATURE ( °F), RAIN (in.), WIND SPEED (mph)

                                               HEAT     COOL           AVG
      MEAN                                     DEG      DEG            WIND                       DOM
DAY   TEMP    HIGH   TIME     LOW    TIME      DAYS     DAYS    RAIN   SPEED    HIGH    TIME      DIR
--------------------------------------------------------------------------------------------------------
01    30.3   033.8   11:27    26.4   00:00     34.6     00.0   00.02   03.7     31.1    14:24      N 
02    27.4   035.2   11:13    16.7   20:56     37.5     00.0   00.00   02.5     16.1    03:55     NNW
03    29.5   036.7   12:11    18.9   00:01     35.5     00.0   00.00   02.8     18.4    10:11      SW
04    31.6   034.0   13:33    28.6   05:55     33.4     00.0   00.00   03.8     18.4    15:04      W 
05    31.3   037.4   13:23    26.1   02:42     33.7     00.0   00.00   01.1     11.5    22:49     SSW
06    27.5   035.1   12:27    19.8   18:35     37.4     00.0   00.00   02.5     23.0    06:38     WNW
07    30.8   037.2   12:48    22.3   00:18     34.1     00.0   00.00   02.6     23.0    00:00     SSW
08    35.8   043.9   14:54    28.8   23:35     29.1     00.0   00.17   04.0     28.8    01:54     SSW
09    30.4   034.3   08:05    20.5   00:00     34.5     00.0   00.00   02.7     18.4    23:38      N 
10    13.4   021.7   13:14    03.9   23:49     51.5     00.0   00.00   05.0     21.9    09:23      W 
11    05.9   012.2   12:55    00.5   07:34     59.0     00.0   00.00   04.1     20.7    08:33     WSW
12    22.3   032.5   18:20    08.6   00:01     42.6     00.0   00.00   01.1     10.3    14:53      N 
13    25.4   029.7   12:49    22.1   07:13     39.5     00.0   00.00   00.7     05.8    15:01      W 
14    24.7   028.4   10:27    18.1   00:00     40.2     00.0   00.00   03.4     23.0    15:44      W 
15    13.4   022.3   11:15    06.6   07:31     51.5     00.0   00.00   02.1     14.9    00:21     WSW
16    20.7   026.4   13:05    11.7   00:12     44.2     00.0   00.00   03.3     17.3    19:22     WSW
17    21.1   028.2   13:01    10.9   00:00     43.9     00.0   00.00   03.8     23.0    21:23      W 
18    08.1   014.7   12:27   -00.4   07:50     56.8     00.0   00.00   03.7     18.4    01:08      W 
19    20.7   029.5   12:58    13.8   02:19     44.3     00.0   00.00   01.8     16.1    07:20     SSW
20    31.9   038.7   12:43    23.5   00:20     33.1     00.0   00.01   02.1     17.3    15:45      SE
21    34.5   042.1   11:08    28.0   07:54     30.5     00.0   00.01   03.7     16.1    23:19     SSW
22    38.8   047.3   11:21    32.4   05:50     26.1     00.0   00.03   04.2     19.6    10:56     SSW
23    35.5   045.3   11:34    30.2   07:16     29.4     00.0   00.00   02.9     19.6    13:26      NE
24    35.5   041.0   14:35    30.2   04:32     29.5     00.0   00.00   01.7     12.7    09:22     ESE
25    34.9   036.5   14:47    33.6   23:59     30.0     00.0   00.01   00.8     10.3    14:34      NE
26    34.7   039.2   11:16    29.8   08:00     30.3     00.0   00.01   02.5     18.4    13:23     WSW
27    30.1   034.5   00:16    22.1   23:50     34.8     00.0   00.00   04.1     21.9    13:16     WSW
28    30.7   037.2   21:58    21.2   03:29     34.2     00.0   00.11   01.3     14.9    22:35      E 
29    43.3   051.6   14:45    35.2   01:02     21.6     00.0   00.80   01.8     13.8    07:15     ESE
30    34.6   043.5   01:40    27.1   00:00     30.3     00.0   00.54   04.4     27.6    10:19     WSW
--------------------------------------------------------------------------------------------------------
27.8 (27.5)   51.6  day 29    -00.4  day 18   1113.2    000.0   01.73   02.8     31.1   day 08     WSW
Max