NOAA-Style Climate Reports

Select a Year or Month report
2020: Jan Feb Mar Apr May Jun Jul Aug Sep Oct Nov Dec
2019: Jan Feb Mar Apr May Jun Jul Aug Sep Oct Nov Dec
2018: Jan Feb Mar Apr May Jun Jul Aug Sep Oct Nov Dec
2017: Jan Feb Mar Apr May Jun Jul Aug Sep Oct Nov Dec
2016: Jan Feb Mar Apr May Jun Jul Aug Sep Oct Nov Dec
2015: Jan Feb Mar Apr May Jun Jul Aug Sep Oct Nov Dec
2014: Jan Feb Mar Apr May Jun Jul Aug Sep Oct Nov Dec
2013: Jan Feb Mar Apr May Jun Jul Aug Sep Oct Nov Dec
2012: Jan Feb Mar Apr May Jun Jul Aug Sep Oct Nov Dec
2011: Jan Feb Mar Apr May Jun Jul Aug Sep Oct Nov Dec
2010: Jan Feb Mar Apr May Jun Jul Aug Sep Oct Nov Dec
2009: Jan Feb Mar Apr May Jun Jul Aug Sep Oct Nov Dec
2008: Jan Feb Mar Apr May Jun Jul Aug Sep Oct Nov Dec
2007: Jan Feb Mar Apr May Jun Jul Aug Sep Oct Nov Dec
2006: Jan Feb Mar Apr May Jun Jul Aug Sep Oct Nov Dec
2005: Jan Feb Mar Apr May Jun Jul Aug Sep Oct Nov Dec
2004: Jan Feb Mar Apr May Jun Jul Aug Sep Oct Nov Dec

Report for 2020 June

Daily NOAA report



                            MONTHLY CLIMATOLOGICAL SUMMARY for JUN. 2020

NAME:    CITY:  STATE: 
ELEV:  LAT:  LONG: 

                            TEMPERATURE ( °F), RAIN (in.), WIND SPEED (mph)

                                               HEAT     COOL           AVG
      MEAN                                     DEG      DEG            WIND                       DOM
DAY   TEMP    HIGH   TIME     LOW    TIME      DAYS     DAYS    RAIN   SPEED    HIGH    TIME      DIR
--------------------------------------------------------------------------------------------------------
01    61.0   069.3   12:02    50.5   02:27     04.0     00.0   00.12   01.7     17.3    13:17     SSE
02    78.1   093.7   17:23    65.8   05:28     00.0     13.2   00.13   03.0     25.3    21:23      SW
03    75.6   086.7   16:40    63.9   06:07     00.0     10.7   00.00   02.3     18.4    15:54      W 
04    72.1   084.9   17:04    60.6   05:39     00.0     07.1   00.00   01.1     11.5    13:56     NNW
05    69.8   080.4   18:15    61.3   08:01     00.0     04.8   00.25   01.3     16.1    07:20     SSW
06    66.5   068.4   00:09    59.9   05:55     00.0     01.5   00.00   03.3     11.5    07:16     NNW
07    68.2   068.2   00:00    68.2   00:00     00.0     03.3   00.00   04.6     06.9    00:00     NNW
08    76.5   087.6   15:53    68.2   08:28     00.0     11.6   00.00   03.4     16.1    16:44     ENE
09    73.0   081.7   10:40    63.1   21:34     00.0     08.1   00.39   01.9     21.9    22:57      SE
10    70.1   081.1   13:45    59.4   21:09     00.0     05.2   00.53   04.4     32.2    17:18      SW
11    64.5   075.0   13:56    51.8   00:00     00.5     00.0   00.15   03.6     36.8    14:55      W 
12    54.5   066.0   16:23    46.4   03:46     10.4     00.0   00.02   01.2     10.3    18:29      E 
13    55.3   065.8   15:37    43.5   05:20     09.6     00.0   00.00   01.4     14.9    13:49     ENE
14    59.1   070.2   16:11    45.9   05:37     05.8     00.0   00.00   01.7     14.9    11:56     ESE
15    62.9   073.8   14:15    48.2   04:13     02.0     00.0   00.00   01.6     16.1    13:25      SE
16    69.0   084.4   16:56    51.8   05:58     00.0     04.1   00.00   01.7     13.8    17:53      S 
17    73.7   087.3   15:38    58.3   06:07     00.0     08.8   00.00   01.7     16.1    14:41      S 
18    75.6   088.3   14:45    62.6   03:25     00.0     10.6   00.00   01.7     21.9    17:38      S 
19    78.1   090.0   17:13    66.0   05:57     00.0     13.2   00.00   01.6     16.1    14:44      SW
20    69.2   072.1   16:27    66.4   21:41     00.0     04.2   00.87   00.8     09.2    20:24      NE
21    72.3   082.0   16:26    63.9   07:02     00.0     07.4   00.00   02.1     13.8    06:10     WSW
22    68.7   075.0   12:44    60.8   00:00     00.0     03.8   00.61   01.1     13.8    23:58      SW
23    63.5   074.3   13:44    55.6   05:02     01.4     00.0   00.40   03.2     25.3    12:15     NNW
24    64.5   077.7   15:24    54.0   06:08     00.5     00.0   00.04   01.5     16.1    16:08     WSW
25    70.4   081.7   14:49    59.7   07:21     00.0     05.5   00.00   01.9     14.9    15:27      SW
26    71.7   083.1   12:33    63.9   02:22     00.0     06.8   00.03   01.7     18.4    13:25     SSW
27    76.4   087.8   16:19    66.2   06:00     00.0     11.5   00.00   01.6     13.8    11:57      W 
28    74.0   083.1   16:52    64.9   05:42     00.0     09.1   00.00   01.5     13.8    12:39      SE
29    76.2   087.1   11:58    66.7   00:15     00.0     11.3   00.40   01.6     17.3    11:12      SE
30    78.4   088.0   16:22    67.1   03:49     00.0     13.5   00.00   01.4     12.7    14:49     ESE
--------------------------------------------------------------------------------------------------------
69.6 (69.7)   93.7  day 02     43.5  day 13   034.2    174.9   03.93   02.1     36.8   day 11      SW
Max >=  86: 9
Min  .008in) 10 (> .08in) 1 (> 0.8in)