NOAA-Style Climate Reports

Select a Year or Month report
2021: Jan Feb Mar Apr May Jun Jul Aug Sep Oct Nov Dec
2020: Jan Feb Mar Apr May Jun Jul Aug Sep Oct Nov Dec
2019: Jan Feb Mar Apr May Jun Jul Aug Sep Oct Nov Dec
2018: Jan Feb Mar Apr May Jun Jul Aug Sep Oct Nov Dec
2017: Jan Feb Mar Apr May Jun Jul Aug Sep Oct Nov Dec
2016: Jan Feb Mar Apr May Jun Jul Aug Sep Oct Nov Dec
2015: Jan Feb Mar Apr May Jun Jul Aug Sep Oct Nov Dec
2014: Jan Feb Mar Apr May Jun Jul Aug Sep Oct Nov Dec
2013: Jan Feb Mar Apr May Jun Jul Aug Sep Oct Nov Dec
2012: Jan Feb Mar Apr May Jun Jul Aug Sep Oct Nov Dec
2011: Jan Feb Mar Apr May Jun Jul Aug Sep Oct Nov Dec
2010: Jan Feb Mar Apr May Jun Jul Aug Sep Oct Nov Dec
2009: Jan Feb Mar Apr May Jun Jul Aug Sep Oct Nov Dec
2008: Jan Feb Mar Apr May Jun Jul Aug Sep Oct Nov Dec
2007: Jan Feb Mar Apr May Jun Jul Aug Sep Oct Nov Dec
2006: Jan Feb Mar Apr May Jun Jul Aug Sep Oct Nov Dec
2005: Jan Feb Mar Apr May Jun Jul Aug Sep Oct Nov Dec
2004: Jan Feb Mar Apr May Jun Jul Aug Sep Oct Nov Dec

Report for 2020 December

Daily NOAA report



                            MONTHLY CLIMATOLOGICAL SUMMARY for DEC. 2020

NAME:    CITY:  STATE: 
ELEV:  LAT:  LONG: 

                            TEMPERATURE ( °F), RAIN (in.), WIND SPEED (mph)

                                               HEAT     COOL           AVG
      MEAN                                     DEG      DEG            WIND                       DOM
DAY   TEMP    HIGH   TIME     LOW    TIME      DAYS     DAYS    RAIN   SPEED    HIGH    TIME      DIR
--------------------------------------------------------------------------------------------------------
01    28.1   036.9   14:56    21.2   07:31     36.8     00.0   00.00   02.9     16.1    09:44      NW
02    32.1   045.9   15:03    20.3   04:23     32.9     00.0   00.00   02.9     21.9    13:01      SW
03    36.2   042.8   14:53    30.7   02:10     28.7     00.0   00.00   04.6     24.1    12:50     WSW
04    34.8   039.2   00:03    29.3   22:06     30.1     00.0   00.00   02.5     16.1    10:43     NNW
05    29.4   031.5   14:53    27.7   08:11     35.5     00.0   00.00   01.4     11.5    00:41     NNW
06    31.6   034.2   15:23    30.0   00:06     33.4     00.0   00.00   01.0     12.7    14:45     WSW
07    33.0   035.6   13:28    31.5   01:47     32.0     00.0   00.00   01.9     11.5    16:29     WNW
08    31.9   033.4   21:01    30.0   07:52     33.1     00.0   00.00   05.2     26.4    10:02      SW
09    38.2   050.5   15:07    30.7   07:52     26.7     00.0   00.00   02.0     14.9    14:30     WSW
10    40.3   053.1   15:18    28.2   05:56     24.6     00.0   00.00   01.6     18.4    11:21     SSW
11    35.7   039.7   00:13    32.0   23:59     29.2     00.0   00.00   05.8     25.3    23:04      NE
12    30.2   032.2   15:22    26.8   23:58     34.7     00.0   00.01   06.9     33.4    09:36      N 
13    25.7   027.0   20:27    23.2   07:57     39.2     00.0   00.00   03.2     23.0    18:00     WSW
14    22.3   025.9   06:45    15.1   00:00     42.6     00.0   00.00   04.4     26.4    01:20      W 
15    17.8   022.8   15:07    09.5   05:57     47.2     00.0   00.00   00.6     08.1    00:07     NNE
16    27.6   034.5   13:02    22.5   00:18     37.4     00.0   00.00   00.9     11.5    14:21     ENE
17    28.8   032.0   13:03    25.7   05:40     36.2     00.0   00.00   00.5     08.1    12:31      E 
18    28.9   034.9   21:34    19.4   07:13     36.1     00.0   00.00   01.7     17.3    14:05      S 
19    33.5   035.2   12:40    32.4   23:22     31.5     00.0   00.00   00.8     06.9    12:46      SW
20    31.0   033.6   12:48    27.9   22:51     34.0     00.0   00.00   04.4     24.1    21:32      SW
21    33.1   037.6   15:29    26.6   02:45     31.8     00.0   00.01   03.1     19.6    02:54      W 
22    33.8   039.0   00:00    28.9   07:50     31.1     00.0   00.00   03.3     20.7    20:49     SSW
23    41.1   050.0   17:27    25.7   00:00     23.8     00.0   00.07   05.3     33.4    22:31      S 
24    15.8   025.7   00:11    10.8   00:00     49.1     00.0   00.00   07.0     27.6    00:02      W 
25    16.6   021.7   15:26    10.6   00:11     48.3     00.0   00.00   05.1     21.9    07:37      W 
26    22.7   026.6   17:28    17.8   00:27     42.2     00.0   00.00   03.1     17.3    04:00      W 
27    25.6   032.4   12:33    19.8   04:48     39.3     00.0   00.00   02.4     21.9    23:54      N 
28    22.2   026.8   13:34    16.9   00:00     42.8     00.0   00.00   03.5     23.0    05:09      W 
29    17.2   030.6   00:00    02.7   08:06     47.7     00.0   00.00   01.3     20.7    23:34     SSE
30    27.9   030.7   01:22    22.6   22:37     37.0     00.0   00.00   04.6     25.3    15:29     WSW
31    21.2   025.7   10:52    12.0   22:30     43.7     00.0   00.00   02.7     14.9    08:35     WSW
--------------------------------------------------------------------------------------------------------
28.8 (28.6)   53.1  day 10     02.7  day 29   1118.8    000.0   00.09   03.1     33.4   day 23      W 
Max