NOAA-Style Climate Reports

Select a Year or Month report
2021: Jan Feb Mar Apr May Jun Jul Aug Sep Oct Nov Dec
2020: Jan Feb Mar Apr May Jun Jul Aug Sep Oct Nov Dec
2019: Jan Feb Mar Apr May Jun Jul Aug Sep Oct Nov Dec
2018: Jan Feb Mar Apr May Jun Jul Aug Sep Oct Nov Dec
2017: Jan Feb Mar Apr May Jun Jul Aug Sep Oct Nov Dec
2016: Jan Feb Mar Apr May Jun Jul Aug Sep Oct Nov Dec
2015: Jan Feb Mar Apr May Jun Jul Aug Sep Oct Nov Dec
2014: Jan Feb Mar Apr May Jun Jul Aug Sep Oct Nov Dec
2013: Jan Feb Mar Apr May Jun Jul Aug Sep Oct Nov Dec
2012: Jan Feb Mar Apr May Jun Jul Aug Sep Oct Nov Dec
2011: Jan Feb Mar Apr May Jun Jul Aug Sep Oct Nov Dec
2010: Jan Feb Mar Apr May Jun Jul Aug Sep Oct Nov Dec
2009: Jan Feb Mar Apr May Jun Jul Aug Sep Oct Nov Dec
2008: Jan Feb Mar Apr May Jun Jul Aug Sep Oct Nov Dec
2007: Jan Feb Mar Apr May Jun Jul Aug Sep Oct Nov Dec
2006: Jan Feb Mar Apr May Jun Jul Aug Sep Oct Nov Dec
2005: Jan Feb Mar Apr May Jun Jul Aug Sep Oct Nov Dec
2004: Jan Feb Mar Apr May Jun Jul Aug Sep Oct Nov Dec

Report for 2021 February

Daily NOAA report



                            MONTHLY CLIMATOLOGICAL SUMMARY for FEB. 2021

NAME:    CITY:  STATE: 
ELEV:  LAT:  LONG: 

                            TEMPERATURE ( °F), RAIN (in.), WIND SPEED (mph)

                                               HEAT     COOL           AVG
      MEAN                                     DEG      DEG            WIND                       DOM
DAY   TEMP    HIGH   TIME     LOW    TIME      DAYS     DAYS    RAIN   SPEED    HIGH    TIME      DIR
--------------------------------------------------------------------------------------------------------
01    26.3   034.5   15:37    20.1   07:37     38.7     00.0   00.02   01.5     12.7    15:21      NW
02    28.1   036.0   15:18    18.9   22:32     36.9     00.0   00.01   02.3     14.9    12:59      NW
03    23.3   033.4   14:34    10.2   05:12     41.6     00.0   00.02   01.2     11.5    23:09      S 
04    31.7   036.7   11:40    23.4   00:00     33.2     00.0   00.01   02.6     16.1    13:14      SE
05    11.4   023.2   00:04    05.0   00:00     53.5     00.0   00.00   04.4     19.6    18:38     WSW
06    03.4   009.0   14:53   -04.7   00:00     61.6     00.0   00.00   04.8     24.1    19:43     WSW
07   -05.3   001.9   15:54   -13.0   07:29     70.2     00.0   00.00   04.2     18.4    14:15     WSW
08    00.1   005.9   15:50   -03.6   07:23     64.8     00.0   00.00   02.8     11.5    15:15     WSW
09   -00.5   009.7   16:34   -09.9   06:14     65.5     00.0   00.00   02.8     19.6    14:46      SW
10    03.0   010.8   14:11   -03.6   06:28     61.9     00.0   00.00   02.8     17.3    10:17      W 
11    03.4   009.5   20:07   -08.9   05:34     61.5     00.0   00.00   01.6     11.5    00:11     WNW
12    07.9   014.4   14:59    00.1   00:00     57.1     00.0   00.00   03.0     17.3    12:20      W 
13    02.0   007.5   11:51   -05.3   00:00     62.9     00.0   00.00   03.6     18.4    12:59     WNW
14   -02.8   006.3   15:01   -11.0   06:49     67.7     00.0   00.00   03.7     14.9    15:35      W 
15    00.3   006.4   21:24   -09.6   07:26     64.6     00.0   00.00   03.6     20.7    21:37      N 
16    11.4   021.2   14:26    04.6   07:13     53.6     00.0   00.00   03.5     19.6    02:02     NNW
17    11.6   027.0   13:28   -03.8   07:04     53.4     00.0   00.00   00.7     09.2    14:18     SSW
18    19.4   027.5   16:04    13.8   00:25     45.5     00.0   00.00   01.0     11.5    09:38      N 
19    17.6   024.6   11:58    08.1   23:44     47.3     00.0   00.00   02.0     12.7    15:56     WSW
20    12.9   022.8   13:36    05.7   03:03     52.0     00.0   00.00   01.7     14.9    14:36     SSW
21    23.9   033.4   13:00    07.7   03:10     41.0     00.0   00.00   02.3     17.3    16:39      SE
22    31.7   035.4   21:16    28.6   07:09     33.2     00.0   00.02   04.7     24.1    15:17      SW
23    39.1   047.7   14:41    30.9   05:48     25.8     00.0   00.23   03.0     16.1    12:59      SW
24    34.7   042.3   15:43    23.5   00:00     30.2     00.0   00.01   02.9     24.1    12:27      NW
25    30.7   040.6   15:39    22.6   06:48     34.2     00.0   00.00   03.2     19.6    12:00     WSW
26    33.6   044.2   14:02    23.5   06:29     31.3     00.0   00.00   04.0     24.1    14:06      S 
27    38.5   048.0   16:04    30.2   06:47     26.4     00.0   00.00   03.1     19.6    11:53     SSW
28    35.7   040.6   15:04    30.0   23:37     29.2     00.0   00.00   04.3     28.8    17:10      W 
--------------------------------------------------------------------------------------------------------
16.9 (16.7)   48.0  day 27    -13.0  day 07   1345.1    000.0   00.31   02.9     28.8   day 28     WSW
Max