NOAA-Style Climate Reports

Select a Year or Month report
2021: Jan Feb Mar Apr May Jun Jul Aug Sep Oct Nov Dec
2020: Jan Feb Mar Apr May Jun Jul Aug Sep Oct Nov Dec
2019: Jan Feb Mar Apr May Jun Jul Aug Sep Oct Nov Dec
2018: Jan Feb Mar Apr May Jun Jul Aug Sep Oct Nov Dec
2017: Jan Feb Mar Apr May Jun Jul Aug Sep Oct Nov Dec
2016: Jan Feb Mar Apr May Jun Jul Aug Sep Oct Nov Dec
2015: Jan Feb Mar Apr May Jun Jul Aug Sep Oct Nov Dec
2014: Jan Feb Mar Apr May Jun Jul Aug Sep Oct Nov Dec
2013: Jan Feb Mar Apr May Jun Jul Aug Sep Oct Nov Dec
2012: Jan Feb Mar Apr May Jun Jul Aug Sep Oct Nov Dec
2011: Jan Feb Mar Apr May Jun Jul Aug Sep Oct Nov Dec
2010: Jan Feb Mar Apr May Jun Jul Aug Sep Oct Nov Dec
2009: Jan Feb Mar Apr May Jun Jul Aug Sep Oct Nov Dec
2008: Jan Feb Mar Apr May Jun Jul Aug Sep Oct Nov Dec
2007: Jan Feb Mar Apr May Jun Jul Aug Sep Oct Nov Dec
2006: Jan Feb Mar Apr May Jun Jul Aug Sep Oct Nov Dec
2005: Jan Feb Mar Apr May Jun Jul Aug Sep Oct Nov Dec
2004: Jan Feb Mar Apr May Jun Jul Aug Sep Oct Nov Dec

Report for 2021 March

Daily NOAA report



                            MONTHLY CLIMATOLOGICAL SUMMARY for MAR. 2021

NAME:    CITY:  STATE: 
ELEV:  LAT:  LONG: 

                            TEMPERATURE ( °F), RAIN (in.), WIND SPEED (mph)

                                               HEAT     COOL           AVG
      MEAN                                     DEG      DEG            WIND                       DOM
DAY   TEMP    HIGH   TIME     LOW    TIME      DAYS     DAYS    RAIN   SPEED    HIGH    TIME      DIR
--------------------------------------------------------------------------------------------------------
01    23.0   029.7   00:01    17.1   00:00     42.0     00.0   00.00   05.3     24.1    08:06     WNW
02    28.8   037.8   16:14    16.0   01:21     36.2     00.0   00.00   07.0     39.1    11:04     SSW
03    35.7   045.5   10:59    26.8   00:00     29.2     00.0   00.00   02.3     13.8    13:23      N 
04    27.4   035.2   16:34    22.5   06:48     37.5     00.0   00.00   02.4     16.1    08:40     NNE
05    33.1   045.3   16:39    23.9   04:03     31.8     00.0   00.00   01.7     14.9    13:08     NNW
06    30.7   045.3   16:26    18.9   06:47     34.3     00.0   00.00   01.4     13.8    12:30     NNW
07    32.0   041.9   00:00    17.6   06:34     32.9     00.0   00.00   02.8     16.1    23:38      SE
08    47.4   059.0   14:30    35.4   00:00     17.5     00.0   00.00   03.7     23.0    01:56     WSW
09    46.5   058.8   14:00    29.7   05:25     18.4     00.0   00.00   03.0     20.7    22:54      SE
10    55.9   060.3   23:16    51.1   10:11     09.0     00.0   00.26   04.5     27.6    23:17      S 
11    45.0   057.6   01:58    37.0   00:00     20.0     00.0   00.00   08.5     41.4    02:24     WSW
12    34.9   041.2   15:55    25.7   23:39     30.1     00.0   00.00   03.6     27.6    10:01     WNW
13    42.0   059.7   15:46    24.4   03:16     23.0     00.0   00.00   03.8     27.6    11:59      SW
14    37.3   046.0   00:40    27.1   00:00     27.6     00.0   00.00   04.1     24.1    08:53      NE
15    30.3   035.4   12:56    24.6   05:47     34.6     00.0   00.00   03.1     17.3    10:05      E 
16    31.7   038.5   12:55    27.7   06:47     33.2     00.0   00.21   00.8     09.2    13:31      NE
17    32.8   037.6   16:41    27.7   05:37     32.1     00.0   00.04   00.7     08.1    22:41     ESE
18    36.7   043.9   16:38    31.1   23:59     28.2     00.0   00.00   06.4     32.2    13:03      NE
19    36.7   050.7   16:53    22.6   07:14     28.2     00.0   00.00   01.3     14.9    00:26     ESE
20    42.4   059.7   16:04    29.8   05:11     22.6     00.0   00.00   03.2     19.6    12:40      S 
21    50.3   064.8   14:39    38.7   07:15     14.6     00.0   00.00   04.2     23.0    14:11      S 
22    54.7   061.0   16:20    50.5   08:51     10.2     00.0   00.00   04.2     23.0    05:20     SSW
23    46.8   052.9   01:00    41.2   07:32     18.2     00.0   00.20   01.7     10.3    15:52     NNE
24    49.6   054.7   12:41    42.4   00:00     15.3     00.0   00.36   05.2     32.2    19:52      S 
25    37.5   042.4   00:03    30.2   00:00     27.5     00.0   00.00   03.8     28.8    23:49     NNW
26    32.1   040.8   17:54    27.0   05:25     32.8     00.0   00.00   03.2     24.1    00:35     NNW
27    35.8   040.8   14:03    30.4   01:52     29.2     00.0   00.08   02.3     14.9    12:35     ESE
28    34.3   038.3   17:29    27.3   00:00     30.7     00.0   00.13   05.6     38.0    09:47     WNW
29    41.6   053.4   23:53    25.7   01:30     23.4     00.0   00.00   04.2     27.6    15:05      SE
30    50.6   060.1   12:12    37.4   00:00     14.3     00.0   00.00   08.2     38.0    04:11      SW
31    32.2   037.4   00:03    24.1   23:37     32.7     00.0   00.00   06.0     26.4    15:52     WNW
--------------------------------------------------------------------------------------------------------
38.6 (38.5)   64.8  day 21     16.0  day 02   817.4    000.0   01.29   03.8     41.4   day 11      SW
Max  0.8in)