NOAA-Style Climate Reports

Select a Year or Month report
2021: Jan Feb Mar Apr May Jun Jul Aug Sep Oct Nov Dec
2020: Jan Feb Mar Apr May Jun Jul Aug Sep Oct Nov Dec
2019: Jan Feb Mar Apr May Jun Jul Aug Sep Oct Nov Dec
2018: Jan Feb Mar Apr May Jun Jul Aug Sep Oct Nov Dec
2017: Jan Feb Mar Apr May Jun Jul Aug Sep Oct Nov Dec
2016: Jan Feb Mar Apr May Jun Jul Aug Sep Oct Nov Dec
2015: Jan Feb Mar Apr May Jun Jul Aug Sep Oct Nov Dec
2014: Jan Feb Mar Apr May Jun Jul Aug Sep Oct Nov Dec
2013: Jan Feb Mar Apr May Jun Jul Aug Sep Oct Nov Dec
2012: Jan Feb Mar Apr May Jun Jul Aug Sep Oct Nov Dec
2011: Jan Feb Mar Apr May Jun Jul Aug Sep Oct Nov Dec
2010: Jan Feb Mar Apr May Jun Jul Aug Sep Oct Nov Dec
2009: Jan Feb Mar Apr May Jun Jul Aug Sep Oct Nov Dec
2008: Jan Feb Mar Apr May Jun Jul Aug Sep Oct Nov Dec
2007: Jan Feb Mar Apr May Jun Jul Aug Sep Oct Nov Dec
2006: Jan Feb Mar Apr May Jun Jul Aug Sep Oct Nov Dec
2005: Jan Feb Mar Apr May Jun Jul Aug Sep Oct Nov Dec
2004: Jan Feb Mar Apr May Jun Jul Aug Sep Oct Nov Dec

Report for 2021 June

Daily NOAA report



                            MONTHLY CLIMATOLOGICAL SUMMARY for JUN. 2021

NAME:    CITY:  STATE: 
ELEV:  LAT:  LONG: 

                            TEMPERATURE ( °F), RAIN (in.), WIND SPEED (mph)

                                               HEAT     COOL           AVG
      MEAN                                     DEG      DEG            WIND                       DOM
DAY   TEMP    HIGH   TIME     LOW    TIME      DAYS     DAYS    RAIN   SPEED    HIGH    TIME      DIR
--------------------------------------------------------------------------------------------------------
01    63.2   076.6   14:20    48.7   05:53     01.7     00.0   00.01   01.4     13.8    17:45     SSE
02    68.4   079.7   16:00    57.7   06:32     00.0     03.5   00.00   01.3     14.9    14:58     SSE
03    70.0   085.1   13:54    59.5   03:59     00.0     05.0   00.20   02.5     33.4    17:05     SSW
04    77.7   092.7   17:31    60.4   05:46     00.0     12.7   00.00   03.5     31.1    14:02      SW
05    81.7   093.9   16:25    69.4   06:18     00.0     16.7   00.00   04.8     23.0    13:56     SSW
06    81.0   089.8   16:54    72.5   05:54     00.0     16.1   00.00   03.9     27.6    18:11     SSW
07    80.1   091.2   15:44    71.8   05:43     00.0     15.2   00.00   02.5     17.3    13:51     SSW
08    81.8   092.1   15:33    71.4   05:54     00.0     16.9   00.00   01.5     11.5    17:03     SSW
09    78.0   089.1   15:19    69.3   06:27     00.0     13.1   00.00   01.7     12.7    16:19     NNE
10    79.0   090.0   13:53    67.1   03:52     00.0     14.0   00.00   01.4     13.8    17:09      SE
11    74.2   084.0   13:30    66.0   23:46     00.0     09.2   00.04   01.6     14.9    14:43     NNE
12    73.9   087.3   16:17    62.6   05:46     00.0     09.0   00.00   02.0     18.4    17:13      NW
13    74.3   088.2   17:00    59.5   05:42     00.0     09.4   00.03   02.1     33.4    21:52      NW
14    69.0   080.8   13:23    58.3   05:55     00.0     04.1   00.04   02.3     27.6    12:53      NW
15    67.4   078.3   17:01    58.3   23:50     00.0     02.5   00.00   01.8     16.1    09:18     NNE
16    65.5   079.5   17:22    47.7   05:45     00.0     00.6   00.00   01.3     13.8    19:34     NNW
17    72.9   088.3   16:58    56.3   03:45     00.0     08.0   00.06   03.5     25.3    17:09     SSW
18    79.0   090.9   14:52    68.7   00:00     00.0     14.1   00.02   03.6     27.6    00:21     WSW
19    66.8   075.5   15:49    57.7   07:44     00.0     01.9   00.12   01.9     13.8    10:08      E 
20    65.2   075.4   13:41    54.7   05:38     00.0     00.3   00.20   00.9     11.5    20:42     SSE
21    61.2   066.2   02:52    50.5   23:26     03.7     00.0   00.01   04.4     28.8    04:37     WNW
22    59.8   070.7   17:18    48.4   02:00     05.1     00.0   00.00   02.0     19.6    14:04      W 
23    66.4   077.9   16:45    54.0   02:31     00.0     01.5   00.00   02.5     23.0    17:43      S 
24    70.5   076.3   15:50    62.4   09:09     00.0     05.6   01.25   03.6     28.8    07:59      S 
25    72.7   082.2   11:37    65.8   06:21     00.0     07.7   00.00   01.7     16.1    15:33      NE
26    66.4   068.0   14:08    64.6   23:59     00.0     01.4   02.30   00.9     09.2    18:25     ENE
27    64.8   071.2   19:19    60.4   11:36     00.2     00.0   00.58   02.0     13.8    07:58     NNE
28    71.2   081.3   15:17    59.4   05:37     00.0     06.2   00.00   01.1     11.5    14:36     SSE
29    70.4   077.9   17:46    65.1   00:00     00.0     05.5   00.22   01.3     18.4    18:18     SSW
30    71.6   086.7   16:03    63.0   05:23     00.0     06.7   00.09   01.3     18.4    17:32     WSW
--------------------------------------------------------------------------------------------------------
71.5 (71.6)   93.9  day 05     47.7  day 16   010.7    206.8   05.12   02.2     33.4   day 03      SW
Max >=  86: 12
Min  .008in) 8 (> .08in) 2 (> 0.8in)