NOAA-Style Climate Reports

Select a Year or Month report
2022: Jan Feb Mar Apr May Jun Jul Aug Sep Oct Nov Dec
2021: Jan Feb Mar Apr May Jun Jul Aug Sep Oct Nov Dec
2020: Jan Feb Mar Apr May Jun Jul Aug Sep Oct Nov Dec
2019: Jan Feb Mar Apr May Jun Jul Aug Sep Oct Nov Dec
2018: Jan Feb Mar Apr May Jun Jul Aug Sep Oct Nov Dec
2017: Jan Feb Mar Apr May Jun Jul Aug Sep Oct Nov Dec
2016: Jan Feb Mar Apr May Jun Jul Aug Sep Oct Nov Dec
2015: Jan Feb Mar Apr May Jun Jul Aug Sep Oct Nov Dec
2014: Jan Feb Mar Apr May Jun Jul Aug Sep Oct Nov Dec
2013: Jan Feb Mar Apr May Jun Jul Aug Sep Oct Nov Dec
2012: Jan Feb Mar Apr May Jun Jul Aug Sep Oct Nov Dec
2011: Jan Feb Mar Apr May Jun Jul Aug Sep Oct Nov Dec
2010: Jan Feb Mar Apr May Jun Jul Aug Sep Oct Nov Dec
2009: Jan Feb Mar Apr May Jun Jul Aug Sep Oct Nov Dec
2008: Jan Feb Mar Apr May Jun Jul Aug Sep Oct Nov Dec
2007: Jan Feb Mar Apr May Jun Jul Aug Sep Oct Nov Dec
2006: Jan Feb Mar Apr May Jun Jul Aug Sep Oct Nov Dec
2005: Jan Feb Mar Apr May Jun Jul Aug Sep Oct Nov Dec
2004: Jan Feb Mar Apr May Jun Jul Aug Sep Oct Nov Dec

Report for 2021 November

Daily NOAA report



                            MONTHLY CLIMATOLOGICAL SUMMARY for NOV. 2021

NAME:    CITY:  STATE: 
ELEV:  LAT:  LONG: 

                            TEMPERATURE ( °F), RAIN (in.), WIND SPEED (mph)

                                               HEAT     COOL           AVG
      MEAN                                     DEG      DEG            WIND                       DOM
DAY   TEMP    HIGH   TIME     LOW    TIME      DAYS     DAYS    RAIN   SPEED    HIGH    TIME      DIR
--------------------------------------------------------------------------------------------------------
01    37.1   043.9   12:22    32.2   07:30     27.8     00.0   00.00   03.1     23.0    12:07     WSW
02    34.9   043.7   15:24    27.5   00:00     30.1     00.0   00.00   02.7     18.4    13:13      W 
03    32.9   041.2   14:02    25.2   07:56     32.0     00.0   00.00   00.9     11.5    15:03      W 
04    37.6   047.5   14:43    27.3   07:03     27.4     00.0   00.00   01.5     13.8    14:33     SSW
05    43.6   052.7   15:32    36.3   05:23     21.3     00.0   00.00   03.9     27.6    15:00     SSW
06    49.7   060.4   16:32    42.4   08:33     15.2     00.0   00.00   05.4     25.3    04:12     SSW
07    53.1   070.9   14:52    43.5   07:18     11.9     00.0   00.00   02.4     16.1    15:03     SSW
08    55.3   066.6   14:50    46.6   07:23     09.6     00.0   00.00   02.1     13.8    00:11     WSW
09    44.1   053.6   15:55    35.2   00:00     20.8     00.0   00.00   00.6     09.2    15:23     NNW
10    43.3   054.7   13:34    29.3   07:17     21.6     00.0   00.00   01.3     17.3    23:27     ESE
11    47.6   054.0   09:32    36.7   22:05     17.3     00.0   00.21   05.6     36.8    13:39      S 
12    37.0   039.7   02:11    34.2   20:29     27.9     00.0   00.10   02.3     17.3    06:35     SSW
13    35.6   038.8   12:47    32.7   07:27     29.3     00.0   00.00   03.7     19.6    11:04      W 
14    32.7   037.0   15:10    29.8   00:00     32.3     00.0   00.21   03.0     20.7    14:37      NW
15    30.7   038.3   14:57    23.0   07:13     34.3     00.0   00.04   01.8     13.8    13:28     WSW
16    36.1   047.7   00:00    23.2   04:24     28.8     00.0   00.01   02.7     19.6    20:52      SE
17    44.7   051.3   12:53    35.8   23:41     20.2     00.0   00.00   04.1     25.3    19:56     WSW
18    32.0   036.1   00:11    27.1   00:00     32.9     00.0   00.00   05.7     27.6    14:30     WSW
19    31.2   036.9   13:35    23.5   07:04     33.7     00.0   00.00   02.4     17.3    13:25     SSW
20    37.1   044.1   15:36    27.7   00:00     27.8     00.0   00.00   02.4     20.7    11:02     SSW
21    32.2   043.3   12:56    24.6   00:00     32.7     00.0   00.00   04.8     36.8    15:12      W 
22    25.2   030.9   13:16    19.6   07:37     39.7     00.0   00.00   04.3     21.9    14:27      W 
23    31.9   042.6   14:42    19.0   07:13     33.1     00.0   00.00   02.4     19.6    22:57      S 
24    42.1   047.3   14:29    36.3   01:18     22.8     00.0   00.00   03.0     28.8    10:44     SSW
25    31.1   043.9   00:05    17.4   00:00     33.8     00.0   00.03   04.9     27.6    19:30     NNW
26    21.4   027.1   13:21    14.0   06:49     43.5     00.0   00.00   01.6     12.7    00:19      W 
27    30.5   034.2   12:40    25.3   01:06     34.4     00.0   00.01   01.9     17.3    18:41      NW
28    30.7   038.7   14:01    21.4   00:00     34.2     00.0   00.00   03.4     29.9    09:47     WNW
29    28.5   035.1   20:05    18.5   03:48     36.4     00.0   00.00   01.2     13.8    11:22      S 
30    33.2   039.4   15:13    27.5   03:32     31.7     00.0   00.00   03.1     25.3    12:30      W 
--------------------------------------------------------------------------------------------------------
36.8 (36.7)   70.9  day 07     14.0  day 26   844.9    000.0   00.60   02.9     36.8   day 21      SW
Max  0.8in)