NOAA-Style Climate Reports

Select a Year or Month report
2022: Jan Feb Mar Apr May Jun Jul Aug Sep Oct Nov Dec
2021: Jan Feb Mar Apr May Jun Jul Aug Sep Oct Nov Dec
2020: Jan Feb Mar Apr May Jun Jul Aug Sep Oct Nov Dec
2019: Jan Feb Mar Apr May Jun Jul Aug Sep Oct Nov Dec
2018: Jan Feb Mar Apr May Jun Jul Aug Sep Oct Nov Dec
2017: Jan Feb Mar Apr May Jun Jul Aug Sep Oct Nov Dec
2016: Jan Feb Mar Apr May Jun Jul Aug Sep Oct Nov Dec
2015: Jan Feb Mar Apr May Jun Jul Aug Sep Oct Nov Dec
2014: Jan Feb Mar Apr May Jun Jul Aug Sep Oct Nov Dec
2013: Jan Feb Mar Apr May Jun Jul Aug Sep Oct Nov Dec
2012: Jan Feb Mar Apr May Jun Jul Aug Sep Oct Nov Dec
2011: Jan Feb Mar Apr May Jun Jul Aug Sep Oct Nov Dec
2010: Jan Feb Mar Apr May Jun Jul Aug Sep Oct Nov Dec
2009: Jan Feb Mar Apr May Jun Jul Aug Sep Oct Nov Dec
2008: Jan Feb Mar Apr May Jun Jul Aug Sep Oct Nov Dec
2007: Jan Feb Mar Apr May Jun Jul Aug Sep Oct Nov Dec
2006: Jan Feb Mar Apr May Jun Jul Aug Sep Oct Nov Dec
2005: Jan Feb Mar Apr May Jun Jul Aug Sep Oct Nov Dec
2004: Jan Feb Mar Apr May Jun Jul Aug Sep Oct Nov Dec

Report for 2021 December

Daily NOAA report



                            MONTHLY CLIMATOLOGICAL SUMMARY for DEC. 2021

NAME:    CITY:  STATE: 
ELEV:  LAT:  LONG: 

                            TEMPERATURE ( °F), RAIN (in.), WIND SPEED (mph)

                                               HEAT     COOL           AVG
      MEAN                                     DEG      DEG            WIND                       DOM
DAY   TEMP    HIGH   TIME     LOW    TIME      DAYS     DAYS    RAIN   SPEED    HIGH    TIME      DIR
--------------------------------------------------------------------------------------------------------
01    38.1   045.5   19:40    27.9   01:23     26.9     00.0   00.01   03.4     24.1    20:18     SSW
02    42.2   046.6   13:53    34.0   23:12     22.7     00.0   00.00   04.1     24.1    13:52      W 
03    34.4   036.7   21:15    31.3   07:07     30.6     00.0   00.04   01.2     13.8    20:52      SW
04    32.8   036.7   13:04    28.8   07:49     32.2     00.0   00.00   03.9     24.1    10:23     WSW
05    30.5   034.2   19:04    25.2   06:00     34.4     00.0   00.00   02.0     14.9    12:28      SE
06    22.1   033.4   02:13    04.3   00:00     42.8     00.0   00.00   07.1     34.5    10:20      W 
07    08.9   016.2   00:00    01.2   05:47     56.1     00.0   00.00   02.1     16.1    01:15      SW
08    18.1   023.4   14:38    11.5   07:53     46.9     00.0   00.00   01.1     09.2    11:35     WSW
09    30.6   037.0   10:41    19.2   02:17     34.4     00.0   00.00   02.5     19.6    09:52     SSE
10    33.4   035.4   12:15    31.6   06:32     31.5     00.0   00.32   02.3     18.4    23:57     NNE
11    31.8   037.0   13:38    25.3   23:54     33.1     00.0   00.34   06.5     27.6    09:05     WNW
12    33.5   041.3   13:42    24.8   04:11     31.4     00.0   00.08   05.0     21.9    10:34     SSW
13    36.8   045.7   14:39    27.0   23:15     28.2     00.0   00.09   03.2     18.4    02:06      SW
14    38.2   043.3   23:34    28.9   00:02     26.7     00.0   00.05   02.9     16.1    20:13     ESE
15    50.7   064.4   23:35    41.6   00:05     14.2     00.0   00.06   03.3     28.8    23:39      SE
16    36.7   065.3   00:47    22.1   00:00     28.2     00.0   00.00   11.6     50.6    03:59      SW
17    20.9   024.1   21:58    17.6   07:59     44.0     00.0   00.00   03.0     20.7    00:17      NW
18    26.7   029.3   15:02    23.9   00:05     38.3     00.0   00.00   03.4     16.1    15:09     NNW
19    27.4   031.6   22:08    20.8   08:15     37.5     00.0   00.00   03.6     29.9    21:53     SSW
20    30.1   036.9   15:25    19.9   00:00     34.8     00.0   00.00   05.0     25.3    01:45      SW
21    20.0   028.4   15:22    16.0   05:56     44.9     00.0   00.00   04.0     29.9    18:04     WNW
22    16.7   021.4   15:54    11.5   07:57     48.2     00.0   00.00   02.9     24.1    00:46      W 
23    30.2   039.0   13:27    20.3   00:21     34.7     00.0   00.03   01.1     12.7    14:28     SSE
24    36.7   043.9   14:04    23.4   02:57     28.2     00.0   00.00   01.8     17.3    10:25     SSE
25    34.4   039.7   00:13    28.2   00:00     30.5     00.0   00.00   02.1     12.7    14:57     NNW
26    26.7   032.0   23:43    19.9   07:50     38.2     00.0   00.00   02.5     14.9    21:15      NE
27    31.1   037.2   15:06    19.6   00:00     33.8     00.0   00.20   04.4     31.1    17:12      SW
28    21.0   032.4   00:00    16.2   03:48     44.0     00.0   00.00   02.3     18.4    04:10     NNW
29    23.3   033.6   01:48    14.2   00:00     41.7     00.0   00.00   03.1     20.7    07:23     WSW
30    21.5   030.4   23:12    13.8   03:50     43.4     00.0   00.00   00.7     08.1    23:45      NW
31    28.6   031.1   13:23    26.8   23:37     36.4     00.0   00.01   02.5     16.1    01:40      NW
--------------------------------------------------------------------------------------------------------
29.5 (29.2)   65.3  day 16     01.2  day 07   1099.0    000.0   01.23   03.4     50.6   day 16     WSW
Max