NOAA-Style Climate Reports

Select a Year or Month report
2022: Jan Feb Mar Apr May Jun Jul Aug Sep Oct Nov Dec
2021: Jan Feb Mar Apr May Jun Jul Aug Sep Oct Nov Dec
2020: Jan Feb Mar Apr May Jun Jul Aug Sep Oct Nov Dec
2019: Jan Feb Mar Apr May Jun Jul Aug Sep Oct Nov Dec
2018: Jan Feb Mar Apr May Jun Jul Aug Sep Oct Nov Dec
2017: Jan Feb Mar Apr May Jun Jul Aug Sep Oct Nov Dec
2016: Jan Feb Mar Apr May Jun Jul Aug Sep Oct Nov Dec
2015: Jan Feb Mar Apr May Jun Jul Aug Sep Oct Nov Dec
2014: Jan Feb Mar Apr May Jun Jul Aug Sep Oct Nov Dec
2013: Jan Feb Mar Apr May Jun Jul Aug Sep Oct Nov Dec
2012: Jan Feb Mar Apr May Jun Jul Aug Sep Oct Nov Dec
2011: Jan Feb Mar Apr May Jun Jul Aug Sep Oct Nov Dec
2010: Jan Feb Mar Apr May Jun Jul Aug Sep Oct Nov Dec
2009: Jan Feb Mar Apr May Jun Jul Aug Sep Oct Nov Dec
2008: Jan Feb Mar Apr May Jun Jul Aug Sep Oct Nov Dec
2007: Jan Feb Mar Apr May Jun Jul Aug Sep Oct Nov Dec
2006: Jan Feb Mar Apr May Jun Jul Aug Sep Oct Nov Dec
2005: Jan Feb Mar Apr May Jun Jul Aug Sep Oct Nov Dec
2004: Jan Feb Mar Apr May Jun Jul Aug Sep Oct Nov Dec

Report for 2022 February

Daily NOAA report



                            MONTHLY CLIMATOLOGICAL SUMMARY for FEB. 2022

NAME:    CITY:  STATE: 
ELEV:  LAT:  LONG: 

                            TEMPERATURE ( °F), RAIN (in.), WIND SPEED (mph)

                                               HEAT     COOL           AVG
      MEAN                                     DEG      DEG            WIND                       DOM
DAY   TEMP    HIGH   TIME     LOW    TIME      DAYS     DAYS    RAIN   SPEED    HIGH    TIME      DIR
--------------------------------------------------------------------------------------------------------
01    33.6   043.5   13:33    18.9   00:00     31.3     00.0   00.00   05.9     27.6    07:38      SW
02    13.8   018.9   00:06    09.3   00:00     51.2     00.0   00.00   04.9     23.0    00:32      NW
03    08.2   014.2   15:54    01.8   08:14     56.8     00.0   00.00   03.9     17.3    00:59      N 
04    09.9   015.3   13:30    06.1   00:00     55.0     00.0   00.00   01.8     12.7    21:25      NW
05    10.5   019.6   18:19   -00.2   04:05     54.5     00.0   00.00   03.0     23.0    22:10     SSW
06    25.6   032.9   15:52    18.2   00:01     39.3     00.0   00.02   03.6     18.4    01:29      SW
07    20.4   027.1   15:24    16.2   07:13     44.5     00.0   00.00   03.1     16.1    08:19     WNW
08    28.2   038.3   15:05    17.4   07:21     36.7     00.0   00.00   02.3     14.9    13:24     SSE
09    33.5   039.2   14:13    28.0   00:00     31.4     00.0   00.00   05.4     21.9    10:44     WSW
10    24.9   028.0   00:12    22.1   09:36     40.1     00.0   00.00   04.9     23.0    22:32     WSW
11    30.4   039.9   11:24    10.7   23:55     34.6     00.0   00.07   06.5     26.4    20:43      W 
12    08.8   013.6   14:44    03.4   07:27     56.2     00.0   00.00   03.8     29.9    00:32      NW
13    08.7   016.9   16:03    01.0   07:34     56.3     00.0   00.00   02.1     18.4    10:28      N 
14    13.4   021.0   15:46    07.0   07:18     51.5     00.0   00.00   01.1     12.7    13:46      SW
15    20.4   032.9   00:00    05.5   06:48     44.5     00.0   00.00   03.3     26.4    20:16      SE
16    40.5   045.9   09:54    29.0   00:00     24.4     00.0   00.00   05.1     28.8    08:56      SW
17    19.2   029.0   00:01    06.6   00:00     45.8     00.0   00.00   05.0     19.6    10:57      N 
18    14.8   031.3   17:47    00.9   06:51     50.1     00.0   00.00   06.7     44.9    13:23     WSW
19    10.2   017.4   00:00    02.5   07:20     54.7     00.0   00.00   06.2     28.8    02:57     WSW
20    33.6   051.1   15:42    17.4   00:08     31.3     00.0   00.00   06.9     34.5    11:33      SW
21    19.9   027.0   00:04    15.6   00:00     45.0     00.0   00.00   07.4     29.9    22:11     NNE
22    14.9   018.9   18:19    11.7   07:27     50.1     00.0   00.00   07.6     32.2    02:38      N 
23    15.4   023.4   15:40    09.9   07:15     49.5     00.0   00.00   03.2     20.7    08:33      NW
24    16.1   022.3   13:57    11.3   00:21     48.8     00.0   00.00   04.6     26.4    23:25     NNE
25    19.0   026.1   13:31    13.8   07:07     45.9     00.0   00.00   03.9     23.0    01:55      N 
26    21.7   034.2   15:54    09.0   06:55     43.3     00.0   00.00   06.4     26.4    21:42      SW
27    27.7   036.3   14:58    20.3   00:00     37.3     00.0   00.01   03.4     23.0    09:16      W 
28    29.9   039.6   14:42    19.8   00:57     35.0     00.0   00.02   02.5     25.3    12:25     ESE
--------------------------------------------------------------------------------------------------------
20.5 (20.3)   51.1  day 20    -00.2  day 05   1245.2    000.0   00.12   04.4     44.9   day 18      W 
Max