NOAA-Style Climate Reports

Select a Year or Month report
2022: Jan Feb Mar Apr May Jun Jul Aug Sep Oct Nov Dec
2021: Jan Feb Mar Apr May Jun Jul Aug Sep Oct Nov Dec
2020: Jan Feb Mar Apr May Jun Jul Aug Sep Oct Nov Dec
2019: Jan Feb Mar Apr May Jun Jul Aug Sep Oct Nov Dec
2018: Jan Feb Mar Apr May Jun Jul Aug Sep Oct Nov Dec
2017: Jan Feb Mar Apr May Jun Jul Aug Sep Oct Nov Dec
2016: Jan Feb Mar Apr May Jun Jul Aug Sep Oct Nov Dec
2015: Jan Feb Mar Apr May Jun Jul Aug Sep Oct Nov Dec
2014: Jan Feb Mar Apr May Jun Jul Aug Sep Oct Nov Dec
2013: Jan Feb Mar Apr May Jun Jul Aug Sep Oct Nov Dec
2012: Jan Feb Mar Apr May Jun Jul Aug Sep Oct Nov Dec
2011: Jan Feb Mar Apr May Jun Jul Aug Sep Oct Nov Dec
2010: Jan Feb Mar Apr May Jun Jul Aug Sep Oct Nov Dec
2009: Jan Feb Mar Apr May Jun Jul Aug Sep Oct Nov Dec
2008: Jan Feb Mar Apr May Jun Jul Aug Sep Oct Nov Dec
2007: Jan Feb Mar Apr May Jun Jul Aug Sep Oct Nov Dec
2006: Jan Feb Mar Apr May Jun Jul Aug Sep Oct Nov Dec
2005: Jan Feb Mar Apr May Jun Jul Aug Sep Oct Nov Dec
2004: Jan Feb Mar Apr May Jun Jul Aug Sep Oct Nov Dec

Report for 2022 May

Daily NOAA report



                            MONTHLY CLIMATOLOGICAL SUMMARY for MAY. 2022

NAME:    CITY:  STATE: 
ELEV:  LAT:  LONG: 

                            TEMPERATURE ( °F), RAIN (in.), WIND SPEED (mph)

                                               HEAT     COOL           AVG
      MEAN                                     DEG      DEG            WIND                       DOM
DAY   TEMP    HIGH   TIME     LOW    TIME      DAYS     DAYS    RAIN   SPEED    HIGH    TIME      DIR
--------------------------------------------------------------------------------------------------------
01    49.2   052.9   10:26    46.4   03:58     15.8     00.0   00.02   05.6     24.1    18:34      S 
02    48.7   052.3   16:13    44.1   06:16     16.2     00.0   00.00   03.0     16.1    12:29     WSW
03    44.6   048.9   18:37    39.9   23:52     20.4     00.0   00.08   04.0     23.0    15:16     NNE
04    46.4   057.2   17:32    35.4   06:17     18.5     00.0   00.00   02.9     14.9    14:51     NNE
05    49.9   062.4   15:51    35.1   06:16     15.0     00.0   00.00   01.5     13.8    11:37      E 
06    50.9   059.4   16:19    44.1   05:23     14.0     00.0   00.00   03.2     19.6    14:02      N 
07    52.3   064.0   17:25    37.4   05:55     12.6     00.0   00.00   02.1     17.3    14:19     NNE
08    52.3   059.5   13:18    43.3   01:35     12.6     00.0   00.00   03.4     24.1    08:31      SE
09    62.0   072.3   17:22    46.8   00:04     03.0     00.0   00.00   08.0     40.3    17:06      SE
10    74.2   084.4   13:15    65.1   05:51     00.0     09.2   00.05   02.9     17.3    16:32     SSE
11    64.4   075.9   17:24    57.0   08:14     00.6     00.0   00.00   04.8     21.9    10:32     NNE
12    76.3   089.6   14:59    61.5   00:38     00.0     11.4   00.04   05.2     31.1    20:34     ESE
13    77.3   088.9   13:38    65.7   01:00     00.0     12.3   00.02   05.2     27.6    13:49      SE
14    72.9   085.5   17:29    61.3   05:51     00.0     08.0   00.00   02.8     17.3    16:35     WSW
15    67.7   076.3   15:47    59.5   00:00     00.0     02.8   00.00   03.2     18.4    16:53      W 
16    61.9   073.4   14:58    48.7   00:00     03.1     00.0   00.00   05.3     32.2    13:30     WNW
17    53.4   066.6   14:46    41.5   05:59     11.5     00.0   00.00   03.6     20.7    18:18      E 
18    54.7   065.1   17:25    46.8   07:07     10.2     00.0   00.06   03.2     18.4    22:38     ESE
19    61.5   074.3   14:26    51.3   03:57     03.4     00.0   00.28   04.0     18.4    19:50      S 
25    63.3   069.6   08:51    55.9   00:00     01.6     00.0   00.30   03.8     24.1    01:44      SE
26    60.5   071.6   15:01    54.5   00:00     04.4     00.0   00.17   03.0     17.3    21:49      N 
27    58.8   068.0   18:36    52.0   04:58     06.2     00.0   00.03   04.0     21.9    07:51     NNE
28    59.7   070.9   13:19    49.1   05:39     05.2     00.0   00.03   03.2     17.3    20:02     ESE
29    67.3   074.3   11:31    56.7   00:51     00.0     02.4   00.00   04.9     28.8    16:42      SE
30    75.6   083.3   17:09    66.0   06:56     00.0     10.6   00.00   04.7     29.9    18:44      SE
31    77.8   084.9   17:11    70.2   23:33     00.0     12.8   00.00   06.5     39.1    14:11      S 
--------------------------------------------------------------------------------------------------------
60.9 (60.9)   89.6  day 12     35.1  day 05   174.3    069.6   01.08   04.0     40.3   day 31     ESE
Max >=  86: 2
Min  .008in) 4 (> .08in) 0 (> 0.8in)