NOAA-Style Climate Reports

Select a Year or Month report
2022: Jan Feb Mar Apr May Jun Jul Aug Sep Oct Nov Dec
2021: Jan Feb Mar Apr May Jun Jul Aug Sep Oct Nov Dec
2020: Jan Feb Mar Apr May Jun Jul Aug Sep Oct Nov Dec
2019: Jan Feb Mar Apr May Jun Jul Aug Sep Oct Nov Dec
2018: Jan Feb Mar Apr May Jun Jul Aug Sep Oct Nov Dec
2017: Jan Feb Mar Apr May Jun Jul Aug Sep Oct Nov Dec
2016: Jan Feb Mar Apr May Jun Jul Aug Sep Oct Nov Dec
2015: Jan Feb Mar Apr May Jun Jul Aug Sep Oct Nov Dec
2014: Jan Feb Mar Apr May Jun Jul Aug Sep Oct Nov Dec
2013: Jan Feb Mar Apr May Jun Jul Aug Sep Oct Nov Dec
2012: Jan Feb Mar Apr May Jun Jul Aug Sep Oct Nov Dec
2011: Jan Feb Mar Apr May Jun Jul Aug Sep Oct Nov Dec
2010: Jan Feb Mar Apr May Jun Jul Aug Sep Oct Nov Dec
2009: Jan Feb Mar Apr May Jun Jul Aug Sep Oct Nov Dec
2008: Jan Feb Mar Apr May Jun Jul Aug Sep Oct Nov Dec
2007: Jan Feb Mar Apr May Jun Jul Aug Sep Oct Nov Dec
2006: Jan Feb Mar Apr May Jun Jul Aug Sep Oct Nov Dec
2005: Jan Feb Mar Apr May Jun Jul Aug Sep Oct Nov Dec
2004: Jan Feb Mar Apr May Jun Jul Aug Sep Oct Nov Dec

Report for 2022 August

Daily NOAA report



                            MONTHLY CLIMATOLOGICAL SUMMARY for AUG. 2022

NAME:    CITY:  STATE: 
ELEV:  LAT:  LONG: 

                            TEMPERATURE ( °F), RAIN (in.), WIND SPEED (mph)

                                               HEAT     COOL           AVG
      MEAN                                     DEG      DEG            WIND                       DOM
DAY   TEMP    HIGH   TIME     LOW    TIME      DAYS     DAYS    RAIN   SPEED    HIGH    TIME      DIR
--------------------------------------------------------------------------------------------------------
01    75.2   083.5   14:41    65.8   00:00     00.0     10.3   00.01   04.3     23.0    15:55     WSW
02    70.5   082.9   15:03    58.8   05:45     00.0     05.5   00.00   03.4     29.9    20:43     ESE
03    76.0   085.1   17:59    69.1   08:40     00.0     11.1   00.09   03.8     26.4    12:05     SSW
04    71.0   081.9   16:50    62.1   00:00     00.0     06.1   00.00   02.7     16.1    12:24     NNE
05    71.9   083.3   13:25    57.9   05:14     00.0     07.0   00.00   02.4     14.9    14:57     ESE
06    79.2   089.2   15:45    68.5   03:25     00.0     14.2   00.05   02.9     17.3    09:51      S 
07    68.3   076.5   00:03    64.8   10:52     00.0     03.3   03.06   02.2     23.0    01:04      N 
08    64.2   072.1   14:36    57.4   00:00     00.7     00.0   00.28   02.7     19.6    05:48     NNE
09    66.7   080.2   16:18    53.2   06:27     00.0     01.7   00.00   02.1     12.7    16:30      S 
10    72.9   087.4   17:21    58.8   05:13     00.0     08.0   00.00   03.3     16.1    18:21      SW
11    66.7   077.4   16:13    56.1   06:17     00.0     01.7   00.00   02.4     14.9    13:17      NE
12    64.1   075.0   15:54    52.0   05:38     00.8     00.0   00.00   02.2     11.5    19:24      SE
13    62.3   065.3   15:58    60.1   20:31     02.7     00.0   01.12   04.0     21.9    05:31     ESE
14    65.6   074.1   16:34    60.8   00:09     00.0     00.6   00.01   02.6     17.3    18:07     NNE
15    68.6   077.7   16:32    59.4   00:00     00.0     03.7   00.00   02.4     14.9    11:57     NNE
16    68.4   080.8   15:26    57.9   03:15     00.0     03.4   00.00   02.3     13.8    14:27     NNE
17    69.8   083.5   14:35    54.7   06:29     00.0     04.9   00.00   01.5     10.3    13:43      E 
18    72.4   082.9   16:18    62.1   06:00     00.0     07.5   00.00   03.2     19.6    12:31      S 
19    71.9   080.1   16:26    65.8   05:32     00.0     07.0   00.00   03.3     19.6    15:03     SSE
20    70.0   078.3   15:12    64.2   06:44     00.0     05.1   00.00   02.0     10.3    16:50     ESE
21    68.2   077.9   17:37    62.6   00:00     00.0     03.3   00.00   02.3     18.4    04:43      N 
22    69.8   083.7   16:42    55.6   06:59     00.0     04.8   00.00   01.8     13.8    13:28     WNW
23    72.7   086.9   15:56    59.0   06:31     00.0     07.8   00.00   01.8     11.5    16:00     SSW
24    74.8   085.8   14:22    64.9   06:08     00.0     09.9   00.00   02.6     20.7    15:35      S 
25    68.9   075.4   11:33    64.6   00:00     00.0     03.9   00.25   02.8     14.9    23:18      NE
26    66.8   079.0   16:10    56.7   06:28     00.0     01.9   00.00   02.5     12.7    09:01      N 
27    64.7   076.3   11:39    55.4   06:02     00.2     00.0   00.17   02.2     18.4    15:48     SSE
28    71.2   081.5   14:02    61.9   00:19     00.0     06.2   00.43   02.6     20.7    15:09      SE
29    76.0   086.2   16:06    67.6   00:00     00.0     11.0   00.02   04.3     25.3    15:28     SSW
30    69.8   079.0   16:28    63.5   07:05     00.0     04.9   00.00   04.3     29.9    15:24     WSW
31    71.9   084.7   16:23    60.3   06:51     00.0     07.0   00.00   03.3     26.4    13:56      W 
--------------------------------------------------------------------------------------------------------
70.0 (70.6)   89.2  day 06     52.0  day 12   004.4    161.8   05.44   02.8     29.9   day 30      SE
Max >=  86: 4
Min  .008in) 7 (> .08in) 2 (> 0.8in)