NOAA-Style Climate Reports

Select a Year or Month report
2024: Jan Feb Mar Apr May Jun Jul Aug Sep Oct Nov Dec
2023: Jan Feb Mar Apr May Jun Jul Aug Sep Oct Nov Dec
2022: Jan Feb Mar Apr May Jun Jul Aug Sep Oct Nov Dec
2021: Jan Feb Mar Apr May Jun Jul Aug Sep Oct Nov Dec
2020: Jan Feb Mar Apr May Jun Jul Aug Sep Oct Nov Dec
2019: Jan Feb Mar Apr May Jun Jul Aug Sep Oct Nov Dec
2018: Jan Feb Mar Apr May Jun Jul Aug Sep Oct Nov Dec
2017: Jan Feb Mar Apr May Jun Jul Aug Sep Oct Nov Dec
2016: Jan Feb Mar Apr May Jun Jul Aug Sep Oct Nov Dec
2015: Jan Feb Mar Apr May Jun Jul Aug Sep Oct Nov Dec
2014: Jan Feb Mar Apr May Jun Jul Aug Sep Oct Nov Dec
2013: Jan Feb Mar Apr May Jun Jul Aug Sep Oct Nov Dec
2012: Jan Feb Mar Apr May Jun Jul Aug Sep Oct Nov Dec
2011: Jan Feb Mar Apr May Jun Jul Aug Sep Oct Nov Dec
2010: Jan Feb Mar Apr May Jun Jul Aug Sep Oct Nov Dec
2009: Jan Feb Mar Apr May Jun Jul Aug Sep Oct Nov Dec
2008: Jan Feb Mar Apr May Jun Jul Aug Sep Oct Nov Dec
2007: Jan Feb Mar Apr May Jun Jul Aug Sep Oct Nov Dec
2006: Jan Feb Mar Apr May Jun Jul Aug Sep Oct Nov Dec
2005: Jan Feb Mar Apr May Jun Jul Aug Sep Oct Nov Dec
2004: Jan Feb Mar Apr May Jun Jul Aug Sep Oct Nov Dec

Report for 2022 September

Daily NOAA report



                            MONTHLY CLIMATOLOGICAL SUMMARY for SEP. 2022

NAME:    CITY:  STATE: 
ELEV:  LAT:  LONG: 

                            TEMPERATURE ( °F), RAIN (in.), WIND SPEED (mph)

                                               HEAT     COOL           AVG
      MEAN                                     DEG      DEG            WIND                       DOM
DAY   TEMP    HIGH   TIME     LOW    TIME      DAYS     DAYS    RAIN   SPEED    HIGH    TIME      DIR
--------------------------------------------------------------------------------------------------------
01    74.1   087.4   16:40    58.1   05:57     00.0     09.2   00.00   03.0     18.4    16:28      S 
02    72.6   078.8   11:14    68.9   14:11     00.0     07.6   00.07   04.1     21.9    07:31      S 
03    67.3   074.3   16:05    57.2   23:10     00.0     02.3   00.57   03.9     19.6    23:41     NNE
04    60.7   071.4   14:37    52.5   04:22     04.2     00.0   00.00   03.6     18.4    15:19     NNE
05    62.0   073.2   13:31    53.4   03:13     02.9     00.0   00.00   02.5     17.3    12:37      NE
06    65.1   079.0   16:47    55.2   00:48     00.0     00.2   00.00   01.7     10.3    13:43      NE
07    69.7   085.1   17:32    55.6   06:41     00.0     04.8   00.00   02.0     16.1    14:12     SSW
08    72.1   084.6   14:50    58.3   06:40     00.0     07.2   00.00   03.0     21.9    14:43      S 
09    72.3   084.0   15:59    63.5   06:29     00.0     07.4   00.00   04.0     26.4    13:10      S 
10    62.9   070.0   00:17    56.8   00:00     02.1     00.0   00.28   03.0     13.8    19:51      N 
11    57.8   061.1   14:02    55.4   00:00     07.2     00.0   01.07   04.1     23.0    23:52      N 
12    58.2   061.9   09:47    54.3   03:02     06.7     00.0   01.23   03.6     18.4    07:03     NNW
13    64.7   078.6   16:38    51.8   07:24     00.2     00.0   00.00   02.0     12.7    15:07     WSW
14    60.7   068.9   15:45    53.1   00:00     04.2     00.0   00.00   03.3     16.1    12:43     NNE
15    64.7   079.5   14:09    49.6   05:00     00.3     00.0   00.00   02.8     20.7    16:15     SSE
16    71.5   082.9   15:50    63.5   06:31     00.0     06.6   00.00   03.3     17.3    15:54     SSE
17    72.5   083.1   14:16    64.2   06:28     00.0     07.6   00.00   04.0     24.1    13:32      S 
18    70.4   077.0   16:40    65.1   06:17     00.0     05.5   00.00   03.4     18.4    10:37     SSW
19    67.5   081.0   16:09    55.4   07:03     00.0     02.6   00.00   02.0     14.9    13:51     SSW
20    67.1   080.0   14:36    57.4   08:15     00.0     02.1   00.23   02.3     31.1    08:29      SE
21    65.7   070.7   11:48    54.7   00:00     00.0     00.8   00.11   04.4     26.4    20:57      W 
22    52.3   061.5   16:17    43.3   00:00     12.6     00.0   00.00   04.4     25.3    09:26      NW
23    52.6   064.2   12:15    39.4   05:42     12.4     00.0   00.00   03.0     21.9    10:45      SE
24    54.1   056.8   17:41    49.8   05:11     10.8     00.0   00.10   01.8     10.3    11:40      SE
25    56.4   064.9   16:25    51.0   00:00     08.6     00.0   00.04   03.5     25.3    20:00     WNW
26    53.0   058.5   16:23    46.6   00:00     11.9     00.0   00.00   05.1     27.6    14:35     WNW
27    47.8   053.8   15:51    41.9   06:50     17.1     00.0   00.00   05.1     25.3    12:03     NNW
28    45.5   056.3   16:02    36.7   06:40     19.4     00.0   00.00   03.4     20.7    10:26     NNE
29    48.4   063.3   16:49    33.6   06:43     16.5     00.0   00.00   02.6     16.1    12:34      SE
30    52.6   069.8   16:53    38.1   07:17     12.3     00.0   00.00   01.9     10.3    18:41     ESE
--------------------------------------------------------------------------------------------------------
62.1 (62.4)   87.4  day 01     33.6  day 29   149.6    063.9   03.67   03.2     31.1   day 20      W 
Max >  86: 1
Min <  86: 30
Max Rain: 1.23 ON 12-09-22
Days of Rain: 9 (> .008in) 7 (> .08in) 2 (> 0.8in)