NOAA-Style Climate Reports

Select a Year or Month report
2023: Jan Feb Mar Apr May Jun Jul Aug Sep Oct Nov Dec
2022: Jan Feb Mar Apr May Jun Jul Aug Sep Oct Nov Dec
2021: Jan Feb Mar Apr May Jun Jul Aug Sep Oct Nov Dec
2020: Jan Feb Mar Apr May Jun Jul Aug Sep Oct Nov Dec
2019: Jan Feb Mar Apr May Jun Jul Aug Sep Oct Nov Dec
2018: Jan Feb Mar Apr May Jun Jul Aug Sep Oct Nov Dec
2017: Jan Feb Mar Apr May Jun Jul Aug Sep Oct Nov Dec
2016: Jan Feb Mar Apr May Jun Jul Aug Sep Oct Nov Dec
2015: Jan Feb Mar Apr May Jun Jul Aug Sep Oct Nov Dec
2014: Jan Feb Mar Apr May Jun Jul Aug Sep Oct Nov Dec
2013: Jan Feb Mar Apr May Jun Jul Aug Sep Oct Nov Dec
2012: Jan Feb Mar Apr May Jun Jul Aug Sep Oct Nov Dec
2011: Jan Feb Mar Apr May Jun Jul Aug Sep Oct Nov Dec
2010: Jan Feb Mar Apr May Jun Jul Aug Sep Oct Nov Dec
2009: Jan Feb Mar Apr May Jun Jul Aug Sep Oct Nov Dec
2008: Jan Feb Mar Apr May Jun Jul Aug Sep Oct Nov Dec
2007: Jan Feb Mar Apr May Jun Jul Aug Sep Oct Nov Dec
2006: Jan Feb Mar Apr May Jun Jul Aug Sep Oct Nov Dec
2005: Jan Feb Mar Apr May Jun Jul Aug Sep Oct Nov Dec
2004: Jan Feb Mar Apr May Jun Jul Aug Sep Oct Nov Dec

Report for 2022 October

Daily NOAA report



                            MONTHLY CLIMATOLOGICAL SUMMARY for OCT. 2022

NAME:    CITY:  STATE: 
ELEV:  LAT:  LONG: 

                            TEMPERATURE ( °F), RAIN (in.), WIND SPEED (mph)

                                               HEAT     COOL           AVG
      MEAN                                     DEG      DEG            WIND                       DOM
DAY   TEMP    HIGH   TIME     LOW    TIME      DAYS     DAYS    RAIN   SPEED    HIGH    TIME      DIR
--------------------------------------------------------------------------------------------------------
01    53.9   070.2   14:25    39.7   06:43     11.0     00.0   00.00   02.2     14.9    14:44      NE
02    55.6   062.8   12:40    43.2   00:00     09.4     00.0   00.00   02.9     19.6    13:33     NNE
03    52.5   069.6   16:39    37.0   07:22     12.4     00.0   00.00   02.2     13.8    13:54     SSE
04    58.4   074.3   13:57    47.1   03:22     06.6     00.0   00.00   02.4     13.8    15:22      S 
05    61.4   076.3   16:03    49.3   04:45     03.6     00.0   00.00   02.5     14.9    14:47      S 
06    54.5   062.4   14:24    41.2   00:00     10.5     00.0   00.08   05.3     28.8    20:38      N 
07    42.1   050.0   17:13    37.0   07:40     22.9     00.0   00.00   04.3     27.6    09:01     NNW
08    45.5   057.7   15:39    32.0   05:49     19.4     00.0   00.00   05.0     28.8    13:21     SSW
09    48.9   063.0   15:45    39.4   07:30     16.0     00.0   00.00   02.4     11.5    17:51      E 
10    49.4   064.9   15:10    37.4   06:30     15.5     00.0   00.00   02.7     16.1    16:56     ESE
11    60.7   079.0   13:37    43.7   03:39     04.3     00.0   00.00   04.5     31.1    17:16      S 
12    55.9   064.0   10:15    45.9   00:00     09.0     00.0   00.36   05.8     38.0    11:34      S 
13    42.1   046.4   10:54    39.0   00:00     22.8     00.0   00.07   04.3     29.9    13:48      SW
14    37.1   040.8   11:25    33.6   00:00     27.8     00.0   00.07   03.5     21.9    11:47      S 
15    39.2   050.4   20:38    30.6   03:39     25.7     00.0   00.00   03.7     20.7    09:35     SSW
16    41.9   048.0   15:17    34.9   04:49     23.0     00.0   00.03   03.3     28.8    23:31     WSW
17    38.0   043.3   13:49    33.1   04:04     27.0     00.0   00.11   08.2     46.0    13:23      NW
18    37.5   041.5   13:37    33.3   07:16     27.4     00.0   00.00   09.6     46.0    12:24      NW
19    37.1   048.2   15:13    29.7   06:15     27.8     00.0   00.00   03.9     20.7    16:15      W 
20    43.4   055.0   15:10    34.5   00:31     21.6     00.0   00.00   03.5     14.9    05:14     SSE
21    55.1   073.8   16:17    40.8   02:01     09.8     00.0   00.00   04.4     29.9    11:57      S 
23    55.9   068.7   14:07    40.1   07:08     09.1     00.0   00.06   04.7     27.6    16:17     ESE
24    63.3   071.6   12:23    57.4   07:38     01.6     00.0   00.16   06.0     24.1    04:57     ESE
25    51.2   066.4   03:14    42.8   00:00     13.8     00.0   00.37   03.7     28.8    03:11      SW
26    42.4   049.8   15:41    31.5   23:57     22.5     00.0   00.00   04.1     33.4    13:21      NW
27    41.0   057.2   14:31    27.3   05:23     23.9     00.0   00.00   03.1     17.3    15:52     ESE
28    47.9   060.1   15:45    41.2   23:38     17.1     00.0   00.00   02.9     16.1    10:10      SE
29    49.0   063.9   15:54    38.3   07:50     15.9     00.0   00.00   03.3     17.3    13:57     SSE
30    49.1   064.0   15:17    38.1   05:39     15.8     00.0   00.00   01.6     08.1    14:29     ESE
31    52.1   066.6   15:40    39.2   07:34     12.9     00.0   00.00   02.1     12.7    15:31     SSE
--------------------------------------------------------------------------------------------------------
48.7 (49.5)   79.0  day 11     27.3  day 27   486.1    000.0   01.30   03.9     46.0   day 12      S 
Min  .008in) 4 (> .08in) 0 (> 0.8in)