NOAA-Style Climate Reports

Select a Year or Month report
2023: Jan Feb Mar Apr May Jun Jul Aug Sep Oct Nov Dec
2022: Jan Feb Mar Apr May Jun Jul Aug Sep Oct Nov Dec
2021: Jan Feb Mar Apr May Jun Jul Aug Sep Oct Nov Dec
2020: Jan Feb Mar Apr May Jun Jul Aug Sep Oct Nov Dec
2019: Jan Feb Mar Apr May Jun Jul Aug Sep Oct Nov Dec
2018: Jan Feb Mar Apr May Jun Jul Aug Sep Oct Nov Dec
2017: Jan Feb Mar Apr May Jun Jul Aug Sep Oct Nov Dec
2016: Jan Feb Mar Apr May Jun Jul Aug Sep Oct Nov Dec
2015: Jan Feb Mar Apr May Jun Jul Aug Sep Oct Nov Dec
2014: Jan Feb Mar Apr May Jun Jul Aug Sep Oct Nov Dec
2013: Jan Feb Mar Apr May Jun Jul Aug Sep Oct Nov Dec
2012: Jan Feb Mar Apr May Jun Jul Aug Sep Oct Nov Dec
2011: Jan Feb Mar Apr May Jun Jul Aug Sep Oct Nov Dec
2010: Jan Feb Mar Apr May Jun Jul Aug Sep Oct Nov Dec
2009: Jan Feb Mar Apr May Jun Jul Aug Sep Oct Nov Dec
2008: Jan Feb Mar Apr May Jun Jul Aug Sep Oct Nov Dec
2007: Jan Feb Mar Apr May Jun Jul Aug Sep Oct Nov Dec
2006: Jan Feb Mar Apr May Jun Jul Aug Sep Oct Nov Dec
2005: Jan Feb Mar Apr May Jun Jul Aug Sep Oct Nov Dec
2004: Jan Feb Mar Apr May Jun Jul Aug Sep Oct Nov Dec

Report for 2022 November

Daily NOAA report



                            MONTHLY CLIMATOLOGICAL SUMMARY for NOV. 2022

NAME:    CITY:  STATE: 
ELEV:  LAT:  LONG: 

                            TEMPERATURE ( °F), RAIN (in.), WIND SPEED (mph)

                                               HEAT     COOL           AVG
      MEAN                                     DEG      DEG            WIND                       DOM
DAY   TEMP    HIGH   TIME     LOW    TIME      DAYS     DAYS    RAIN   SPEED    HIGH    TIME      DIR
--------------------------------------------------------------------------------------------------------
01    54.3   070.0   15:54    42.8   07:43     10.7     00.0   00.00   03.2     17.3    14:10     SSE
02    58.0   074.3   14:51    45.1   06:45     07.0     00.0   00.00   03.9     23.0    14:16      SE
03    61.9   071.2   15:51    53.8   07:23     03.0     00.0   00.00   06.0     34.5    13:26     SSE
04    58.8   065.8   11:16    46.0   23:47     06.2     00.0   01.14   06.6     28.8    08:44      S 
05    47.2   059.5   15:25    43.5   04:23     17.7     00.0   00.91   07.8     41.4    16:55      S 
06    48.2   056.5   14:53    41.0   02:07     16.8     00.0   00.00   08.3     35.6    08:41     SSW
07    40.6   045.3   14:25    34.5   07:14     24.4     00.0   00.00   05.7     25.3    09:37      W 
08    42.2   048.7   13:03    37.6   20:41     22.8     00.0   00.00   05.3     24.1    22:38      E 
09    55.9   064.6   23:10    46.4   02:48     09.1     00.0   00.00   06.0     28.8    13:05     SSE
10    65.6   071.6   12:15    51.2   00:00     00.0     00.7   00.28   07.9     28.8    19:33      S 
11    35.8   051.1   00:02    30.7   23:31     29.1     00.0   00.09   07.4     31.1    17:09      W 
12    31.9   035.1   14:58    28.2   00:00     33.0     00.0   00.00   06.8     32.2    19:53      NW
13    30.1   033.4   14:24    26.4   07:15     34.8     00.0   00.00   04.8     32.2    03:53     WNW
14    29.9   035.6   12:10    19.9   07:06     35.1     00.0   00.00   02.9     16.1    12:12      E 
15    32.0   032.9   16:14    31.1   03:20     33.0     00.0   00.06   04.1     17.3    00:38      NE
16    30.7   034.2   12:39    27.3   07:52     34.3     00.0   00.03   04.7     25.3    12:14     NNW
17    26.8   029.9   00:01    22.6   00:00     38.2     00.0   00.00   05.6     24.1    08:42      SW
18    22.4   026.4   12:49    17.2   00:00     42.5     00.0   00.00   08.4     36.8    14:22     WSW
19    18.8   024.4   12:16    13.1   00:00     46.2     00.0   00.00   10.1     35.6    04:22     WSW
20    18.4   030.4   23:56    09.7   05:45     46.5     00.0   00.00   06.4     28.8    23:31     SSW
21    30.9   037.8   14:55    20.3   00:00     34.0     00.0   00.00   07.0     29.9    02:25      SW
22    27.6   037.8   15:36    18.3   01:42     37.3     00.0   00.00   03.1     19.6    14:46      S 
23    32.9   051.4   14:39    19.4   07:08     32.0     00.0   00.00   01.8     08.1    15:32      E 
24    42.3   050.0   13:09    32.5   00:25     22.7     00.0   00.00   04.8     27.6    19:34     SSW
25    38.2   048.6   15:27    29.6   07:07     26.7     00.0   00.00   04.9     19.6    22:15     SSW
26    42.5   053.6   14:09    36.0   06:12     22.4     00.0   00.00   09.1     32.2    14:02      S 
27    37.3   041.7   15:20    26.1   00:00     27.7     00.0   00.00   06.0     28.8    13:06      N 
28    33.4   042.8   14:39    20.8   06:11     31.5     00.0   00.00   05.2     24.1    12:43      SE
29    42.0   049.5   19:49    31.8   00:00     23.0     00.0   00.02   10.8     38.0    13:11      SE
30    25.5   031.8   00:02    23.7   03:51     39.5     00.0   00.00   11.1     35.6    00:28     WSW
--------------------------------------------------------------------------------------------------------
38.7 (38.9)   74.3  day 02     09.7  day 20   786.9    000.7   02.52   06.2     41.4   day 29     SSW
Max  0.8in)