NOAA-Style Climate Reports

Select a Year or Month report
2023: Jan Feb Mar Apr May Jun Jul Aug Sep Oct Nov Dec
2022: Jan Feb Mar Apr May Jun Jul Aug Sep Oct Nov Dec
2021: Jan Feb Mar Apr May Jun Jul Aug Sep Oct Nov Dec
2020: Jan Feb Mar Apr May Jun Jul Aug Sep Oct Nov Dec
2019: Jan Feb Mar Apr May Jun Jul Aug Sep Oct Nov Dec
2018: Jan Feb Mar Apr May Jun Jul Aug Sep Oct Nov Dec
2017: Jan Feb Mar Apr May Jun Jul Aug Sep Oct Nov Dec
2016: Jan Feb Mar Apr May Jun Jul Aug Sep Oct Nov Dec
2015: Jan Feb Mar Apr May Jun Jul Aug Sep Oct Nov Dec
2014: Jan Feb Mar Apr May Jun Jul Aug Sep Oct Nov Dec
2013: Jan Feb Mar Apr May Jun Jul Aug Sep Oct Nov Dec
2012: Jan Feb Mar Apr May Jun Jul Aug Sep Oct Nov Dec
2011: Jan Feb Mar Apr May Jun Jul Aug Sep Oct Nov Dec
2010: Jan Feb Mar Apr May Jun Jul Aug Sep Oct Nov Dec
2009: Jan Feb Mar Apr May Jun Jul Aug Sep Oct Nov Dec
2008: Jan Feb Mar Apr May Jun Jul Aug Sep Oct Nov Dec
2007: Jan Feb Mar Apr May Jun Jul Aug Sep Oct Nov Dec
2006: Jan Feb Mar Apr May Jun Jul Aug Sep Oct Nov Dec
2005: Jan Feb Mar Apr May Jun Jul Aug Sep Oct Nov Dec
2004: Jan Feb Mar Apr May Jun Jul Aug Sep Oct Nov Dec

Report for 2023 January

Daily NOAA report



                            MONTHLY CLIMATOLOGICAL SUMMARY for JAN. 2023

NAME:    CITY:  STATE: 
ELEV:  LAT:  LONG: 

                            TEMPERATURE ( °F), RAIN (in.), WIND SPEED (mph)

                                               HEAT     COOL           AVG
      MEAN                                     DEG      DEG            WIND                       DOM
DAY   TEMP    HIGH   TIME     LOW    TIME      DAYS     DAYS    RAIN   SPEED    HIGH    TIME      DIR
--------------------------------------------------------------------------------------------------------
01    34.8   040.6   15:19    30.9   23:52     30.1     00.0   00.00   04.1     19.6    11:55     SSE
02    31.9   034.0   13:03    29.8   01:50     33.0     00.0   00.00   02.7     13.8    23:59     NNE
03    33.0   036.1   19:00    31.1   05:29     31.9     00.0   00.22   07.2     28.8    12:56     NNE
04    35.8   038.7   11:01    32.0   00:00     29.1     00.0   00.07   04.1     14.9    05:42      E 
05    31.0   032.5   00:34    29.3   00:00     34.0     00.0   00.09   02.6     28.8    16:00      NE
06    27.4   029.5   11:35    21.2   23:57     37.5     00.0   00.00   03.4     14.9    20:55     WNW
07    22.2   025.9   14:04    16.9   06:49     42.7     00.0   00.00   02.7     16.1    23:43     ESE
08    20.7   023.7   15:11    17.4   09:25     44.2     00.0   00.00   05.8     20.7    22:54     SSW
09    24.4   033.8   15:04    18.1   07:48     40.5     00.0   00.00   04.8     20.7    01:02      S 
10    35.4   037.8   21:24    28.2   00:01     29.5     00.0   00.02   06.1     24.1    23:15      E 
11    34.1   037.6   00:09    31.1   07:44     30.8     00.0   00.06   03.5     16.1    00:07     ESE
12    34.0   039.4   12:56    29.3   00:00     30.9     00.0   00.00   06.0     31.1    23:39     NNW
13    25.7   029.3   00:09    23.0   00:00     39.2     00.0   00.00   07.2     32.2    03:08     NNW
14    24.3   027.7   15:25    21.7   09:08     40.6     00.0   00.00   04.5     20.7    13:42     SSE
15    33.2   042.3   14:14    25.7   04:12     31.8     00.0   00.00   07.5     29.9    13:06     ESE
16    38.0   039.9   23:28    36.9   12:55     27.0     00.0   00.26   07.9     25.3    11:48     ESE
17    37.1   041.0   03:22    34.9   23:59     27.8     00.0   00.09   03.9     18.4    14:11     WSW
18    32.3   035.1   00:01    30.4   21:30     32.7     00.0   00.00   05.2     23.0    21:18     NNE
19    31.7   033.8   11:48    29.5   22:13     33.3     00.0   00.28   05.0     21.9    01:53      N 
20    27.0   030.4   03:38    19.2   23:37     38.0     00.0   00.00   05.3     23.0    09:53      W 
21    24.1   028.0   14:22    19.4   00:06     40.8     00.0   00.00   05.2     21.9    12:22     SSW
22    18.9   021.6   00:11    17.8   17:59     46.0     00.0   00.00   03.9     16.1    16:49      NW
23    23.2   030.7   18:48    17.4   05:34     41.7     00.0   00.00   07.3     33.4    19:24      SW
24    29.2   035.8   14:31    24.6   01:01     35.7     00.0   00.00   04.5     20.7    05:24      S 
25    28.4   031.8   14:09    23.5   02:37     36.5     00.0   00.00   03.9     17.3    16:20     NNE
26    25.8   028.4   02:45    20.1   00:00     39.1     00.0   00.00   04.3     19.6    10:07     WNW
27    22.5   030.6   16:42    12.0   03:27     42.4     00.0   00.00   08.9     34.5    17:00     SSW
--------------------------------------------------------------------------------------------------------
29.1 (29.0)   42.3  day 15     12.0  day 27   967.1    000.0   01.09   05.1     34.5   day 27     ESE
Max