NOAA-Style Climate Reports

Select a Year or Month report
2024: Jan Feb Mar Apr May Jun Jul Aug Sep Oct Nov Dec
2023: Jan Feb Mar Apr May Jun Jul Aug Sep Oct Nov Dec
2022: Jan Feb Mar Apr May Jun Jul Aug Sep Oct Nov Dec
2021: Jan Feb Mar Apr May Jun Jul Aug Sep Oct Nov Dec
2020: Jan Feb Mar Apr May Jun Jul Aug Sep Oct Nov Dec
2019: Jan Feb Mar Apr May Jun Jul Aug Sep Oct Nov Dec
2018: Jan Feb Mar Apr May Jun Jul Aug Sep Oct Nov Dec
2017: Jan Feb Mar Apr May Jun Jul Aug Sep Oct Nov Dec
2016: Jan Feb Mar Apr May Jun Jul Aug Sep Oct Nov Dec
2015: Jan Feb Mar Apr May Jun Jul Aug Sep Oct Nov Dec
2014: Jan Feb Mar Apr May Jun Jul Aug Sep Oct Nov Dec
2013: Jan Feb Mar Apr May Jun Jul Aug Sep Oct Nov Dec
2012: Jan Feb Mar Apr May Jun Jul Aug Sep Oct Nov Dec
2011: Jan Feb Mar Apr May Jun Jul Aug Sep Oct Nov Dec
2010: Jan Feb Mar Apr May Jun Jul Aug Sep Oct Nov Dec
2009: Jan Feb Mar Apr May Jun Jul Aug Sep Oct Nov Dec
2008: Jan Feb Mar Apr May Jun Jul Aug Sep Oct Nov Dec
2007: Jan Feb Mar Apr May Jun Jul Aug Sep Oct Nov Dec
2006: Jan Feb Mar Apr May Jun Jul Aug Sep Oct Nov Dec
2005: Jan Feb Mar Apr May Jun Jul Aug Sep Oct Nov Dec
2004: Jan Feb Mar Apr May Jun Jul Aug Sep Oct Nov Dec

Report for 2024 May

Daily NOAA report



                            MONTHLY CLIMATOLOGICAL SUMMARY for MAY. 2024

NAME: DePere Weather   CITY: De Pere STATE: WI
ELEV: 653 LAT: 044:43:59 LONG: 0088:05:26

                            TEMPERATURE ( °F), RAIN (in.), WIND SPEED (mph)

                                               HEAT     COOL           AVG
      MEAN                                     DEG      DEG            WIND                       DOM
DAY   TEMP    HIGH   TIME     LOW    TIME      DAYS     DAYS    RAIN   SPEED    HIGH    TIME      DIR
--------------------------------------------------------------------------------------------------------
01    58.0   065.7   17:49    48.9   00:18     07.0     00.0   00.07   05.7     33.0    11:18     WSW
02    51.4   057.6   16:25    48.6   05:51     13.5     00.0   00.20   03.7     20.0    15:01      E 
03    59.5   073.4   17:26    49.1   03:18     05.4     00.0   00.01   02.8     17.0    15:42     WSW
04    58.7   071.2   16:00    45.5   05:38     06.3     00.0   00.00   03.9     21.0    21:45     ESE
05    55.9   068.7   15:41    42.3   05:54     09.0     00.0   00.00   03.0     19.0    01:57      SE
06    58.2   070.2   15:22    43.5   05:26     06.8     00.0   00.00   03.5     17.0    16:48     ESE
07    54.1   059.2   09:51    49.8   12:29     10.8     00.0   00.32   03.7     18.0    18:24     ESE
08    59.4   073.6   15:14    50.9   00:00     05.6     00.0   00.00   03.4     18.0    02:51     ENE
09    52.8   058.3   18:48    48.0   00:00     12.2     00.0   00.00   03.9     22.0    12:42      NE
10    55.2   069.8   16:32    43.2   05:10     09.7     00.0   00.25   03.0     26.0    20:26      W 
11    54.5   067.1   18:10    45.7   05:46     10.5     00.0   00.05   03.9     23.0    15:29     NNW
12    62.9   082.4   17:40    44.1   04:46     02.0     00.0   00.00   03.9     27.0    09:36      S 
13    59.0   068.0   15:31    49.3   23:18     06.0     00.0   00.00   02.8     13.0    12:44      NE
14    52.1   061.9   16:38    41.5   05:43     12.8     00.0   00.00   03.9     19.0    12:07      NE
15    54.9   067.6   17:21    42.6   06:01     10.0     00.0   00.00   03.1     15.0    15:18      NE
16    55.0   070.3   17:37    41.9   04:54     10.0     00.0   00.79   01.9     12.0    10:15      E 
--------------------------------------------------------------------------------------------------------
56.3 (56.9)   82.4  day 12     41.5  day 14   137.5    000.0   01.70   03.5     33.0   day 01     ENE
Min <  86: 16
Max Rain: 0.79 ON 16-05-24
Days of Rain: 7 (> .008in) 4 (> .08in) 0 (> 0.8in)