NOAA-Style Climate Reports

Select a Year or Month report
2021: Jan Feb Mar Apr May Jun Jul Aug Sep Oct Nov Dec
2020: Jan Feb Mar Apr May Jun Jul Aug Sep Oct Nov Dec
2019: Jan Feb Mar Apr May Jun Jul Aug Sep Oct Nov Dec
2018: Jan Feb Mar Apr May Jun Jul Aug Sep Oct Nov Dec
2017: Jan Feb Mar Apr May Jun Jul Aug Sep Oct Nov Dec
2016: Jan Feb Mar Apr May Jun Jul Aug Sep Oct Nov Dec
2015: Jan Feb Mar Apr May Jun Jul Aug Sep Oct Nov Dec
2014: Jan Feb Mar Apr May Jun Jul Aug Sep Oct Nov Dec
2013: Jan Feb Mar Apr May Jun Jul Aug Sep Oct Nov Dec
2012: Jan Feb Mar Apr May Jun Jul Aug Sep Oct Nov Dec
2011: Jan Feb Mar Apr May Jun Jul Aug Sep Oct Nov Dec
2010: Jan Feb Mar Apr May Jun Jul Aug Sep Oct Nov Dec
2009: Jan Feb Mar Apr May Jun Jul Aug Sep Oct Nov Dec
2008: Jan Feb Mar Apr May Jun Jul Aug Sep Oct Nov Dec
2007: Jan Feb Mar Apr May Jun Jul Aug Sep Oct Nov Dec
2006: Jan Feb Mar Apr May Jun Jul Aug Sep Oct Nov Dec
2005: Jan Feb Mar Apr May Jun Jul Aug Sep Oct Nov Dec
2004: Jan Feb Mar Apr May Jun Jul Aug Sep Oct Nov Dec

Report for 2021 January

Daily NOAA report



                            MONTHLY CLIMATOLOGICAL SUMMARY for JAN. 2021

NAME:    CITY:  STATE: 
ELEV:  LAT:  LONG: 

                            TEMPERATURE ( °F), RAIN (in.), WIND SPEED (mph)

                                               HEAT     COOL           AVG
      MEAN                                     DEG      DEG            WIND                       DOM
DAY   TEMP    HIGH   TIME     LOW    TIME      DAYS     DAYS    RAIN   SPEED    HIGH    TIME      DIR
--------------------------------------------------------------------------------------------------------
01    20.0   025.7   15:34    12.2   00:44     44.9     00.0   00.00   01.7     21.9    16:13      N 
02    22.7   025.7   13:43    16.2   05:35     42.2     00.0   00.00   02.0     13.8    17:15      SW
03    21.2   022.5   16:38    19.2   08:35     43.7     00.0   00.00   02.9     13.8    14:20      SW
04    23.2   027.3   23:59    19.6   01:07     41.7     00.0   00.00   03.1     13.8    15:31      SW
05    30.4   036.5   12:20    26.8   23:56     34.5     00.0   00.03   02.2     12.7    10:28     WSW
06    26.3   028.4   16:49    24.4   09:19     38.6     00.0   00.00   00.1     05.8    00:14      SW
07    28.4   033.8   14:21    22.3   07:13     36.5     00.0   00.00   01.0     11.5    14:43      N 
08    29.2   030.9   00:11    27.5   21:48     35.8     00.0   00.00   02.1     13.8    12:10      N 
09    26.2   030.4   13:04    19.4   22:31     38.8     00.0   00.00   01.8     10.3    14:49      W 
10    22.2   024.1   12:11    20.7   00:00     42.8     00.0   00.00   02.7     16.1    23:59     WSW
11    25.9   031.6   22:54    19.6   03:28     39.0     00.0   00.00   05.0     19.6    07:04      SW
12    30.9   034.0   12:42    26.4   00:00     34.0     00.0   00.01   02.9     11.5    22:05     SSW
13    30.4   038.1   13:17    24.4   00:00     34.5     00.0   00.02   02.4     12.7    11:33      SW
14    31.9   040.6   13:02    21.6   03:09     33.0     00.0   00.09   01.9     16.1    22:39      E 
15    34.3   037.2   12:26    32.7   02:47     30.6     00.0   00.33   02.9     21.9    21:54     NNE
16    33.5   036.0   13:39    30.7   23:59     31.5     00.0   00.06   03.7     16.1    15:46      NW
17    29.7   032.0   15:28    27.1   08:02     35.2     00.0   00.00   02.7     11.5    13:18      NW
18    26.2   028.9   14:41    19.8   00:00     38.8     00.0   00.01   03.5     19.6    17:57      W 
19    19.0   023.5   15:20    12.2   00:00     45.9     00.0   00.00   04.7     19.6    05:14     WNW
20    17.9   032.7   00:00    07.9   06:23     47.1     00.0   00.00   05.7     28.8    18:59     SSW
21    31.3   037.0   13:29    17.4   00:00     33.6     00.0   00.00   07.0     33.4    12:35      W 
22    14.6   018.5   15:12    12.4   08:36     50.4     00.0   00.00   05.1     25.3    04:16     WNW
23    16.0   023.4   14:22    07.7   07:32     49.0     00.0   00.00   01.9     13.8    13:47      SW
24    24.3   031.1   14:32    12.4   23:50     40.7     00.0   00.06   01.7     12.7    11:47      SW
25    15.9   021.7   20:17    05.7   07:47     49.0     00.0   00.00   03.3     21.9    21:59     NNE
26    20.9   025.7   15:33    14.4   00:00     44.0     00.0   00.00   05.0     33.4    04:09      N 
27    14.5   020.1   16:00    10.2   04:30     50.5     00.0   00.00   01.6     14.9    13:15      N 
28    11.0   019.0   15:01   -00.9   07:24     53.9     00.0   00.00   01.1     11.5    11:42     WSW
29    19.8   028.8   14:45    06.8   07:27     45.1     00.0   00.00   00.9     08.1    15:26      SE
30    30.1   033.6   13:43    27.0   04:43     34.9     00.0   00.00   03.7     19.6    17:27      E 
31    27.4   032.2   12:51    22.6   22:48     37.5     00.0   00.04   03.7     25.3    15:41      NE
--------------------------------------------------------------------------------------------------------
24.4 (23.8)   40.6  day 14    -00.9  day 28   1257.8    000.0   00.65   02.9     33.4   day 21      W 
Max